{"id":9494,"date":"2020-10-19T00:36:42","date_gmt":"2020-10-19T00:36:42","guid":{"rendered":"http:\/\/www.aeemt.com\/web\/?page_id=9494"},"modified":"2020-10-19T00:36:42","modified_gmt":"2020-10-19T00:36:42","slug":"original-5-mdt-vol29-n2-resumen","status":"publish","type":"page","link":"https:\/\/www.aeemt.org\/web\/original-5-mdt-vol29-n2-resumen\/","title":{"rendered":"Original 5 MDT VOL29 N2 Resumen"},"content":{"rendered":"<p>[vc_row rt_row_background_width=\u00bbdefault\u00bb rt_row_style=\u00bbdefault-style\u00bb rt_row_borders=\u00bb\u00bb rt_row_paddings=\u00bbtrue\u00bb rt_bg_effect=\u00bbclassic\u00bb rt_bg_image_repeat=\u00bbrepeat\u00bb rt_bg_size=\u00bbcover\u00bb rt_bg_position=\u00bbright top\u00bb rt_bg_attachment=\u00bbscroll\u00bb rt_bg_video_format=\u00bbself-hosted\u00bb][vc_column rt_wrp_col_paddings=\u00bbfalse\u00bb rt_border_top=\u00bb\u00bb rt_border_bottom=\u00bb\u00bb rt_border_left=\u00bb\u00bb rt_border_right=\u00bb\u00bb rt_border_top_mobile=\u00bb\u00bb rt_border_bottom_mobile=\u00bb\u00bb rt_border_left_mobile=\u00bb\u00bb rt_border_right_mobile=\u00bb\u00bb rt_bg_image_repeat=\u00bbrepeat\u00bb rt_bg_size=\u00bbauto auto\u00bb rt_bg_position=\u00bbright top\u00bb rt_bg_attachment=\u00bbscroll\u00bb]<div class=\"rt_heading_wrapper \">\n\t\t\t\t\t\t<h2 class=\"rt_heading  \" >Disonancias en las im\u00e1genes transmitidas por los medios de comunicaci\u00f3n en los brotes epid\u00e9micos a prop\u00f3sito de los Equipos de Protecci\u00f3n Individual (EPIs).<\/h2>\n\t\t\t\t\t<\/div>[\/vc_column][\/vc_row][vc_row rt_row_background_width=\u00bbdefault\u00bb rt_row_style=\u00bbdefault-style\u00bb rt_row_borders=\u00bb\u00bb rt_row_paddings=\u00bbtrue\u00bb rt_bg_effect=\u00bbclassic\u00bb rt_bg_image_repeat=\u00bbrepeat\u00bb rt_bg_size=\u00bbcover\u00bb rt_bg_position=\u00bbright top\u00bb rt_bg_attachment=\u00bbscroll\u00bb rt_bg_video_format=\u00bbself-hosted\u00bb][vc_column rt_wrp_col_paddings=\u00bbfalse\u00bb rt_border_top=\u00bb\u00bb rt_border_bottom=\u00bb\u00bb rt_border_left=\u00bb\u00bb rt_border_right=\u00bb\u00bb rt_border_top_mobile=\u00bb\u00bb rt_border_bottom_mobile=\u00bb\u00bb rt_border_left_mobile=\u00bb\u00bb rt_border_right_mobile=\u00bb\u00bb rt_bg_image_repeat=\u00bbrepeat\u00bb rt_bg_size=\u00bbauto auto\u00bb rt_bg_position=\u00bbright top\u00bb rt_bg_attachment=\u00bbscroll\u00bb][vc_column_text]<\/p>\n<h3 style=\"text-align: justify;\"><img loading=\"lazy\" decoding=\"async\" id=\"cabecero\" src=\"http:\/\/www.aeemt.com\/Revista_AEEMT_NF\/imagenes\/Revista_AEEMT_Cabecero.png\" alt=\"cabecero_AEEMT\" width=\"934\" height=\"301\" name=\"cabecero\" border=\"0\" \/><\/h3>\n<p style=\"text-align: justify;\">N\u00famero de la Revista: Vol. 29 &#8211; n\u00ba 02 &#8211;\u00a0junio 2020<\/p>\n<p><strong>Secci\u00f3n:<\/strong> \u00a0Original<br \/>\n<strong>T\u00edtulo:<\/strong>\u00a0 Disonancias en las im\u00e1genes transmitidas por los medios de comunicaci\u00f3n en los brotes epid\u00e9micos a prop\u00f3sito de los Equipos de Protecci\u00f3n Individual (EPIs).<\/p>\n<p style=\"text-align: justify;\"><strong>Autores:<\/strong><\/p>\n<p><em><strong>Jes\u00fas Mateos Rodr\u00edguez(1)<\/strong><\/em><br \/>\n1 Doctor en Medicina. M\u00e9dico Especialista en Medicina del Trabajo. Jefe de la Unidad de Prevenci\u00f3n de Riesgos Laborales. Complejo Hospitalario Universitario de C\u00e1ceres. Servicio Extreme\u00f1o de Salud.<\/p>\n<p><strong>Correspondencia:<\/strong><\/p>\n<p><em><strong>Dr. Jes\u00fas Mateos Rodr\u00edguez<\/strong><\/em><br \/>\nDirecci\u00f3n: Hospital Universitario San Pedro de Alc\u00e1ntara<br \/>\nServicio de Prevenci\u00f3n de Riesgos Laborales<br \/>\nAvenida de Pablo Naranjo s\/n. 10003 C\u00e1ceres<br \/>\nTel\u00e9fono: 927 256819<br \/>\nCorreo electr\u00f3nico: <a href=\"mailto:jesus.mateosr@salud-juntaex.es\" target=\"_blank\" rel=\"noopener noreferrer\">jesus.mateosr@salud-juntaex.es<\/a><\/p>\n<p style=\"text-align: justify;\"><strong>Palabras Clave<\/strong>: Disonancias; im\u00e1genes en los medios; brotes epid\u00e9micos; EPIs.<br \/>\n<strong>Keywords<\/strong>: Dissonances; media images; epidemic outbreaks; PPE.<\/p>\n<p style=\"text-align: justify;\"><strong>Cita Art\u00edculo<\/strong>: Jes\u00fas Mateos Rodr\u00edguez. Disonancias en las im\u00e1genes transmitidas por los medios de comunicaci\u00f3n en los brotes epid\u00e9micos a prop\u00f3sito de los equipos de protecci\u00f3n Indivi\u00acdual (EPIs). Rev Asoc Esp Espec Med Trab 2020; 29: 35-44<\/p>\n<p style=\"text-align: justify;\">Acceso al PDF: <div class=\"button_wrapper \"><a  href=\"http:\/\/www.aeemt.com\/Revista_AEEMT_NF\/VOL_29_N02_2020_JUN\/NO%20SOCIOS\/Original_5%20NO%20SOCIOS.pdf\" target=\"_blank\" title=\"Disonancias en las im\u00e1genes transmitidas por los medios de comunicaci\u00f3n en los brotes epid\u00e9micos a prop\u00f3sito de los Equipos de Protecci\u00f3n Individual (EPIs).\" class=\"button_  default medium\"><strong>PDF del Resumen<\/strong><\/a><\/div>\n<p style=\"text-align: justify;\"><strong>RESUMEN.<\/strong><\/p>\n<p style=\"text-align: justify;\"><strong>Objetivos:<\/strong> Subrayar c\u00f3mo las im\u00e1genes difundidas por los medios de comunicaci\u00f3n para ilustrar noticias sobre brotes epid\u00e9micos, pueden contribuir a la confusi\u00f3n en cuanto a los EPIs que se deben utilizar para las diferentes actividades y a la forma de su utilizaci\u00f3n.<\/p>\n<p style=\"text-align: justify;\"><strong>Material y M\u00e9todos:<\/strong> Se analizan im\u00e1genes que ilustraban noticias sobre el brote de coronavirus aparecidas en diferentes medios de comunicaci\u00f3n y se destacan las que hemos denominado disonancias en cuanto a los EPIs utilizados y a su forma de utilizaci\u00f3n.<\/p>\n<p style=\"text-align: justify;\"><strong>Resultados y discusi\u00f3n:<\/strong> Se observan diferencias en los EPIs utilizados y en la forma de colocaci\u00f3n de los mismos en las referidas im\u00e1genes. Lo que puede contribuir al equ\u00edvoco y a la inseguridad de los profesionales sanitarios que han de utilizarlos.<\/p>\n<p style=\"text-align: justify;\"><strong>Conclusiones:<\/strong> Ser\u00eda muy \u00fatil unificar y estandarizar equipos para las diferentes tareas as\u00ed como los protocolos de colocaci\u00f3n y retirada, con el debido entrenamiento de los profesionales.<\/p>\n<p style=\"text-align: justify;\"><strong>Title:\u00a0<\/strong><\/p>\n<p style=\"text-align: left;\"><strong>DISSONANCES IN THE IMAGES TRANSMITTED BY THE MEDIA IN EPIDEMIC OUTBREAKS ABOUT OF PERSONAL PROTECTIVE EQUIPMENT (PPE)<\/strong><\/p>\n<p><strong style=\"text-align: justify;\">Abstract:<\/strong><\/p>\n<p style=\"text-align: justify;\"><strong>Objectives:<\/strong> To underline how the images disseminated by the media to illustrate news on outbreaks, can contribute to confusion regarding the PPE to be used for the different activities and the way in which they are used.<\/p>\n<p style=\"text-align: justify;\"><strong>Material and Methods:<\/strong> Images that illustrate news about the coronavirus outbreak that appeared in different media are analyzed, and those that we have called dissonances in terms of the PPE used and how they are used are highlighted.<\/p>\n<p style=\"text-align: justify;\"><strong>Results and Discussion:<\/strong> Differences are observed in the PPE used and in the way they are placed in the referred images. This can contribute to the misunderstanding and insecurity of the health professionals who have to use them.<\/p>\n<p style=\"text-align: justify;\"><strong>Conclusions:<\/strong> It would be very useful to unify and standardize equipment for different tasks as well as placement and removal protocols, with the proper training of professionals.<\/p>\n<p>[\/vc_column_text][\/vc_column][\/vc_row]<\/p>\n","protected":false},"excerpt":{"rendered":"<p>[vc_row rt_row_background_width=\u00bbdefault\u00bb rt_row_style=\u00bbdefault-style\u00bb rt_row_borders=\u00bb\u00bb rt_row_paddings=\u00bbtrue\u00bb rt_bg_effect=\u00bbclassic\u00bb rt_bg_image_repeat=\u00bbrepeat\u00bb rt_bg_size=\u00bbcover\u00bb rt_bg_position=\u00bbright top\u00bb rt_bg_attachment=\u00bbscroll\u00bb rt_bg_video_format=\u00bbself-hosted\u00bb][vc_column rt_wrp_col_paddings=\u00bbfalse\u00bb rt_border_top=\u00bb\u00bb rt_border_bottom=\u00bb\u00bb rt_border_left=\u00bb\u00bb rt_border_right=\u00bb\u00bb rt_border_top_mobile=\u00bb\u00bb rt_border_bottom_mobile=\u00bb\u00bb rt_border_left_mobile=\u00bb\u00bb rt_border_right_mobile=\u00bb\u00bb rt_bg_image_repeat=\u00bbrepeat\u00bb rt_bg_size=\u00bbauto auto\u00bb rt_bg_position=\u00bbright top\u00bb rt_bg_attachment=\u00bbscroll\u00bb][\/vc_column][\/vc_row][vc_row rt_row_background_width=\u00bbdefault\u00bb rt_row_style=\u00bbdefault-style\u00bb rt_row_borders=\u00bb\u00bb [&hellip;]<\/p>\n","protected":false},"author":1,"featured_media":0,"parent":0,"menu_order":0,"comment_status":"closed","ping_status":"closed","template":"","meta":{"footnotes":""},"class_list":["post-9494","page","type-page","status-publish","hentry"],"_links":{"self":[{"href":"https:\/\/www.aeemt.org\/web\/wp-json\/wp\/v2\/pages\/9494"}],"collection":[{"href":"https:\/\/www.aeemt.org\/web\/wp-json\/wp\/v2\/pages"}],"about":[{"href":"https:\/\/www.aeemt.org\/web\/wp-json\/wp\/v2\/types\/page"}],"author":[{"embeddable":true,"href":"https:\/\/www.aeemt.org\/web\/wp-json\/wp\/v2\/users\/1"}],"replies":[{"embeddable":true,"href":"https:\/\/www.aeemt.org\/web\/wp-json\/wp\/v2\/comments?post=9494"}],"version-history":[{"count":0,"href":"https:\/\/www.aeemt.org\/web\/wp-json\/wp\/v2\/pages\/9494\/revisions"}],"wp:attachment":[{"href":"https:\/\/www.aeemt.org\/web\/wp-json\/wp\/v2\/media?parent=9494"}],"curies":[{"name":"wp","href":"https:\/\/api.w.org\/{rel}","templated":true}]}}

<p>[vc_row rt_row_background_width=»default» rt_row_style=»default-style» rt_row_borders=»» rt_row_paddings=»true» rt_bg_effect=»classic» rt_bg_image_repeat=»repeat» rt_bg_size=»cover» rt_bg_position=»right top» rt_bg_attachment=»scroll» rt_bg_video_format=»self-hosted»][vc_column rt_wrp_col_paddings=»false» rt_border_top=»» rt_border_bottom=»» rt_border_left=»» rt_border_right=»» rt_border_top_mobile=»» rt_border_bottom_mobile=»» rt_border_left_mobile=»» rt_border_right_mobile=»» rt_bg_image_repeat=»repeat» rt_bg_size=»auto auto» rt_bg_position=»right top» rt_bg_attachment=»scroll»]<div class="rt_heading_wrapper ">
						<h2 class="rt_heading  " >Disonancias en las imágenes transmitidas por los medios de comunicación en los brotes epidémicos a propósito de los Equipos de Protección Individual (EPIs).</h2>
					</div>[/vc_column][/vc_row][vc_row rt_row_background_width=»default» rt_row_style=»default-style» rt_row_borders=»» rt_row_paddings=»true» rt_bg_effect=»classic» rt_bg_image_repeat=»repeat» rt_bg_size=»cover» rt_bg_position=»right top» rt_bg_attachment=»scroll» rt_bg_video_format=»self-hosted»][vc_column rt_wrp_col_paddings=»false» rt_border_top=»» rt_border_bottom=»» rt_border_left=»» rt_border_right=»» rt_border_top_mobile=»» rt_border_bottom_mobile=»» rt_border_left_mobile=»» rt_border_right_mobile=»» rt_bg_image_repeat=»repeat» rt_bg_size=»auto auto» rt_bg_position=»right top» rt_bg_attachment=»scroll»][vc_column_text]</p>
<h3 style="text-align: justify;"><img loading="lazy" decoding="async" id="cabecero" src="http://www.aeemt.com/Revista_AEEMT_NF/imagenes/Revista_AEEMT_Cabecero.png" alt="cabecero_AEEMT" width="934" height="301" name="cabecero" border="0" /></h3>
<p style="text-align: justify;">Número de la Revista: Vol. 29 &#8211; nº 02 &#8211; junio 2020</p>
<p><strong>Sección:</strong>  Original<br />
<strong>Título:</strong>  Disonancias en las imágenes transmitidas por los medios de comunicación en los brotes epidémicos a propósito de los Equipos de Protección Individual (EPIs).</p>
<p style="text-align: justify;"><strong>Autores:</strong></p>
<p><em><strong>Jesús Mateos Rodríguez(1)</strong></em><br />
1 Doctor en Medicina. Médico Especialista en Medicina del Trabajo. Jefe de la Unidad de Prevención de Riesgos Laborales. Complejo Hospitalario Universitario de Cáceres. Servicio Extremeño de Salud.</p>
<p><strong>Correspondencia:</strong></p>
<p><em><strong>Dr. Jesús Mateos Rodríguez</strong></em><br />
Dirección: Hospital Universitario San Pedro de Alcántara<br />
Servicio de Prevención de Riesgos Laborales<br />
Avenida de Pablo Naranjo s/n. 10003 Cáceres<br />
Teléfono: 927 256819<br />
Correo electrónico: <a href="mailto:jesus.mateosr@salud-juntaex.es" target="_blank" rel="noopener noreferrer">jesus.mateosr@salud-juntaex.es</a></p>
<p style="text-align: justify;"><strong>Palabras Clave</strong>: Disonancias; imágenes en los medios; brotes epidémicos; EPIs.<br />
<strong>Keywords</strong>: Dissonances; media images; epidemic outbreaks; PPE.</p>
<p style="text-align: justify;"><strong>Cita Artículo</strong>: Jesús Mateos Rodríguez. Disonancias en las imágenes transmitidas por los medios de comunicación en los brotes epidémicos a propósito de los equipos de protección Indivi¬dual (EPIs). Rev Asoc Esp Espec Med Trab 2020; 29: 35-44</p>
<p style="text-align: justify;">Acceso al PDF: <div class="button_wrapper "><a  href="http://www.aeemt.com/Revista_AEEMT_NF/VOL_29_N02_2020_JUN/NO%20SOCIOS/Original_5%20NO%20SOCIOS.pdf" target="_blank" title="Disonancias en las imágenes transmitidas por los medios de comunicación en los brotes epidémicos a propósito de los Equipos de Protección Individual (EPIs)." class="button_  default medium"><strong>PDF del Resumen</strong></a></div>
<p style="text-align: justify;"><strong>RESUMEN.</strong></p>
<p style="text-align: justify;"><strong>Objetivos:</strong> Subrayar cómo las imágenes difundidas por los medios de comunicación para ilustrar noticias sobre brotes epidémicos, pueden contribuir a la confusión en cuanto a los EPIs que se deben utilizar para las diferentes actividades y a la forma de su utilización.</p>
<p style="text-align: justify;"><strong>Material y Métodos:</strong> Se analizan imágenes que ilustraban noticias sobre el brote de coronavirus aparecidas en diferentes medios de comunicación y se destacan las que hemos denominado disonancias en cuanto a los EPIs utilizados y a su forma de utilización.</p>
<p style="text-align: justify;"><strong>Resultados y discusión:</strong> Se observan diferencias en los EPIs utilizados y en la forma de colocación de los mismos en las referidas imágenes. Lo que puede contribuir al equívoco y a la inseguridad de los profesionales sanitarios que han de utilizarlos.</p>
<p style="text-align: justify;"><strong>Conclusiones:</strong> Sería muy útil unificar y estandarizar equipos para las diferentes tareas así como los protocolos de colocación y retirada, con el debido entrenamiento de los profesionales.</p>
<p style="text-align: justify;"><strong>Title: </strong></p>
<p style="text-align: left;"><strong>DISSONANCES IN THE IMAGES TRANSMITTED BY THE MEDIA IN EPIDEMIC OUTBREAKS ABOUT OF PERSONAL PROTECTIVE EQUIPMENT (PPE)</strong></p>
<p><strong style="text-align: justify;">Abstract:</strong></p>
<p style="text-align: justify;"><strong>Objectives:</strong> To underline how the images disseminated by the media to illustrate news on outbreaks, can contribute to confusion regarding the PPE to be used for the different activities and the way in which they are used.</p>
<p style="text-align: justify;"><strong>Material and Methods:</strong> Images that illustrate news about the coronavirus outbreak that appeared in different media are analyzed, and those that we have called dissonances in terms of the PPE used and how they are used are highlighted.</p>
<p style="text-align: justify;"><strong>Results and Discussion:</strong> Differences are observed in the PPE used and in the way they are placed in the referred images. This can contribute to the misunderstanding and insecurity of the health professionals who have to use them.</p>
<p style="text-align: justify;"><strong>Conclusions:</strong> It would be very useful to unify and standardize equipment for different tasks as well as placement and removal protocols, with the proper training of professionals.</p>
<p>[/vc_column_text][/vc_column][/vc_row]</p>
