{"id":9490,"date":"2020-10-19T00:18:32","date_gmt":"2020-10-19T00:18:32","guid":{"rendered":"http:\/\/www.aeemt.com\/web\/?page_id=9490"},"modified":"2020-10-19T00:18:32","modified_gmt":"2020-10-19T00:18:32","slug":"original-4-mdt-vol29-n2-resumen","status":"publish","type":"page","link":"https:\/\/www.aeemt.org\/web\/original-4-mdt-vol29-n2-resumen\/","title":{"rendered":"Original 4 MDT VOL29 N2 Resumen"},"content":{"rendered":"<p>[vc_row rt_row_background_width=\u00bbdefault\u00bb rt_row_style=\u00bbdefault-style\u00bb rt_row_borders=\u00bb\u00bb rt_row_paddings=\u00bbtrue\u00bb rt_bg_effect=\u00bbclassic\u00bb rt_bg_image_repeat=\u00bbrepeat\u00bb rt_bg_size=\u00bbcover\u00bb rt_bg_position=\u00bbright top\u00bb rt_bg_attachment=\u00bbscroll\u00bb rt_bg_video_format=\u00bbself-hosted\u00bb][vc_column rt_wrp_col_paddings=\u00bbfalse\u00bb rt_border_top=\u00bb\u00bb rt_border_bottom=\u00bb\u00bb rt_border_left=\u00bb\u00bb rt_border_right=\u00bb\u00bb rt_border_top_mobile=\u00bb\u00bb rt_border_bottom_mobile=\u00bb\u00bb rt_border_left_mobile=\u00bb\u00bb rt_border_right_mobile=\u00bb\u00bb rt_bg_image_repeat=\u00bbrepeat\u00bb rt_bg_size=\u00bbauto auto\u00bb rt_bg_position=\u00bbright top\u00bb rt_bg_attachment=\u00bbscroll\u00bb]<div class=\"rt_heading_wrapper \">\n\t\t\t\t\t\t<h2 class=\"rt_heading  \" >Factores que influyen en la duraci\u00f3n de la prestaci\u00f3n por riesgo durante el embarazo en las trabajadoras del \u00e1mbito sanitario. Servicio Navarro de Salud- Osasunbidea: estudio descriptivo y transversal.<\/h2>\n\t\t\t\t\t<\/div>[\/vc_column][\/vc_row][vc_row rt_row_background_width=\u00bbdefault\u00bb rt_row_style=\u00bbdefault-style\u00bb rt_row_borders=\u00bb\u00bb rt_row_paddings=\u00bbtrue\u00bb rt_bg_effect=\u00bbclassic\u00bb rt_bg_image_repeat=\u00bbrepeat\u00bb rt_bg_size=\u00bbcover\u00bb rt_bg_position=\u00bbright top\u00bb rt_bg_attachment=\u00bbscroll\u00bb rt_bg_video_format=\u00bbself-hosted\u00bb][vc_column rt_wrp_col_paddings=\u00bbfalse\u00bb rt_border_top=\u00bb\u00bb rt_border_bottom=\u00bb\u00bb rt_border_left=\u00bb\u00bb rt_border_right=\u00bb\u00bb rt_border_top_mobile=\u00bb\u00bb rt_border_bottom_mobile=\u00bb\u00bb rt_border_left_mobile=\u00bb\u00bb rt_border_right_mobile=\u00bb\u00bb rt_bg_image_repeat=\u00bbrepeat\u00bb rt_bg_size=\u00bbauto auto\u00bb rt_bg_position=\u00bbright top\u00bb rt_bg_attachment=\u00bbscroll\u00bb][vc_column_text]<\/p>\n<h3 style=\"text-align: justify;\"><img loading=\"lazy\" decoding=\"async\" id=\"cabecero\" src=\"http:\/\/www.aeemt.com\/Revista_AEEMT_NF\/imagenes\/Revista_AEEMT_Cabecero.png\" alt=\"cabecero_AEEMT\" width=\"934\" height=\"301\" name=\"cabecero\" border=\"0\" \/><\/h3>\n<p style=\"text-align: justify;\">N\u00famero de la Revista: Vol. 29 &#8211; n\u00ba 02 &#8211;\u00a0junio 2020<\/p>\n<p><strong>Secci\u00f3n:<\/strong> \u00a0Original<br \/>\n<strong>T\u00edtulo:<\/strong>\u00a0 Factores que influyen en la duraci\u00f3n de la prestaci\u00f3n por riesgo durante el embarazo en las trabajadoras del \u00e1mbito sanitario. Servicio Navarro de Salud-Osasunbidea: estudio descriptivo y transversal.<\/p>\n<p style=\"text-align: justify;\"><strong>Autores:<\/strong><\/p>\n<p><em><strong>Mar\u00eda Gabriela Torres Romero(1), Anais Elvira Gonz\u00e1lez Perfetti(2), Hanna Hern\u00e1ndez Hern\u00e1ndez(3), Isidro Rivadulla Lema(4), Javier Sanz Valero(5), Mar\u00eda Cruz Guergu\u00e9 G\u00f3mez(6)<\/strong><\/em><br \/>\n1 Unidad Docente de Medicina del Trabajo de Navarra, Pamplona; Espa\u00f1a.<br \/>\n2 Unidad Docente de Medicina del Trabajo de Navarra, Pamplona; Espa\u00f1a.<br \/>\n3 Servicio de Prevenci\u00f3n de Riesgos Laborales, Hospital Universitario de Gran Canaria Dr. Negr\u00edn. Islas Canarias. Espa\u00f1a.<br \/>\n4 Unidad de Prevenci\u00f3n de Riesgos Laborales, Servicio de Medicina Preventiva, Hospital Universitario de Santiago de Compostela. Galicia. Espa\u00f1a.<br \/>\n5 Escuela Nacional de Medicina del Trabajo del Instituto de Salud Carlos III. Madrid. Espa\u00f1a.<br \/>\n6 Servicio de Prevenci\u00f3n de Riesgos Laborales, Servicio Navarro de Salud-Osasunbidea. Pamplona. Espa\u00f1a.<\/p>\n<p><strong><em>Primer premio a mejor comunicaci\u00f3n tipo poster de m\u00e9dico residente en Medicina del Trabajo. XI Congreso Nacional de Medicina y Enfermer\u00eda del Trabajo. Febrero de 2020.<\/em><\/strong><\/p>\n<p style=\"text-align: justify;\"><strong>Correspondencia:<\/strong><\/p>\n<p><em><strong>Mar\u00eda Gabriela Torres Romero<\/strong><\/em><br \/>\nDirecci\u00f3n: Unidad Docente de Medicina del Trabajo de Navarra.<br \/>\nCalle Mayor n\u00famero 16, piso 2 puerta b. Villava. Navarra.<br \/>\nEspa\u00f1a. CP 31610.<br \/>\nCorreo electr\u00f3nico: <a href=\"mailto:mariagtorresromer@gmail.com\" target=\"_blank\" rel=\"noopener noreferrer\">mariagtorresromer@gmail.com<\/a><\/p>\n<p style=\"text-align: justify;\"><strong>Palabras Clave<\/strong>: Mujeres embarazadas; mujeres trabajadoras grupos de riesgo.<br \/>\n<strong>Keywords<\/strong>: Pregnant women; women, working; risk groups.<\/p>\n<p style=\"text-align: justify;\"><strong>Cita Art\u00edculo<\/strong>: M.G. Torres Romero et al. Factores que influyen en la duraci\u00f3n de la prestaci\u00f3n por riesgo durante el embarazo en las trabajadoras del \u00e1mbito sanitario. Servicio Navarro de Salud-Osasunbidea: estudio descriptivo y transversal. Rev Asoc Esp Espec Med Trab 2020; 29: 29-34<\/p>\n<p style=\"text-align: justify;\">Acceso al PDF: <div class=\"button_wrapper \"><a  href=\"http:\/\/www.aeemt.com\/Revista_AEEMT_NF\/VOL_29_N02_2020_JUN\/NO%20SOCIOS\/Original_4%20NO%20SOCIOS.pdf\" target=\"_blank\" title=\"Factores que influyen en la duraci\u00f3n de la prestaci\u00f3n por riesgo durante el embarazo en las trabajadoras del \u00e1mbito sanitario. Servicio Navarro de Salud-Osasunbidea: estudio descriptivo y transversal.\" class=\"button_  default medium\"><strong>PDF del Resumen<\/strong><\/a><\/div>\n<p style=\"text-align: justify;\"><strong>RESUMEN.<\/strong><\/p>\n<p style=\"text-align: justify;\"><strong>Objetivo:<\/strong> Identificar factores que influyen en la duraci\u00f3n de la prestaci\u00f3n por riesgo durante el embarazo en las trabajadoras del \u00e1mbito sanitario.<\/p>\n<p style=\"text-align: justify;\"><strong>Material y M\u00e9todos:<\/strong> Estudio descriptivo y transversal. Se estudiaron las trabajadoras embarazadas del SNS- O, que notificaron su gestaci\u00f3n desde 01 enero de 2017 hasta 31 diciembre de 2018. Las variables fueron: centro de trabajo, profesi\u00f3n, tipo de contrato, tipo de guardias, y su relaci\u00f3n con la duraci\u00f3n de la prestaci\u00f3n por riesgo durante el embarazo.<\/p>\n<p style=\"text-align: justify;\"><strong>Resultados:<\/strong> 536 trabajadoras notificaron su embarazo, pero se excluyeron 86, por no disponer de la variable \u201cduraci\u00f3n de la prestaci\u00f3n\u201d. El an\u00e1lisis de los datos mostr\u00f3 una p&gt;0,05 en todos los contrastes de hip\u00f3tesis, excepto en la relaci\u00f3n entre duraci\u00f3n de prestaci\u00f3n y guardias presenciales vs localizadas (p=0,052).<\/p>\n<p style=\"text-align: justify;\"><strong>Conclusiones:<\/strong> Ligera asociaci\u00f3n entre las guardias presenciales vs localizadas y los d\u00edas de suspensi\u00f3n del contrato de trabajo por riesgo durante el embarazo.<\/p>\n<p style=\"text-align: justify;\"><strong>Title:\u00a0<\/strong><\/p>\n<p style=\"text-align: left;\"><strong>DIFFUSE INTERSTITIAL LUNG DISEASE IN THE OCCUPATIONAL SPHERE: THE IMPORTANCE OF DIFFERENTIAL DIAGNOSIS.<\/strong><\/p>\n<p><strong style=\"text-align: justify;\">Abstract:<\/strong><\/p>\n<p style=\"text-align: justify;\"><strong>Objective:<\/strong> To identify factors that influence the duration of the risk during pregnancy benefit in female health workers.<\/p>\n<p style=\"text-align: justify;\"><strong>Material and Methods<\/strong>: Descriptive and cross-sectional study. The pregnant workers studied were the ones who notified their gestation grom January 1, 2017 to December 31, 2018 of the SNS-O. The variables collected were: work center, profession, type of contract, type of guards, and their relationship with the duration of the risk benefit during pregnancy.<\/p>\n<p style=\"text-align: justify;\"><strong>Results:<\/strong> 536 workers notified their pregnancy, but 86 were excluded, because they did not have the variable \u201cduration of benefit\u201d. The analysis of the data showed a p&gt; 0.05 in all hypothesis contrasts, except in the relationship between benefit duration and presence vs localized guards (p =0.052).<\/p>\n<p style=\"text-align: justify;\"><strong>Conclusions:<\/strong> Slight association between presence vs localized guards and the days of suspension of the employment contract due to risk during pregnancy.<\/p>\n<p>[\/vc_column_text][\/vc_column][\/vc_row]<\/p>\n","protected":false},"excerpt":{"rendered":"<p>[vc_row rt_row_background_width=\u00bbdefault\u00bb rt_row_style=\u00bbdefault-style\u00bb rt_row_borders=\u00bb\u00bb rt_row_paddings=\u00bbtrue\u00bb rt_bg_effect=\u00bbclassic\u00bb rt_bg_image_repeat=\u00bbrepeat\u00bb rt_bg_size=\u00bbcover\u00bb rt_bg_position=\u00bbright top\u00bb rt_bg_attachment=\u00bbscroll\u00bb rt_bg_video_format=\u00bbself-hosted\u00bb][vc_column rt_wrp_col_paddings=\u00bbfalse\u00bb rt_border_top=\u00bb\u00bb rt_border_bottom=\u00bb\u00bb rt_border_left=\u00bb\u00bb rt_border_right=\u00bb\u00bb rt_border_top_mobile=\u00bb\u00bb rt_border_bottom_mobile=\u00bb\u00bb rt_border_left_mobile=\u00bb\u00bb rt_border_right_mobile=\u00bb\u00bb rt_bg_image_repeat=\u00bbrepeat\u00bb rt_bg_size=\u00bbauto auto\u00bb rt_bg_position=\u00bbright top\u00bb rt_bg_attachment=\u00bbscroll\u00bb][\/vc_column][\/vc_row][vc_row rt_row_background_width=\u00bbdefault\u00bb rt_row_style=\u00bbdefault-style\u00bb rt_row_borders=\u00bb\u00bb [&hellip;]<\/p>\n","protected":false},"author":1,"featured_media":0,"parent":0,"menu_order":0,"comment_status":"closed","ping_status":"closed","template":"","meta":{"footnotes":""},"class_list":["post-9490","page","type-page","status-publish","hentry"],"_links":{"self":[{"href":"https:\/\/www.aeemt.org\/web\/wp-json\/wp\/v2\/pages\/9490"}],"collection":[{"href":"https:\/\/www.aeemt.org\/web\/wp-json\/wp\/v2\/pages"}],"about":[{"href":"https:\/\/www.aeemt.org\/web\/wp-json\/wp\/v2\/types\/page"}],"author":[{"embeddable":true,"href":"https:\/\/www.aeemt.org\/web\/wp-json\/wp\/v2\/users\/1"}],"replies":[{"embeddable":true,"href":"https:\/\/www.aeemt.org\/web\/wp-json\/wp\/v2\/comments?post=9490"}],"version-history":[{"count":0,"href":"https:\/\/www.aeemt.org\/web\/wp-json\/wp\/v2\/pages\/9490\/revisions"}],"wp:attachment":[{"href":"https:\/\/www.aeemt.org\/web\/wp-json\/wp\/v2\/media?parent=9490"}],"curies":[{"name":"wp","href":"https:\/\/api.w.org\/{rel}","templated":true}]}}

<p>[vc_row rt_row_background_width=»default» rt_row_style=»default-style» rt_row_borders=»» rt_row_paddings=»true» rt_bg_effect=»classic» rt_bg_image_repeat=»repeat» rt_bg_size=»cover» rt_bg_position=»right top» rt_bg_attachment=»scroll» rt_bg_video_format=»self-hosted»][vc_column rt_wrp_col_paddings=»false» rt_border_top=»» rt_border_bottom=»» rt_border_left=»» rt_border_right=»» rt_border_top_mobile=»» rt_border_bottom_mobile=»» rt_border_left_mobile=»» rt_border_right_mobile=»» rt_bg_image_repeat=»repeat» rt_bg_size=»auto auto» rt_bg_position=»right top» rt_bg_attachment=»scroll»]<div class="rt_heading_wrapper ">
						<h2 class="rt_heading  " >Factores que influyen en la duración de la prestación por riesgo durante el embarazo en las trabajadoras del ámbito sanitario. Servicio Navarro de Salud- Osasunbidea: estudio descriptivo y transversal.</h2>
					</div>[/vc_column][/vc_row][vc_row rt_row_background_width=»default» rt_row_style=»default-style» rt_row_borders=»» rt_row_paddings=»true» rt_bg_effect=»classic» rt_bg_image_repeat=»repeat» rt_bg_size=»cover» rt_bg_position=»right top» rt_bg_attachment=»scroll» rt_bg_video_format=»self-hosted»][vc_column rt_wrp_col_paddings=»false» rt_border_top=»» rt_border_bottom=»» rt_border_left=»» rt_border_right=»» rt_border_top_mobile=»» rt_border_bottom_mobile=»» rt_border_left_mobile=»» rt_border_right_mobile=»» rt_bg_image_repeat=»repeat» rt_bg_size=»auto auto» rt_bg_position=»right top» rt_bg_attachment=»scroll»][vc_column_text]</p>
<h3 style="text-align: justify;"><img loading="lazy" decoding="async" id="cabecero" src="http://www.aeemt.com/Revista_AEEMT_NF/imagenes/Revista_AEEMT_Cabecero.png" alt="cabecero_AEEMT" width="934" height="301" name="cabecero" border="0" /></h3>
<p style="text-align: justify;">Número de la Revista: Vol. 29 &#8211; nº 02 &#8211; junio 2020</p>
<p><strong>Sección:</strong>  Original<br />
<strong>Título:</strong>  Factores que influyen en la duración de la prestación por riesgo durante el embarazo en las trabajadoras del ámbito sanitario. Servicio Navarro de Salud-Osasunbidea: estudio descriptivo y transversal.</p>
<p style="text-align: justify;"><strong>Autores:</strong></p>
<p><em><strong>María Gabriela Torres Romero(1), Anais Elvira González Perfetti(2), Hanna Hernández Hernández(3), Isidro Rivadulla Lema(4), Javier Sanz Valero(5), María Cruz Guergué Gómez(6)</strong></em><br />
1 Unidad Docente de Medicina del Trabajo de Navarra, Pamplona; España.<br />
2 Unidad Docente de Medicina del Trabajo de Navarra, Pamplona; España.<br />
3 Servicio de Prevención de Riesgos Laborales, Hospital Universitario de Gran Canaria Dr. Negrín. Islas Canarias. España.<br />
4 Unidad de Prevención de Riesgos Laborales, Servicio de Medicina Preventiva, Hospital Universitario de Santiago de Compostela. Galicia. España.<br />
5 Escuela Nacional de Medicina del Trabajo del Instituto de Salud Carlos III. Madrid. España.<br />
6 Servicio de Prevención de Riesgos Laborales, Servicio Navarro de Salud-Osasunbidea. Pamplona. España.</p>
<p><strong><em>Primer premio a mejor comunicación tipo poster de médico residente en Medicina del Trabajo. XI Congreso Nacional de Medicina y Enfermería del Trabajo. Febrero de 2020.</em></strong></p>
<p style="text-align: justify;"><strong>Correspondencia:</strong></p>
<p><em><strong>María Gabriela Torres Romero</strong></em><br />
Dirección: Unidad Docente de Medicina del Trabajo de Navarra.<br />
Calle Mayor número 16, piso 2 puerta b. Villava. Navarra.<br />
España. CP 31610.<br />
Correo electrónico: <a href="mailto:mariagtorresromer@gmail.com" target="_blank" rel="noopener noreferrer">mariagtorresromer@gmail.com</a></p>
<p style="text-align: justify;"><strong>Palabras Clave</strong>: Mujeres embarazadas; mujeres trabajadoras grupos de riesgo.<br />
<strong>Keywords</strong>: Pregnant women; women, working; risk groups.</p>
<p style="text-align: justify;"><strong>Cita Artículo</strong>: M.G. Torres Romero et al. Factores que influyen en la duración de la prestación por riesgo durante el embarazo en las trabajadoras del ámbito sanitario. Servicio Navarro de Salud-Osasunbidea: estudio descriptivo y transversal. Rev Asoc Esp Espec Med Trab 2020; 29: 29-34</p>
<p style="text-align: justify;">Acceso al PDF: <div class="button_wrapper "><a  href="http://www.aeemt.com/Revista_AEEMT_NF/VOL_29_N02_2020_JUN/NO%20SOCIOS/Original_4%20NO%20SOCIOS.pdf" target="_blank" title="Factores que influyen en la duración de la prestación por riesgo durante el embarazo en las trabajadoras del ámbito sanitario. Servicio Navarro de Salud-Osasunbidea: estudio descriptivo y transversal." class="button_  default medium"><strong>PDF del Resumen</strong></a></div>
<p style="text-align: justify;"><strong>RESUMEN.</strong></p>
<p style="text-align: justify;"><strong>Objetivo:</strong> Identificar factores que influyen en la duración de la prestación por riesgo durante el embarazo en las trabajadoras del ámbito sanitario.</p>
<p style="text-align: justify;"><strong>Material y Métodos:</strong> Estudio descriptivo y transversal. Se estudiaron las trabajadoras embarazadas del SNS- O, que notificaron su gestación desde 01 enero de 2017 hasta 31 diciembre de 2018. Las variables fueron: centro de trabajo, profesión, tipo de contrato, tipo de guardias, y su relación con la duración de la prestación por riesgo durante el embarazo.</p>
<p style="text-align: justify;"><strong>Resultados:</strong> 536 trabajadoras notificaron su embarazo, pero se excluyeron 86, por no disponer de la variable “duración de la prestación”. El análisis de los datos mostró una p&gt;0,05 en todos los contrastes de hipótesis, excepto en la relación entre duración de prestación y guardias presenciales vs localizadas (p=0,052).</p>
<p style="text-align: justify;"><strong>Conclusiones:</strong> Ligera asociación entre las guardias presenciales vs localizadas y los días de suspensión del contrato de trabajo por riesgo durante el embarazo.</p>
<p style="text-align: justify;"><strong>Title: </strong></p>
<p style="text-align: left;"><strong>DIFFUSE INTERSTITIAL LUNG DISEASE IN THE OCCUPATIONAL SPHERE: THE IMPORTANCE OF DIFFERENTIAL DIAGNOSIS.</strong></p>
<p><strong style="text-align: justify;">Abstract:</strong></p>
<p style="text-align: justify;"><strong>Objective:</strong> To identify factors that influence the duration of the risk during pregnancy benefit in female health workers.</p>
<p style="text-align: justify;"><strong>Material and Methods</strong>: Descriptive and cross-sectional study. The pregnant workers studied were the ones who notified their gestation grom January 1, 2017 to December 31, 2018 of the SNS-O. The variables collected were: work center, profession, type of contract, type of guards, and their relationship with the duration of the risk benefit during pregnancy.</p>
<p style="text-align: justify;"><strong>Results:</strong> 536 workers notified their pregnancy, but 86 were excluded, because they did not have the variable “duration of benefit”. The analysis of the data showed a p&gt; 0.05 in all hypothesis contrasts, except in the relationship between benefit duration and presence vs localized guards (p =0.052).</p>
<p style="text-align: justify;"><strong>Conclusions:</strong> Slight association between presence vs localized guards and the days of suspension of the employment contract due to risk during pregnancy.</p>
<p>[/vc_column_text][/vc_column][/vc_row]</p>
