{"id":9459,"date":"2020-10-18T22:07:40","date_gmt":"2020-10-18T22:07:40","guid":{"rendered":"http:\/\/www.aeemt.com\/web\/?page_id=9459"},"modified":"2020-10-18T22:07:40","modified_gmt":"2020-10-18T22:07:40","slug":"in-memoriam-dr-vicente-arias","status":"publish","type":"page","link":"https:\/\/www.aeemt.org\/web\/in-memoriam-dr-vicente-arias\/","title":{"rendered":"In memoriam Dr. Vicente Arias"},"content":{"rendered":"<p>[vc_row rt_row_background_width=\u00bbdefault\u00bb rt_row_style=\u00bbdefault-style\u00bb rt_row_borders=\u00bb\u00bb rt_row_paddings=\u00bbtrue\u00bb rt_bg_effect=\u00bbclassic\u00bb rt_bg_image_repeat=\u00bbrepeat\u00bb rt_bg_size=\u00bbcover\u00bb rt_bg_position=\u00bbright top\u00bb rt_bg_attachment=\u00bbscroll\u00bb rt_bg_video_format=\u00bbself-hosted\u00bb][vc_column rt_wrp_col_paddings=\u00bbfalse\u00bb rt_border_top=\u00bb\u00bb rt_border_bottom=\u00bb\u00bb rt_border_left=\u00bb\u00bb rt_border_right=\u00bb\u00bb rt_border_top_mobile=\u00bb\u00bb rt_border_bottom_mobile=\u00bb\u00bb rt_border_left_mobile=\u00bb\u00bb rt_border_right_mobile=\u00bb\u00bb rt_bg_image_repeat=\u00bbrepeat\u00bb rt_bg_size=\u00bbauto auto\u00bb rt_bg_position=\u00bbright top\u00bb rt_bg_attachment=\u00bbscroll\u00bb]<div class=\"rt_heading_wrapper \">\n\t\t\t\t\t\t<h2 class=\"rt_heading  \" >In memoriam Dr. Vicente Arias<\/h2>\n\t\t\t\t\t<\/div>[\/vc_column][\/vc_row][vc_row rt_row_background_width=\u00bbdefault\u00bb rt_row_style=\u00bbdefault-style\u00bb rt_row_borders=\u00bb\u00bb rt_row_paddings=\u00bbtrue\u00bb rt_bg_effect=\u00bbclassic\u00bb rt_bg_image_repeat=\u00bbrepeat\u00bb rt_bg_size=\u00bbcover\u00bb rt_bg_position=\u00bbright top\u00bb rt_bg_attachment=\u00bbscroll\u00bb rt_bg_video_format=\u00bbself-hosted\u00bb][vc_column rt_wrp_col_paddings=\u00bbfalse\u00bb rt_border_top=\u00bb\u00bb rt_border_bottom=\u00bb\u00bb rt_border_left=\u00bb\u00bb rt_border_right=\u00bb\u00bb rt_border_top_mobile=\u00bb\u00bb rt_border_bottom_mobile=\u00bb\u00bb rt_border_left_mobile=\u00bb\u00bb rt_border_right_mobile=\u00bb\u00bb rt_bg_image_repeat=\u00bbrepeat\u00bb rt_bg_size=\u00bbauto auto\u00bb rt_bg_position=\u00bbright top\u00bb rt_bg_attachment=\u00bbscroll\u00bb][vc_column_text]<img decoding=\"async\" class=\"aligncenter\" src=\"http:\/\/www.aeemt.com\/Revista_AEEMT_NF\/imagenes\/Revista_AEEMT_Cabecero.png\" alt=\"cabecero_AEEMT\" \/>[\/vc_column_text][\/vc_column][\/vc_row][vc_row rt_row_background_width=\u00bbdefault\u00bb rt_row_style=\u00bbdefault-style\u00bb rt_row_borders=\u00bb\u00bb rt_row_paddings=\u00bbtrue\u00bb rt_bg_effect=\u00bbclassic\u00bb rt_bg_image_repeat=\u00bbrepeat\u00bb rt_bg_size=\u00bbcover\u00bb rt_bg_position=\u00bbright top\u00bb rt_bg_attachment=\u00bbscroll\u00bb rt_bg_video_format=\u00bbself-hosted\u00bb][vc_column rt_wrp_col_paddings=\u00bbfalse\u00bb rt_border_top=\u00bb\u00bb rt_border_bottom=\u00bb\u00bb rt_border_left=\u00bb\u00bb rt_border_right=\u00bb\u00bb rt_border_top_mobile=\u00bb\u00bb rt_border_bottom_mobile=\u00bb\u00bb rt_border_left_mobile=\u00bb\u00bb rt_border_right_mobile=\u00bb\u00bb rt_bg_image_repeat=\u00bbrepeat\u00bb rt_bg_size=\u00bbauto auto\u00bb rt_bg_position=\u00bbright top\u00bb rt_bg_attachment=\u00bbscroll\u00bb][vc_column_text]<span style=\"font-size: 14pt;\"><strong>M\u00e9dico Especialista en Medicina del Trabajo<\/strong><\/span><\/p>\n<p style=\"text-align: justify;\"><img loading=\"lazy\" decoding=\"async\" class=\"size-full wp-image-9462 aligncenter\" src=\"https:\/\/www.aeemt.org\/pruebaweb\/wp-content\/uploads\/2020\/10\/In-memoriam-Dr-Vicente-Arias.jpg\" alt=\"\" width=\"322\" height=\"431\" srcset=\"https:\/\/www.aeemt.org\/web\/wp-content\/uploads\/2020\/10\/In-memoriam-Dr-Vicente-Arias.jpg 322w, https:\/\/www.aeemt.org\/web\/wp-content\/uploads\/2020\/10\/In-memoriam-Dr-Vicente-Arias-224x300.jpg 224w\" sizes=\"(max-width: 322px) 100vw, 322px\" \/><\/p>\n<p style=\"text-align: justify;\">El Dr. Vicente Arias D\u00edaz, naci\u00f3 en el a\u00f1o 1955 en Valdepe\u00f1as y creci\u00f3 en Almedina (Ciudad Real) Campo de Montiel, orgulloso de ser Castellano- Manchego abanderaba con honor su tierra y su amada Espa\u00f1a por donde iba. Amante de lo divino y lo humano conjugaba la prosa de Cervantes y los sonetos de Lope de Vega con otros ilustres del arte como el gram\u00e1tico Bartolom\u00e9 Jim\u00e9nez Pat\u00f3n, el pintor Y\u00e1\u00f1ez de la Almedina y el escritor m\u00edstico Santo Tom\u00e1s de Villanueva, patr\u00f3n de Villanueva de los Infantes donde cofund\u00f3 la Universidad Libre de Infantes y ejerc\u00eda el cargo de Vicerrector de Relaciones Institucionales.<\/p>\n<p style=\"text-align: justify;\">Se decidi\u00f3 a desarrollar estudios de Medicina, aunque estuvo tentado en elegir las ciencias aeroespaciales o la carrera de arquitectura ya que le apasionaba establecer la relaci\u00f3n de las estructuras arquitect\u00f3nicas con sus equivalencias con el cuerpo humano.<\/p>\n<p style=\"text-align: justify;\">Bondadoso, cari\u00f1oso, fil\u00e1ntropo, emprendedor y entusiasta de las cosas bellas se licenci\u00f3 en Medicina en la Universidad Complutense de Madrid en el a\u00f1o 1975. Complet\u00f3 dichos estudios con los de Salud P\u00fablica, Gesti\u00f3n Sanitaria y Prevenci\u00f3n de Riesgos Laborales en la Universidad Aut\u00f3noma de Madrid. En 1989 se especializ\u00f3 en Gesti\u00f3n Hospitalaria por la EADA Business School. Se diplom\u00f3 en Auditor\u00eda de Gesti\u00f3n de Sistemas de Gesti\u00f3n de Prevenci\u00f3n de Riesgos y curs\u00f3 M\u00e1ster en Valoraci\u00f3n del Da\u00f1o Corporal.<\/p>\n<p style=\"text-align: justify;\">Especialista en Medicina del Trabajo, su experiencia hospitalaria se remonta al Hospital del Aire como Jefe del Servicio de Prevenci\u00f3n. Posteriormente, ostent\u00f3 el mismo cargo en el Hospital General Universitario Puerta de Hierro. Se incorpor\u00f3 al Servicio de Prevenci\u00f3n de Riesgos Laborales del Hospital Gregorio Mara\u00f1\u00f3n en febrero de 2007. En abril de 2015, el Dr. Arias llegaba al Hospital 12 de Octubre.<\/p>\n<p style=\"text-align: justify;\">Fue vocal de la Comisi\u00f3n Nacional de la Especialidad de Medicina Aeroespacial del Ministerio de Sanidad y Consumo (1987-1991) realiz\u00f3 estudios y particip\u00f3 en la actualizaci\u00f3n del programa de formaci\u00f3n de los m\u00e9dicos especialistas en Medicina Aeroespacial en Espa\u00f1a. Posteriormente entr\u00f3 a formar parte de la Comisi\u00f3n Nacional de la Especialidad de Medicina del Trabajo (1999-2001) del Ministerio de Sanidad y Consumo, donde desempe\u00f1\u00f3 tareas de actualizaci\u00f3n del programa de formaci\u00f3n y de las competencias de la especialidad de Medicina del Trabajo en Espa\u00f1a. Profesor Asociado de la Facultad de Medicina de la Universidad Complutense de Madrid, en la Escuela de Medicina del Trabajo de la Unidad Docente II de la Comunidad de Madrid y Tutor de residentes de la especialidad de Medicina del Trabajo.<\/p>\n<p style=\"text-align: justify;\">Era miembro de la Junta Directiva de la Asociaci\u00f3n Espa\u00f1ola de Especialistas de Medicina del Trabajo (AEEMT) desde 2016 hasta la actualidad. En esta asociaci\u00f3n ha tenido una larga y activa trayectoria tanto a nivel profesional como personal, donde ha destacado su trabajo y entusiasmo en promover distintas actividades, en especial su impulso en la organizaci\u00f3n de los grupos funcionales de la asociaci\u00f3n y de las Jornadas de Actualizaci\u00f3n de Vacunaci\u00f3n en el \u00c1mbito Laboral. En el terreno personal la Asociaci\u00f3n le recordar\u00e1 siempre por su extraordinaria sociabilidad, fruto de la cual se incorporaron muchos m\u00e9dicos del trabajo a nuestra organizaci\u00f3n. Nuestros compa\u00f1eros m\u00e1s j\u00f3venes le recuerdan por sus consejos y los m\u00e1s veteranos por haber compartido mucho con \u00e9l.<\/p>\n<p style=\"text-align: justify;\">Tambi\u00e9n prest\u00f3 sus servicios como t\u00e9cnico asesor de Medicina de Trabajo y Prevenci\u00f3n de Riesgos Laborales en el Servicio Madrile\u00f1o de Salud.<\/p>\n<p style=\"text-align: justify;\">El Dr. Arias ha tenido una estrecha relaci\u00f3n con el Ilustre Colegio Oficial de M\u00e9dicos de Madrid (ICOMEM) como voluntario. En junio de 2001, se convirti\u00f3 en miembro promotor, fundador y presidente del C.A.Y.P.A.M., cargo que ostent\u00f3 hasta febrero de 2012. A partir de este a\u00f1o, continu\u00f3 ligado al ICOMEM como miembro colaborador en el P.A.I.M.E. En noviembre de 2018 entr\u00f3 a formar parte de la Junta Directiva del Aula L\u00fadica del ICOMEM. Desde entonces, se ha encargado con cari\u00f1o y devoci\u00f3n a promover actividades culturales y art\u00edsticas tanto para m\u00e9dicos del ICOMEM como para familiares y amigos que pertenecieran a la misma.<\/p>\n<p style=\"text-align: justify;\">En el Servicio de Prevenci\u00f3n de Riesgos Laborales del Hospital Universitario 12 de Octubre, trabaj\u00f3 sus \u00faltimos a\u00f1os como especialista y con este Servicio, se hab\u00eda involucrado activamente en el desarrollo cient\u00edfico del Congreso Nacional de los Servicios de Prevenci\u00f3n de Riesgos Laborales en el \u00c1mbito Sanitario, desde sus inicios en el a\u00f1o 2003. De \u00e9l hay que destacar su entusiasmo con la especialidad de Medicina del Trabajo, su trato cari\u00f1oso con los compa\u00f1eros y su absoluta predisposici\u00f3n a promover cualquier actividad de comunicaci\u00f3n del Servicio.<\/p>\n<p style=\"text-align: justify;\">El Dr. Vicente Arias no solo ha demostrado siempre su alto nivel de competencias en su \u00e1mbito de ejercicio profesional. Como persona, ten\u00eda una extraordinaria capacidad de relaci\u00f3n humana con pacientes y amigos.<\/p>\n<p style=\"text-align: justify;\">Entre sus m\u00e9ritos profesionales destaca el primer premio de medicina aeroespacial en Espa\u00f1a en 1987. La imposici\u00f3n de la Medalla de Oro del Foro Europa 2001 al m\u00e9rito profesional, la Medalla de Oro 2013 de la Sociedad Castellana de Medicina y Seguridad del Trabajo y la Menci\u00f3n de Honor de los Premios del Consejo General de Relaciones Industriales y Ciencias del Trabajo en el a\u00f1o 2013.<\/p>\n<p style=\"text-align: justify;\">Tu familia, compa\u00f1eros y amigos no te olvidar\u00e1n, Descansa en Paz querido amigo.<\/p>\n<p>&nbsp;<\/p>\n<p><em><strong>Dra. Carmen Mu\u00f1oz Ruiperez <\/strong><\/em><\/p>\n<p>Jefe del Servicio de Medicina del Trabajo y Prevenci\u00f3n de Riesgos Laborales<\/p>\n<p>Hospital Universitario 12 de Octubre[\/vc_column_text][\/vc_column][\/vc_row]<\/p>\n","protected":false},"excerpt":{"rendered":"<p>[vc_row rt_row_background_width=\u00bbdefault\u00bb rt_row_style=\u00bbdefault-style\u00bb rt_row_borders=\u00bb\u00bb rt_row_paddings=\u00bbtrue\u00bb rt_bg_effect=\u00bbclassic\u00bb rt_bg_image_repeat=\u00bbrepeat\u00bb rt_bg_size=\u00bbcover\u00bb rt_bg_position=\u00bbright top\u00bb rt_bg_attachment=\u00bbscroll\u00bb rt_bg_video_format=\u00bbself-hosted\u00bb][vc_column rt_wrp_col_paddings=\u00bbfalse\u00bb rt_border_top=\u00bb\u00bb rt_border_bottom=\u00bb\u00bb rt_border_left=\u00bb\u00bb rt_border_right=\u00bb\u00bb rt_border_top_mobile=\u00bb\u00bb rt_border_bottom_mobile=\u00bb\u00bb rt_border_left_mobile=\u00bb\u00bb rt_border_right_mobile=\u00bb\u00bb rt_bg_image_repeat=\u00bbrepeat\u00bb rt_bg_size=\u00bbauto auto\u00bb rt_bg_position=\u00bbright top\u00bb rt_bg_attachment=\u00bbscroll\u00bb][\/vc_column][\/vc_row][vc_row rt_row_background_width=\u00bbdefault\u00bb rt_row_style=\u00bbdefault-style\u00bb rt_row_borders=\u00bb\u00bb [&hellip;]<\/p>\n","protected":false},"author":1,"featured_media":0,"parent":0,"menu_order":0,"comment_status":"closed","ping_status":"closed","template":"","meta":{"footnotes":""},"class_list":["post-9459","page","type-page","status-publish","hentry"],"_links":{"self":[{"href":"https:\/\/www.aeemt.org\/web\/wp-json\/wp\/v2\/pages\/9459"}],"collection":[{"href":"https:\/\/www.aeemt.org\/web\/wp-json\/wp\/v2\/pages"}],"about":[{"href":"https:\/\/www.aeemt.org\/web\/wp-json\/wp\/v2\/types\/page"}],"author":[{"embeddable":true,"href":"https:\/\/www.aeemt.org\/web\/wp-json\/wp\/v2\/users\/1"}],"replies":[{"embeddable":true,"href":"https:\/\/www.aeemt.org\/web\/wp-json\/wp\/v2\/comments?post=9459"}],"version-history":[{"count":0,"href":"https:\/\/www.aeemt.org\/web\/wp-json\/wp\/v2\/pages\/9459\/revisions"}],"wp:attachment":[{"href":"https:\/\/www.aeemt.org\/web\/wp-json\/wp\/v2\/media?parent=9459"}],"curies":[{"name":"wp","href":"https:\/\/api.w.org\/{rel}","templated":true}]}}

<p>[vc_row rt_row_background_width=»default» rt_row_style=»default-style» rt_row_borders=»» rt_row_paddings=»true» rt_bg_effect=»classic» rt_bg_image_repeat=»repeat» rt_bg_size=»cover» rt_bg_position=»right top» rt_bg_attachment=»scroll» rt_bg_video_format=»self-hosted»][vc_column rt_wrp_col_paddings=»false» rt_border_top=»» rt_border_bottom=»» rt_border_left=»» rt_border_right=»» rt_border_top_mobile=»» rt_border_bottom_mobile=»» rt_border_left_mobile=»» rt_border_right_mobile=»» rt_bg_image_repeat=»repeat» rt_bg_size=»auto auto» rt_bg_position=»right top» rt_bg_attachment=»scroll»]<div class="rt_heading_wrapper ">
						<h2 class="rt_heading  " >In memoriam Dr. Vicente Arias</h2>
					</div>[/vc_column][/vc_row][vc_row rt_row_background_width=»default» rt_row_style=»default-style» rt_row_borders=»» rt_row_paddings=»true» rt_bg_effect=»classic» rt_bg_image_repeat=»repeat» rt_bg_size=»cover» rt_bg_position=»right top» rt_bg_attachment=»scroll» rt_bg_video_format=»self-hosted»][vc_column rt_wrp_col_paddings=»false» rt_border_top=»» rt_border_bottom=»» rt_border_left=»» rt_border_right=»» rt_border_top_mobile=»» rt_border_bottom_mobile=»» rt_border_left_mobile=»» rt_border_right_mobile=»» rt_bg_image_repeat=»repeat» rt_bg_size=»auto auto» rt_bg_position=»right top» rt_bg_attachment=»scroll»][vc_column_text]<img decoding="async" class="aligncenter" src="http://www.aeemt.com/Revista_AEEMT_NF/imagenes/Revista_AEEMT_Cabecero.png" alt="cabecero_AEEMT" />[/vc_column_text][/vc_column][/vc_row][vc_row rt_row_background_width=»default» rt_row_style=»default-style» rt_row_borders=»» rt_row_paddings=»true» rt_bg_effect=»classic» rt_bg_image_repeat=»repeat» rt_bg_size=»cover» rt_bg_position=»right top» rt_bg_attachment=»scroll» rt_bg_video_format=»self-hosted»][vc_column rt_wrp_col_paddings=»false» rt_border_top=»» rt_border_bottom=»» rt_border_left=»» rt_border_right=»» rt_border_top_mobile=»» rt_border_bottom_mobile=»» rt_border_left_mobile=»» rt_border_right_mobile=»» rt_bg_image_repeat=»repeat» rt_bg_size=»auto auto» rt_bg_position=»right top» rt_bg_attachment=»scroll»][vc_column_text]<span style="font-size: 14pt;"><strong>Médico Especialista en Medicina del Trabajo</strong></span></p>
<p style="text-align: justify;"><img loading="lazy" decoding="async" class="size-full wp-image-9462 aligncenter" src="https://www.aeemt.org/pruebaweb/wp-content/uploads/2020/10/In-memoriam-Dr-Vicente-Arias.jpg" alt="" width="322" height="431" srcset="https://www.aeemt.org/web/wp-content/uploads/2020/10/In-memoriam-Dr-Vicente-Arias.jpg 322w, https://www.aeemt.org/web/wp-content/uploads/2020/10/In-memoriam-Dr-Vicente-Arias-224x300.jpg 224w" sizes="(max-width: 322px) 100vw, 322px" /></p>
<p style="text-align: justify;">El Dr. Vicente Arias Díaz, nació en el año 1955 en Valdepeñas y creció en Almedina (Ciudad Real) Campo de Montiel, orgulloso de ser Castellano- Manchego abanderaba con honor su tierra y su amada España por donde iba. Amante de lo divino y lo humano conjugaba la prosa de Cervantes y los sonetos de Lope de Vega con otros ilustres del arte como el gramático Bartolomé Jiménez Patón, el pintor Yáñez de la Almedina y el escritor místico Santo Tomás de Villanueva, patrón de Villanueva de los Infantes donde cofundó la Universidad Libre de Infantes y ejercía el cargo de Vicerrector de Relaciones Institucionales.</p>
<p style="text-align: justify;">Se decidió a desarrollar estudios de Medicina, aunque estuvo tentado en elegir las ciencias aeroespaciales o la carrera de arquitectura ya que le apasionaba establecer la relación de las estructuras arquitectónicas con sus equivalencias con el cuerpo humano.</p>
<p style="text-align: justify;">Bondadoso, cariñoso, filántropo, emprendedor y entusiasta de las cosas bellas se licenció en Medicina en la Universidad Complutense de Madrid en el año 1975. Completó dichos estudios con los de Salud Pública, Gestión Sanitaria y Prevención de Riesgos Laborales en la Universidad Autónoma de Madrid. En 1989 se especializó en Gestión Hospitalaria por la EADA Business School. Se diplomó en Auditoría de Gestión de Sistemas de Gestión de Prevención de Riesgos y cursó Máster en Valoración del Daño Corporal.</p>
<p style="text-align: justify;">Especialista en Medicina del Trabajo, su experiencia hospitalaria se remonta al Hospital del Aire como Jefe del Servicio de Prevención. Posteriormente, ostentó el mismo cargo en el Hospital General Universitario Puerta de Hierro. Se incorporó al Servicio de Prevención de Riesgos Laborales del Hospital Gregorio Marañón en febrero de 2007. En abril de 2015, el Dr. Arias llegaba al Hospital 12 de Octubre.</p>
<p style="text-align: justify;">Fue vocal de la Comisión Nacional de la Especialidad de Medicina Aeroespacial del Ministerio de Sanidad y Consumo (1987-1991) realizó estudios y participó en la actualización del programa de formación de los médicos especialistas en Medicina Aeroespacial en España. Posteriormente entró a formar parte de la Comisión Nacional de la Especialidad de Medicina del Trabajo (1999-2001) del Ministerio de Sanidad y Consumo, donde desempeñó tareas de actualización del programa de formación y de las competencias de la especialidad de Medicina del Trabajo en España. Profesor Asociado de la Facultad de Medicina de la Universidad Complutense de Madrid, en la Escuela de Medicina del Trabajo de la Unidad Docente II de la Comunidad de Madrid y Tutor de residentes de la especialidad de Medicina del Trabajo.</p>
<p style="text-align: justify;">Era miembro de la Junta Directiva de la Asociación Española de Especialistas de Medicina del Trabajo (AEEMT) desde 2016 hasta la actualidad. En esta asociación ha tenido una larga y activa trayectoria tanto a nivel profesional como personal, donde ha destacado su trabajo y entusiasmo en promover distintas actividades, en especial su impulso en la organización de los grupos funcionales de la asociación y de las Jornadas de Actualización de Vacunación en el Ámbito Laboral. En el terreno personal la Asociación le recordará siempre por su extraordinaria sociabilidad, fruto de la cual se incorporaron muchos médicos del trabajo a nuestra organización. Nuestros compañeros más jóvenes le recuerdan por sus consejos y los más veteranos por haber compartido mucho con él.</p>
<p style="text-align: justify;">También prestó sus servicios como técnico asesor de Medicina de Trabajo y Prevención de Riesgos Laborales en el Servicio Madrileño de Salud.</p>
<p style="text-align: justify;">El Dr. Arias ha tenido una estrecha relación con el Ilustre Colegio Oficial de Médicos de Madrid (ICOMEM) como voluntario. En junio de 2001, se convirtió en miembro promotor, fundador y presidente del C.A.Y.P.A.M., cargo que ostentó hasta febrero de 2012. A partir de este año, continuó ligado al ICOMEM como miembro colaborador en el P.A.I.M.E. En noviembre de 2018 entró a formar parte de la Junta Directiva del Aula Lúdica del ICOMEM. Desde entonces, se ha encargado con cariño y devoción a promover actividades culturales y artísticas tanto para médicos del ICOMEM como para familiares y amigos que pertenecieran a la misma.</p>
<p style="text-align: justify;">En el Servicio de Prevención de Riesgos Laborales del Hospital Universitario 12 de Octubre, trabajó sus últimos años como especialista y con este Servicio, se había involucrado activamente en el desarrollo científico del Congreso Nacional de los Servicios de Prevención de Riesgos Laborales en el Ámbito Sanitario, desde sus inicios en el año 2003. De él hay que destacar su entusiasmo con la especialidad de Medicina del Trabajo, su trato cariñoso con los compañeros y su absoluta predisposición a promover cualquier actividad de comunicación del Servicio.</p>
<p style="text-align: justify;">El Dr. Vicente Arias no solo ha demostrado siempre su alto nivel de competencias en su ámbito de ejercicio profesional. Como persona, tenía una extraordinaria capacidad de relación humana con pacientes y amigos.</p>
<p style="text-align: justify;">Entre sus méritos profesionales destaca el primer premio de medicina aeroespacial en España en 1987. La imposición de la Medalla de Oro del Foro Europa 2001 al mérito profesional, la Medalla de Oro 2013 de la Sociedad Castellana de Medicina y Seguridad del Trabajo y la Mención de Honor de los Premios del Consejo General de Relaciones Industriales y Ciencias del Trabajo en el año 2013.</p>
<p style="text-align: justify;">Tu familia, compañeros y amigos no te olvidarán, Descansa en Paz querido amigo.</p>
<p>&nbsp;</p>
<p><em><strong>Dra. Carmen Muñoz Ruiperez </strong></em></p>
<p>Jefe del Servicio de Medicina del Trabajo y Prevención de Riesgos Laborales</p>
<p>Hospital Universitario 12 de Octubre[/vc_column_text][/vc_column][/vc_row]</p>
