{"id":9309,"date":"2020-09-25T23:41:45","date_gmt":"2020-09-25T23:41:45","guid":{"rendered":"http:\/\/www.aeemt.com\/web\/?page_id=9309"},"modified":"2020-09-25T23:41:45","modified_gmt":"2020-09-25T23:41:45","slug":"webinar-iob-aeemt","status":"publish","type":"page","link":"https:\/\/www.aeemt.org\/web\/webinar-iob-aeemt\/","title":{"rendered":"Webinar IOB(INSTITUTE OF ONCOLOGY)-AEEMT."},"content":{"rendered":"<p>[vc_row rt_row_background_width=\u00bbdefault\u00bb rt_row_style=\u00bbdefault-style\u00bb rt_row_borders=\u00bb\u00bb rt_row_paddings=\u00bbtrue\u00bb rt_bg_effect=\u00bbclassic\u00bb rt_bg_image_repeat=\u00bbrepeat\u00bb rt_bg_size=\u00bbcover\u00bb rt_bg_position=\u00bbright top\u00bb rt_bg_attachment=\u00bbscroll\u00bb rt_bg_video_format=\u00bbself-hosted\u00bb][vc_column width=\u00bb1\/2&#8243; rt_wrp_col_paddings=\u00bbfalse\u00bb rt_border_top=\u00bb\u00bb rt_border_bottom=\u00bb\u00bb rt_border_left=\u00bb\u00bb rt_border_right=\u00bb\u00bb rt_border_top_mobile=\u00bb\u00bb rt_border_bottom_mobile=\u00bb\u00bb rt_border_left_mobile=\u00bb\u00bb rt_border_right_mobile=\u00bb\u00bb rt_bg_image_repeat=\u00bbrepeat\u00bb rt_bg_size=\u00bbauto auto\u00bb rt_bg_position=\u00bbright top\u00bb rt_bg_attachment=\u00bbscroll\u00bb][vc_column_text]<\/p>\n<h3 style=\"text-align: center;\">Organizan<\/h3>\n<h3 style=\"text-align: center;\"><a href=\"http:\/\/www.aeemt.com\/web\/\" target=\"_blank\" rel=\"noopener noreferrer\"><img loading=\"lazy\" decoding=\"async\" class=\"wp-image-3534 aligncenter\" src=\"http:\/\/www.aeemt.com\/web\/wp-content\/uploads\/2017\/05\/logoDibujado.png\" alt=\"\" width=\"133\" height=\"135\" srcset=\"https:\/\/www.aeemt.org\/web\/wp-content\/uploads\/2017\/05\/logoDibujado.png 402w, https:\/\/www.aeemt.org\/web\/wp-content\/uploads\/2017\/05\/logoDibujado-296x300.png 296w\" sizes=\"(max-width: 133px) 100vw, 133px\" \/><\/a><\/h3>\n<p>[\/vc_column_text][\/vc_column][vc_column width=\u00bb1\/2&#8243; rt_wrp_col_paddings=\u00bbfalse\u00bb rt_border_top=\u00bb\u00bb rt_border_bottom=\u00bb\u00bb rt_border_left=\u00bb\u00bb rt_border_right=\u00bb\u00bb rt_border_top_mobile=\u00bb\u00bb rt_border_bottom_mobile=\u00bb\u00bb rt_border_left_mobile=\u00bb\u00bb rt_border_right_mobile=\u00bb\u00bb rt_bg_image_repeat=\u00bbrepeat\u00bb rt_bg_size=\u00bbauto auto\u00bb rt_bg_position=\u00bbright top\u00bb rt_bg_attachment=\u00bbscroll\u00bb][vc_column_text]<a href=\"https:\/\/iob-onco.com\/\" target=\"_blank\" rel=\"noopener noreferrer\"><img loading=\"lazy\" decoding=\"async\" class=\"aligncenter wp-image-9314 \" src=\"https:\/\/www.aeemt.org\/pruebaweb\/wp-content\/uploads\/2020\/09\/webinar-iob-aeemt-300x300.jpg\" alt=\"\" width=\"250\" height=\"250\" srcset=\"https:\/\/www.aeemt.org\/web\/wp-content\/uploads\/2020\/09\/webinar-iob-aeemt-300x300.jpg 300w, https:\/\/www.aeemt.org\/web\/wp-content\/uploads\/2020\/09\/webinar-iob-aeemt-100x100.jpg 100w, https:\/\/www.aeemt.org\/web\/wp-content\/uploads\/2020\/09\/webinar-iob-aeemt-150x150.jpg 150w, https:\/\/www.aeemt.org\/web\/wp-content\/uploads\/2020\/09\/webinar-iob-aeemt.jpg 351w\" sizes=\"(max-width: 250px) 100vw, 250px\" \/><\/a>[\/vc_column_text][\/vc_column][\/vc_row][vc_row rt_row_background_width=\u00bbdefault\u00bb rt_row_style=\u00bbdefault-style\u00bb rt_row_borders=\u00bb\u00bb rt_row_paddings=\u00bbtrue\u00bb rt_bg_effect=\u00bbclassic\u00bb rt_bg_image_repeat=\u00bbrepeat\u00bb rt_bg_size=\u00bbcover\u00bb rt_bg_position=\u00bbright top\u00bb rt_bg_attachment=\u00bbscroll\u00bb rt_bg_video_format=\u00bbself-hosted\u00bb][vc_column width=\u00bb1\/2&#8243; rt_wrp_col_paddings=\u00bbfalse\u00bb rt_border_top=\u00bb\u00bb rt_border_bottom=\u00bb\u00bb rt_border_left=\u00bb\u00bb rt_border_right=\u00bb\u00bb rt_border_top_mobile=\u00bb\u00bb rt_border_bottom_mobile=\u00bb\u00bb rt_border_left_mobile=\u00bb\u00bb rt_border_right_mobile=\u00bb\u00bb rt_bg_image_repeat=\u00bbrepeat\u00bb rt_bg_size=\u00bbauto auto\u00bb rt_bg_position=\u00bbright top\u00bb rt_bg_attachment=\u00bbscroll\u00bb][vc_column_text]<strong>Webinar IOB(INSTITUTE OF ONCOLOGY)-AEEMT.<\/strong><\/p>\n<p><strong>Organizan<\/strong>: <strong>AEEMT<\/strong> (Asociaci\u00f3n Espa\u00f1ola de Especialistas en Medicina del Trabajo)\u00a0y <strong>IOB<\/strong>\u00a0(Institute of Oncology)<\/p>\n<p><strong>Fecha<\/strong>: Martes 29 de septiembre a las 16.00 horas.<\/p>\n<p><strong>Duraci\u00f3n:<\/strong> 1 hora.<\/p>\n<div class=\"button_wrapper  aligncenter\"><a  href=\"https:\/\/zoom.us\/webinar\/register\/WN_iAyk06yPTHGcqOxVfoC01g\" target=\"_blank\" title=\"Acceso al webinar\" class=\"button_  default medium\"><strong>Acceso al webinar<\/strong><\/a><\/div>\n<ul>\n<li>Puedes descargar la Presentaci\u00f3n del webinar en fromato Pdf en el enlace que tienes a continuaci\u00f3n.<\/li>\n<\/ul>\n<p><a href=\"https:\/\/www.aeemt.org\/pruebaweb\/wp-content\/uploads\/2020\/09\/webinar-iob-aeemt.pdf\" target=\"_blank\" rel=\"noopener noreferrer\"><img loading=\"lazy\" decoding=\"async\" class=\"alignnone wp-image-9316 size-full\" src=\"https:\/\/www.aeemt.org\/pruebaweb\/wp-content\/uploads\/2020\/09\/webinar-iob-aeemt_Pagina_01.jpg\" alt=\"\" width=\"2980\" height=\"1677\" \/><\/a><\/p>\n<div class=\"button_wrapper  aligncenter\"><a  href=\"https:\/\/www.aeemt.org\/pruebaweb\/wp-content\/uploads\/2020\/09\/webinar-iob-aeemt.pdf\" target=\"_blank\" title=\"Presentaci\u00f3n en Pdf\" class=\"button_  default medium\"><strong>Presentaci\u00f3n en Pdf<\/strong><\/a><\/div>\n<p>&nbsp;<\/p>\n<p><strong>Ponentes:<\/strong><\/p>\n<p>16:00:<strong>\u00a0<em>Dr. Javier Sanz<\/em><\/strong><\/p>\n<p>16:05:<strong><em>\u00a0Dr. Javier Rom\u00e1n.<\/em><\/strong><\/p>\n<p>16:15:<strong>\u00a0<em>Dr. Javier Cort\u00e9s<\/em><\/strong><\/p>\n<p>16:25:<strong>\u00a0<em>Dr. Rafael Sanz<\/em><\/strong><\/p>\n<p>16:35:<strong>\u00a0<em>Dr. Luis Reinoso<\/em><\/strong><\/p>\n<p>16.45:<strong>\u00a0Preguntas y debate<\/strong><\/p>\n<p>*Este webinar tendr\u00e1 lugar el\u00a0<strong>martes 29 de septiembre a las 16.00 horas.<\/strong><\/p>\n<p>Esperamos que esta nueva actividad les resulte de inter\u00e9s.<\/p>\n<p>Gracias a todos.[\/vc_column_text][vc_column_text][\/vc_column_text][\/vc_column][vc_column width=\u00bb1\/2&#8243; rt_wrp_col_paddings=\u00bbfalse\u00bb rt_border_top=\u00bb\u00bb rt_border_bottom=\u00bb\u00bb rt_border_left=\u00bb\u00bb rt_border_right=\u00bb\u00bb rt_border_top_mobile=\u00bb\u00bb rt_border_bottom_mobile=\u00bb\u00bb rt_border_left_mobile=\u00bb\u00bb rt_border_right_mobile=\u00bb\u00bb rt_bg_image_repeat=\u00bbrepeat\u00bb rt_bg_size=\u00bbauto auto\u00bb rt_bg_position=\u00bbright top\u00bb rt_bg_attachment=\u00bbscroll\u00bb][vc_column_text]<\/p>\n<h2><span style=\"font-size: 14pt;\"><strong>Acceso al evento<\/strong><\/span><\/h2>\n<p>Este evento estar\u00e1 accesible el <strong>martes 29 de septiembre a las 16.00 horas.<\/strong><\/p>\n<ul>\n<li>Este\u00a0Webinar tendr\u00e1 lugar\u00a0bajo la herramienta <strong>Zoom<\/strong>.<\/li>\n<li>Est\u00e1 herramienta se descargar\u00e1 autom\u00e1ticamente al acceder al enlace.<\/li>\n<\/ul>\n<div class=\"button_wrapper  aligncenter\"><a  href=\"https:\/\/zoom.us\/webinar\/register\/WN_iAyk06yPTHGcqOxVfoC01g\" target=\"_blank\" title=\"Streaming\" class=\"button_  default medium\"><strong>Acceso al webinar<\/strong><\/a><\/div>[\/vc_column_text][vc_column_text]<\/p>\n<p style=\"text-align: center;\"><img loading=\"lazy\" decoding=\"async\" class=\"alignnone wp-image-9316 size-full\" src=\"https:\/\/www.aeemt.org\/pruebaweb\/wp-content\/uploads\/2020\/09\/webinar-iob-aeemt_Pagina_01.jpg\" alt=\"\" width=\"2980\" height=\"1677\" \/><\/p>\n<p>[\/vc_column_text][\/vc_column][\/vc_row][vc_row rt_row_background_width=\u00bbdefault\u00bb rt_row_style=\u00bbdefault-style\u00bb rt_row_borders=\u00bb\u00bb rt_row_paddings=\u00bbtrue\u00bb rt_bg_effect=\u00bbclassic\u00bb rt_bg_image_repeat=\u00bbrepeat\u00bb rt_bg_size=\u00bbcover\u00bb rt_bg_position=\u00bbright top\u00bb rt_bg_attachment=\u00bbscroll\u00bb rt_bg_video_format=\u00bbself-hosted\u00bb][vc_column width=\u00bb1\/3&#8243; rt_wrp_col_paddings=\u00bbfalse\u00bb rt_border_top=\u00bb\u00bb rt_border_bottom=\u00bb\u00bb rt_border_left=\u00bb\u00bb rt_border_right=\u00bb\u00bb rt_border_top_mobile=\u00bb\u00bb rt_border_bottom_mobile=\u00bb\u00bb rt_border_left_mobile=\u00bb\u00bb rt_border_right_mobile=\u00bb\u00bb rt_bg_image_repeat=\u00bbrepeat\u00bb rt_bg_size=\u00bbauto auto\u00bb rt_bg_position=\u00bbright top\u00bb rt_bg_attachment=\u00bbscroll\u00bb][vc_column_text]<\/p>\n<p style=\"text-align: center;\"><strong>Luis Reinoso-Barbero<\/strong><br \/>\n<em>Presidente AEEMT<\/em><\/p>\n<p>[\/vc_column_text][\/vc_column][vc_column width=\u00bb1\/3&#8243; rt_wrp_col_paddings=\u00bbfalse\u00bb rt_border_top=\u00bb\u00bb rt_border_bottom=\u00bb\u00bb rt_border_left=\u00bb\u00bb rt_border_right=\u00bb\u00bb rt_border_top_mobile=\u00bb\u00bb rt_border_bottom_mobile=\u00bb\u00bb rt_border_left_mobile=\u00bb\u00bb rt_border_right_mobile=\u00bb\u00bb rt_bg_image_repeat=\u00bbrepeat\u00bb rt_bg_size=\u00bbauto auto\u00bb rt_bg_position=\u00bbright top\u00bb rt_bg_attachment=\u00bbscroll\u00bb][vc_column_text]<\/p>\n<p style=\"text-align: center;\"><strong>Dra. Carmen Serrano<\/strong><br \/>\n<em>Vicepta. AEEMT<\/em><\/p>\n<p>[\/vc_column_text][\/vc_column][\/vc_row]<\/p>\n","protected":false},"excerpt":{"rendered":"<p>[vc_row rt_row_background_width=\u00bbdefault\u00bb rt_row_style=\u00bbdefault-style\u00bb rt_row_borders=\u00bb\u00bb rt_row_paddings=\u00bbtrue\u00bb rt_bg_effect=\u00bbclassic\u00bb rt_bg_image_repeat=\u00bbrepeat\u00bb rt_bg_size=\u00bbcover\u00bb rt_bg_position=\u00bbright top\u00bb rt_bg_attachment=\u00bbscroll\u00bb rt_bg_video_format=\u00bbself-hosted\u00bb][vc_column width=\u00bb1\/2&#8243; rt_wrp_col_paddings=\u00bbfalse\u00bb rt_border_top=\u00bb\u00bb rt_border_bottom=\u00bb\u00bb rt_border_left=\u00bb\u00bb rt_border_right=\u00bb\u00bb rt_border_top_mobile=\u00bb\u00bb rt_border_bottom_mobile=\u00bb\u00bb rt_border_left_mobile=\u00bb\u00bb rt_border_right_mobile=\u00bb\u00bb rt_bg_image_repeat=\u00bbrepeat\u00bb rt_bg_size=\u00bbauto auto\u00bb rt_bg_position=\u00bbright top\u00bb rt_bg_attachment=\u00bbscroll\u00bb][vc_column_text] Organizan [\/vc_column_text][\/vc_column][vc_column [&hellip;]<\/p>\n","protected":false},"author":1,"featured_media":0,"parent":0,"menu_order":0,"comment_status":"closed","ping_status":"closed","template":"","meta":{"footnotes":""},"class_list":["post-9309","page","type-page","status-publish","hentry"],"_links":{"self":[{"href":"https:\/\/www.aeemt.org\/web\/wp-json\/wp\/v2\/pages\/9309"}],"collection":[{"href":"https:\/\/www.aeemt.org\/web\/wp-json\/wp\/v2\/pages"}],"about":[{"href":"https:\/\/www.aeemt.org\/web\/wp-json\/wp\/v2\/types\/page"}],"author":[{"embeddable":true,"href":"https:\/\/www.aeemt.org\/web\/wp-json\/wp\/v2\/users\/1"}],"replies":[{"embeddable":true,"href":"https:\/\/www.aeemt.org\/web\/wp-json\/wp\/v2\/comments?post=9309"}],"version-history":[{"count":0,"href":"https:\/\/www.aeemt.org\/web\/wp-json\/wp\/v2\/pages\/9309\/revisions"}],"wp:attachment":[{"href":"https:\/\/www.aeemt.org\/web\/wp-json\/wp\/v2\/media?parent=9309"}],"curies":[{"name":"wp","href":"https:\/\/api.w.org\/{rel}","templated":true}]}}