{"id":8209,"date":"2020-04-21T01:19:02","date_gmt":"2020-04-21T01:19:02","guid":{"rendered":"http:\/\/www.aeemt.com\/web\/?page_id=8209"},"modified":"2020-04-21T01:19:02","modified_gmt":"2020-04-21T01:19:02","slug":"extremadura-informacion-covid19","status":"publish","type":"page","link":"https:\/\/www.aeemt.org\/web\/extremadura-informacion-covid19\/","title":{"rendered":"Extremadura. Informaci\u00f3n Covid19"},"content":{"rendered":"<div class=\"col-md-8 col-sm-12\">\n<div class=\"d-flex align-items-center row\">\n<div class=\"col-md-3 col-sm-4 col-5\"><img decoding=\"async\" class=\"Details_DetailsIcon__YyqtL\" src=\"https:\/\/covid19.gob.es\/sites\/default\/files\/logo-mapa\/logo-extremadura.png\" alt=\"Extremadura\" \/><\/div>\n<div class=\"col-md-9 col-sm-8 col-7\">\n<div>\n<h1 class=\"Details_DetailsTitlePrimary__1NGpU\">Extremadura<\/h1>\n<\/div>\n<\/div>\n<\/div>\n<div class=\"Content_Space--xl__25m_B row\">\n<div class=\"col\">\n<div class=\"Content_Space__1SNMm\">\n<h3 class=\"Details_DetailsInfoTitle__3Wzia\">Informaci\u00f3n sobre el COVID-19<\/h3>\n<ul class=\"Details_DetailsInfo__1jWrj\">\n<li><a href=\"https:\/\/saludextremadura.ses.es\/web\/publicationDetail?idItem=162522\" target=\"_blank\" rel=\"noopener noreferrer\">Informaci\u00f3n y recomendaciones sobre el COVID-19 en Extremadura<\/a><\/li>\n<li><a href=\"https:\/\/saludextremadura.ses.es\/web\/detalle-contenido-estructurado?content=coronavirus-este-virus-lo-paramos-unidos\" target=\"_blank\" rel=\"noopener noreferrer\">Acceso a datos actualizados e informaci\u00f3n adicional en Extremadura<\/a><\/li>\n<\/ul>\n<\/div>\n<div class=\"Content_Space__1SNMm\"><\/div>\n<\/div>\n<\/div>\n<\/div>\n<div class=\"Details_PhoneSection__3trJS col-md-4 col-sm-12\">\n<div class=\"AvailablePhones_PhoneCard__3UOxH\">\n<div class=\"Content_Space__1SNMm\">\n<h3 class=\"AvailablePhones_PhoneTitle__3_7na Content_Space__1SNMm\">Tel\u00e9fono Coronavirus con s\u00edntomas<\/h3>\n<p><span class=\"AvailablePhones_Phone__3tWDe\">112<\/span><\/div>\n<div class=\"Content_Space__1SNMm\">\n<h3 class=\"AvailablePhones_PhoneTitle__3_7na Content_Space__1SNMm\">Tel\u00e9fono Urgencias. Sin s\u00edntomas Coronavirus<\/h3>\n<p><span class=\"AvailablePhones_Phone__3tWDe\">112<\/span><\/div>\n<\/div>\n<\/div>\n","protected":false},"excerpt":{"rendered":"<p>Extremadura Informaci\u00f3n sobre el COVID-19 Informaci\u00f3n y recomendaciones sobre el COVID-19 en Extremadura Acceso a datos actualizados e informaci\u00f3n adicional en Extremadura Tel\u00e9fono Coronavirus con s\u00edntomas 112 Tel\u00e9fono Urgencias. Sin [&hellip;]<\/p>\n","protected":false},"author":1,"featured_media":0,"parent":0,"menu_order":0,"comment_status":"closed","ping_status":"closed","template":"","meta":{"footnotes":""},"class_list":["post-8209","page","type-page","status-publish","hentry"],"_links":{"self":[{"href":"https:\/\/www.aeemt.org\/web\/wp-json\/wp\/v2\/pages\/8209"}],"collection":[{"href":"https:\/\/www.aeemt.org\/web\/wp-json\/wp\/v2\/pages"}],"about":[{"href":"https:\/\/www.aeemt.org\/web\/wp-json\/wp\/v2\/types\/page"}],"author":[{"embeddable":true,"href":"https:\/\/www.aeemt.org\/web\/wp-json\/wp\/v2\/users\/1"}],"replies":[{"embeddable":true,"href":"https:\/\/www.aeemt.org\/web\/wp-json\/wp\/v2\/comments?post=8209"}],"version-history":[{"count":0,"href":"https:\/\/www.aeemt.org\/web\/wp-json\/wp\/v2\/pages\/8209\/revisions"}],"wp:attachment":[{"href":"https:\/\/www.aeemt.org\/web\/wp-json\/wp\/v2\/media?parent=8209"}],"curies":[{"name":"wp","href":"https:\/\/api.w.org\/{rel}","templated":true}]}}

Extremadura. Información Covid19

<div class="col-md-8 col-sm-12">
<div class="d-flex align-items-center row">
<div class="col-md-3 col-sm-4 col-5"><img decoding="async" class="Details_DetailsIcon__YyqtL" src="https://covid19.gob.es/sites/default/files/logo-mapa/logo-extremadura.png" alt="Extremadura" /></div>
<div class="col-md-9 col-sm-8 col-7">
<div>
<h1 class="Details_DetailsTitlePrimary__1NGpU">Extremadura</h1>
</div>
</div>
</div>
<div class="Content_Space--xl__25m_B row">
<div class="col">
<div class="Content_Space__1SNMm">
<h3 class="Details_DetailsInfoTitle__3Wzia">Información sobre el COVID-19</h3>
<ul class="Details_DetailsInfo__1jWrj">
<li><a href="https://saludextremadura.ses.es/web/publicationDetail?idItem=162522" target="_blank" rel="noopener noreferrer">Información y recomendaciones sobre el COVID-19 en Extremadura</a></li>
<li><a href="https://saludextremadura.ses.es/web/detalle-contenido-estructurado?content=coronavirus-este-virus-lo-paramos-unidos" target="_blank" rel="noopener noreferrer">Acceso a datos actualizados e información adicional en Extremadura</a></li>
</ul>
</div>
<div class="Content_Space__1SNMm"></div>
</div>
</div>
</div>
<div class="Details_PhoneSection__3trJS col-md-4 col-sm-12">
<div class="AvailablePhones_PhoneCard__3UOxH">
<div class="Content_Space__1SNMm">
<h3 class="AvailablePhones_PhoneTitle__3_7na Content_Space__1SNMm">Teléfono Coronavirus con síntomas</h3>
<p><span class="AvailablePhones_Phone__3tWDe">112</span></div>
<div class="Content_Space__1SNMm">
<h3 class="AvailablePhones_PhoneTitle__3_7na Content_Space__1SNMm">Teléfono Urgencias. Sin síntomas Coronavirus</h3>
<p><span class="AvailablePhones_Phone__3tWDe">112</span></div>
</div>
</div>

<p>Extremadura Información sobre el COVID-19 Información y recomendaciones sobre el COVID-19 en Extremadura Acceso a datos actualizados e información adicional en Extremadura Teléfono Coronavirus con síntomas 112 Teléfono Urgencias. Sin [&hellip;]</p>
