{"id":73706,"date":"2026-04-16T21:38:51","date_gmt":"2026-04-16T19:38:51","guid":{"rendered":"https:\/\/www.aeemt.org\/web\/?page_id=73706"},"modified":"2026-04-16T21:39:55","modified_gmt":"2026-04-16T19:39:55","slug":"vol-35-n01-marzo-2026-numero-completo","status":"publish","type":"page","link":"https:\/\/www.aeemt.org\/web\/vol-35-n01-marzo-2026-numero-completo\/","title":{"rendered":"Vol 35 N01 Marzo 2026. N\u00famero completo."},"content":{"rendered":"<p>[vc_row rt_row_background_width=\u00bbdefault\u00bb rt_row_style=\u00bbdefault-style\u00bb rt_row_borders=\u00bb\u00bb rt_row_paddings=\u00bbtrue\u00bb rt_bg_effect=\u00bbclassic\u00bb rt_bg_image_repeat=\u00bbrepeat\u00bb rt_bg_size=\u00bbcover\u00bb rt_bg_position=\u00bbright top\u00bb rt_bg_attachment=\u00bbscroll\u00bb rt_bg_video_format=\u00bbself-hosted\u00bb][vc_column rt_wrp_col_paddings=\u00bbfalse\u00bb rt_border_top=\u00bb\u00bb rt_border_bottom=\u00bb\u00bb rt_border_left=\u00bb\u00bb rt_border_right=\u00bb\u00bb rt_border_top_mobile=\u00bb\u00bb rt_border_bottom_mobile=\u00bb\u00bb rt_border_left_mobile=\u00bb\u00bb rt_border_right_mobile=\u00bb\u00bb rt_bg_image_repeat=\u00bbrepeat\u00bb rt_bg_size=\u00bbauto auto\u00bb rt_bg_position=\u00bbright top\u00bb rt_bg_attachment=\u00bbscroll\u00bb]<div class=\"rt_heading_wrapper style-4\">\n\t\t\t\t\t\t<h2 class=\"rt_heading  style-4\" >N\u00famero de la Revista:\u00a0<strong>Vol. 35\u00a0&#8211; n\u00ba 01\u00a0&#8211;\u00a0marzo\u00a02026<\/strong><\/h2>\n\t\t\t\t\t<\/div>[vc_column_text css=\u00bb\u00bb]<strong>Rev Asoc Esp Espec Med Trab<\/strong><br \/>\nVol\u00famen 35 &#8211; N\u00famero 1 &#8211; Marzo 2026 &#8211; 160 p\u00e1ginas<br \/>\n<strong>ISSN version on line: 3020-1160<\/strong><br \/>\n<strong>ISSN versi\u00f3n impresa: 1132-6255<\/strong><br \/>\nRevista trimestral[\/vc_column_text][vc_column_text css=\u00bb\u00bb]<\/p>\n<h3 style=\"text-align: center;\">Pod\u00e9is\u00a0visualizar en formato PDF el numero completo de la publicaci\u00f3n pulsando sobre el siguiente enlace.<\/h3>\n<p style=\"text-align: center;\"><div class=\"button_wrapper  aligncenter\"><a  href=\"https:\/\/www.aeemt.org\/Revista_AEEMT\/VOL_35_N01_2026_MAR\/MDT%20Marzo%202026.pdf\" target=\"_blank\" title=\"Revista Volumen 35 N01 Marzo 2026\" class=\"button_  default medium\"><strong>PDF del n\u00famero completo de la Revista<\/strong><\/a><\/div>\n<p>[\/vc_column_text][vc_single_image image=\u00bb73711&#8243; img_size=\u00bblarge\u00bb alignment=\u00bbcenter\u00bb onclick=\u00bbcustom_link\u00bb img_link_target=\u00bb_blank\u00bb css=\u00bb\u00bb link=\u00bbhttps:\/\/www.aeemt.org\/Revista_AEEMT\/VOL_35_N01_2026_MAR\/MDT%20Marzo%202026.pdf\u00bb][\/vc_column][\/vc_row][vc_row rt_row_background_width=\u00bbdefault\u00bb rt_row_style=\u00bbdefault-style\u00bb rt_row_borders=\u00bb\u00bb rt_row_paddings=\u00bbtrue\u00bb rt_bg_effect=\u00bbclassic\u00bb rt_bg_image_repeat=\u00bbrepeat\u00bb rt_bg_size=\u00bbcover\u00bb rt_bg_position=\u00bbright top\u00bb rt_bg_attachment=\u00bbscroll\u00bb rt_bg_video_format=\u00bbself-hosted\u00bb][vc_column width=\u00bb1\/2&#8243; rt_wrp_col_paddings=\u00bbfalse\u00bb rt_border_top=\u00bb\u00bb rt_border_bottom=\u00bb\u00bb rt_border_left=\u00bb\u00bb rt_border_right=\u00bb\u00bb rt_border_top_mobile=\u00bb\u00bb rt_border_bottom_mobile=\u00bb\u00bb rt_border_left_mobile=\u00bb\u00bb rt_border_right_mobile=\u00bb\u00bb rt_bg_image_repeat=\u00bbrepeat\u00bb rt_bg_size=\u00bbauto auto\u00bb rt_bg_position=\u00bbright top\u00bb rt_bg_attachment=\u00bbscroll\u00bb]\t \n\t\t<div  class=\"chained_contents style-1  left\" data-rt-animation-group=\"group\" >\n\t\t\t \n\t\t<div  class=\"\" data-rt-animate=\"animate\" data-rt-animation-type=\"fadeInDown\">\n\t\t<span class=\"icon-menu-1 icon\"><\/span><div class=\"list-content\"><h4 class=\"list-title\">SUMARIO<\/h4><p>Sumario de la revista.<\/p>\n<div class=\"button_wrapper \"><a  href=\"https:\/\/www.aeemt.org\/Revista_AEEMT\/VOL_35_N01_2026_MAR\/005-006%20Sumario.pdf\" target=\"_blank\" title=\"Sumario\" class=\"button_  default medium\"><strong>Sumario en PDF<\/strong><\/a><\/div>\n<\/div>\n\t\t<\/div>\n\t\t \n\t\t<div  class=\"\" data-rt-animate=\"animate\" data-rt-animation-type=\"fadeInDown\">\n\t\t<span class=\"icon-doc-alt icon\"><\/span><div class=\"list-content\"><h4 class=\"list-title\">EDITORIAL<\/h4><p style=\"text-align: justify;\"><strong>La edad y el g\u00e9nero en la Vigilancia de la Salud<\/strong><br \/>\n<em>Dra. Carmen Serrano Estrada<\/em><\/p>\n<p style=\"text-align: justify;\">\n<div class=\"button_wrapper \"><a  href=\"https:\/\/www.aeemt.org\/web\/editorial-mdt-vol35-n1-marzo-2026\/\" target=\"_self\" title=\"La edad y el g\u00e9nero en la Vigilancia de la Salud\" class=\"button_  default medium\"><strong>Ver Editorial<\/strong><\/a><\/div>\n<div class=\"button_wrapper \"><a  href=\"https:\/\/www.aeemt.org\/Revista_AEEMT\/VOL_35_N01_2026_MAR\/007-008%20Editorial.pdf\" target=\"_blank\" title=\"La edad y el g\u00e9nero en la Vigilancia de la Salud\" class=\"button_  default medium\"><strong>Editorial en PDF<\/strong><\/a><\/div>\n<\/div>\n\t\t<\/div>\n\t\t \n\t\t<div  class=\"\" data-rt-animate=\"animate\" data-rt-animation-type=\"fadeInDown\">\n\t\t<span class=\"icon-doc-alt icon\"><\/span><div class=\"list-content\"><h4 class=\"list-title\">Art\u00edculo<\/h4><p style=\"text-align: justify;\"><strong>Tos ferina. C\u00f3mo mejorar coberturas vacunales en el personal sanitario expuesto<\/strong><br \/>\n<em>D\u00e9bora Garc\u00eda, Manuel Delgado, Lara Jim\u00e9nez, Jacobo Garc\u00eda, Celia Garc\u00eda,Mar\u00eda Ladisa<\/em><\/p>\n<p style=\"text-align: justify;\">\n<div class=\"button_wrapper \"><a  href=\"https:\/\/www.aeemt.org\/web\/original-1-mdt-vol-35-n01-marzo-2026\/\" target=\"_self\" title=\"Tos ferina. C\u00f3mo mejorar coberturas vacunales en el personal sanitario expuesto\" class=\"button_  default medium\"><strong>Ver Resumen<\/strong><\/a><\/div>\n<p style=\"text-align: justify;\">\n<div class=\"button_wrapper \"><a  href=\"https:\/\/www.aeemt.org\/Revista_AEEMT\/VOL_35_N01_2026_MAR\/009-009%20Original_1.pdf\" target=\"_blank\" title=\"Tos ferina. C\u00f3mo mejorar coberturas vacunales en el personal sanitario expuesto\" class=\"button_  default medium\"><strong>Ver PDF del art\u00edculo completo<\/strong><\/a><\/div>\n<\/div>\n\t\t<\/div>\n\t\t \n\t\t<div  class=\"\" data-rt-animate=\"animate\" data-rt-animation-type=\"fadeInDown\">\n\t\t<span class=\"icon-doc-alt icon\"><\/span><div class=\"list-content\"><h4 class=\"list-title\">Art\u00edculo<\/h4><p style=\"text-align: justify;\"><strong>Exposici\u00f3n ocupacional a Neisseria meningitidis en trabajadores de salud: an\u00e1lisis de un caso colombiano y recomendaciones para el manejo institucional<\/strong><br \/>\n<em>Marta Luz Bernal, Marco Obdulio Ot\u00e1lora<\/em><\/p>\n<p style=\"text-align: left;\">\n<div class=\"button_wrapper \"><a  href=\"https:\/\/www.aeemt.org\/web\/original-2-mdt-vol-35-n01-marzo-2026\/\" target=\"_self\" title=\"Exposici\u00f3n ocupacional a Neisseria meningitidis en trabajadores de salud\" class=\"button_  default medium\"><strong>Ver Resumen<\/strong><\/a><\/div>\n<p style=\"text-align: justify;\">\n<div class=\"button_wrapper \"><a  href=\"https:\/\/www.aeemt.org\/Revista_AEEMT\/VOL_35_N01_2026_MAR\/013-026%20Original_2.pdf\" target=\"_blank\" title=\"Exposici\u00f3n ocupacional a Neisseria meningitidis en trabajadores de salud\" class=\"button_  default medium\"><strong>Ver PDF del art\u00edculo completo<\/strong><\/a><\/div>\n<\/div>\n\t\t<\/div>\n\t\t \n\t\t<div  class=\"\" data-rt-animate=\"animate\" data-rt-animation-type=\"fadeInDown\">\n\t\t<span class=\"icon-doc-alt icon\"><\/span><div class=\"list-content\"><h4 class=\"list-title\">Art\u00edculo<\/h4><p style=\"text-align: justify;\"><strong>Abordaje del efecto ergon\u00f3mico que supone el uso de ratones ergon\u00f3micos en el \u00e1mbito sanitario. Primera parte: mu\u00f1eca.<\/strong><br \/>\n<em>Jezabel Rodriguez, Asan Mollov, Susana Jim\u00e9nez, Maria Urdiciain, Bego\u00f1a Bravo, Cristina Vispe, M\u00aa Jos\u00e9 Ochotorena, Anny Jerez, Susana \u00c1lvarez, Bel\u00e9n Asenjo<\/em><\/p>\n<p style=\"text-align: left;\">\n<div class=\"button_wrapper \"><a  href=\"https:\/\/www.aeemt.org\/web\/original-3-mdt-vol-35-n01-marzo-2026\/\" target=\"_self\" title=\"Abordaje del efecto ergon\u00f3mico que supone el uso de ratones ergon\u00f3micos en el \u00e1mbito sanitario. Primera parte: mu\u00f1eca.\" class=\"button_  default medium\"><strong>Ver Resumen<\/strong><\/a><\/div>\n<p style=\"text-align: justify;\">\n<div class=\"button_wrapper \"><a  href=\"https:\/\/www.aeemt.org\/Revista_AEEMT\/VOL_35_N01_2026_MAR\/027-043%20Original_3.pdf\" target=\"_blank\" title=\"Abordaje del efecto ergon\u00f3mico que supone el uso de ratones ergon\u00f3micos en el \u00e1mbito sanitario. Primera parte: mu\u00f1eca.\" class=\"button_  default medium\"><strong>Ver PDF del art\u00edculo completo<\/strong><\/a><\/div>\n<\/div>\n\t\t<\/div>\n\t\t \n\t\t<div  class=\"\" data-rt-animate=\"animate\" data-rt-animation-type=\"fadeInDown\">\n\t\t<span class=\"icon-doc-alt icon\"><\/span><div class=\"list-content\"><h4 class=\"list-title\">Art\u00edculo<\/h4><p style=\"text-align: justify;\"><strong>Abordaje del efecto ergon\u00f3mico que supone el uso de ratones ergon\u00f3micos en el \u00e1mbito sanitario. Segunda parte: codo.<\/strong><br \/>\n<em>Angie Ximena Ortiz-Chamorro, Oscar Iv\u00e1n Quir\u00f3s-G\u00f3mez, Glor\u00eda Mar\u00eda Sierra Hincapi\u00e9<\/em><\/p>\n<p style=\"text-align: left;\">\n<div class=\"button_wrapper \"><a  href=\"https:\/\/www.aeemt.org\/web\/original-4-mdt-vol-35-n01-marzo-2026\/\" target=\"_self\" title=\"Abordaje del efecto ergon\u00f3mico que supone el uso de ratones ergon\u00f3micos en el \u00e1mbito sanitario. Segunda parte: codo.\" class=\"button_  default medium\"><strong>Ver Resumen<\/strong><\/a><\/div>\n<p style=\"text-align: justify;\">\n<div class=\"button_wrapper \"><a  href=\"https:\/\/www.aeemt.org\/Revista_AEEMT\/VOL_35_N01_2026_MAR\/044-057%20Original_4.pdf\" target=\"_blank\" title=\"Abordaje del efecto ergon\u00f3mico que supone el uso de ratones ergon\u00f3micos en el \u00e1mbito sanitario. Segunda parte: codo.\" class=\"button_  default medium\"><strong>Ver PDF del art\u00edculo completo<\/strong><\/a><\/div>\n<\/div>\n\t\t<\/div>\n\t\t \n\t\t<div  class=\"\" data-rt-animate=\"animate\" data-rt-animation-type=\"fadeInDown\">\n\t\t<span class=\"icon-doc-alt icon\"><\/span><div class=\"list-content\"><h4 class=\"list-title\">Art\u00edculo<\/h4><p style=\"text-align: justify;\"><strong>Abordaje del efecto ergon\u00f3mico que supone el uso de ratones ergon\u00f3micos en el \u00e1mbito sanitario. Tercera parte: hombro<\/strong><br \/>\n<em>Asan Mollov, Jezabel Rodriguez, Anny Jerez, Susana Jim\u00e9nez, Cristina Narv\u00e1ez, Beatriz Furtado, Idoia Mendaza, M\u00aa Jos\u00e9 Ochotorena, Isabel Franc\u00e9s, Bel\u00e9n Asenjo<\/em><\/p>\n<p style=\"text-align: left;\">\n<div class=\"button_wrapper \"><a  href=\"https:\/\/www.aeemt.org\/web\/original-5-mdt-vol-35-n01-marzo-2026\/\" target=\"_self\" title=\"Abordaje del efecto ergon\u00f3mico que supone el uso de ratones ergon\u00f3micos en el \u00e1mbito sanitario. Tercera parte: hombro\" class=\"button_  default medium\"><strong>Ver Resumen<\/strong><\/a><\/div>\n<p style=\"text-align: justify;\">\n<div class=\"button_wrapper \"><a  href=\"https:\/\/www.aeemt.org\/Revista_AEEMT\/VOL_35_N01_2026_MAR\/058-072%20Original_5.pdf\" target=\"_blank\" title=\"Abordaje del efecto ergon\u00f3mico que supone el uso de ratones ergon\u00f3micos en el \u00e1mbito sanitario. Tercera parte: hombro\" class=\"button_  default medium\"><strong>Ver PDF del art\u00edculo completo<\/strong><\/a><\/div>\n<\/div>\n\t\t<\/div>\n\t\t \n\t\t<div  class=\"\" data-rt-animate=\"animate\" data-rt-animation-type=\"fadeInDown\">\n\t\t<span class=\"icon-doc-alt icon\"><\/span><div class=\"list-content\"><h4 class=\"list-title\">Art\u00edculo<\/h4><p style=\"text-align: justify;\"><strong>Desarrollo de estr\u00e9s, ansiedad y depresi\u00f3n severos en trabajadores peruanos: incidencia y factores de riesgo en una cohorte retrospectiva<\/strong><br \/>\n<em>V\u00edctor Juan Vera, Jhosmer Ballena, Holly Delgado, Fiorella Zuzunaga<\/em><\/p>\n<p style=\"text-align: left;\">\n<div class=\"button_wrapper \"><a  href=\"https:\/\/www.aeemt.org\/web\/original-6-mdt-vol-35-n01-marzo-2026\/\" target=\"_self\" title=\"Desarrollo de estr\u00e9s, ansiedad y depresi\u00f3n severos en trabajadores peruanos: incidencia y factores de riesgo en una cohorte retrospectiva\" class=\"button_  default medium\"><strong>Ver Resumen<\/strong><\/a><\/div>\n<p style=\"text-align: justify;\">\n<div class=\"button_wrapper \"><a  href=\"https:\/\/www.aeemt.org\/Revista_AEEMT\/VOL_35_N01_2026_MAR\/073-095%20Original_6.pdf\" target=\"_blank\" title=\"Desarrollo de estr\u00e9s, ansiedad y depresi\u00f3n severos en trabajadores peruanos: incidencia y factores de riesgo en una cohorte retrospectiva\" class=\"button_  default medium\"><strong>Ver PDF del art\u00edculo completo<\/strong><\/a><\/div>\n<\/div>\n\t\t<\/div>\n\t\n\t\t<\/div>\n\t[\/vc_column][vc_column width=\u00bb1\/2&#8243; rt_wrp_col_paddings=\u00bbfalse\u00bb rt_border_top=\u00bb\u00bb rt_border_bottom=\u00bb\u00bb rt_border_left=\u00bb\u00bb rt_border_right=\u00bb\u00bb rt_border_top_mobile=\u00bb\u00bb rt_border_bottom_mobile=\u00bb\u00bb rt_border_left_mobile=\u00bb\u00bb rt_border_right_mobile=\u00bb\u00bb rt_bg_image_repeat=\u00bbrepeat\u00bb rt_bg_size=\u00bbauto auto\u00bb rt_bg_position=\u00bbright top\u00bb rt_bg_attachment=\u00bbscroll\u00bb]\t \n\t\t<div  class=\"chained_contents style-1  left\" data-rt-animation-group=\"group\" >\n\t\t\t \n\t\t<div  class=\"\" data-rt-animate=\"animate\" data-rt-animation-type=\"fadeInDown\">\n\t\t<span class=\"icon-doc-alt icon\"><\/span><div class=\"list-content\"><h4 class=\"list-title\">Art\u00edculo<\/h4><p style=\"text-align: justify;\"><strong>Des\u00f3rdenes musculoesquel\u00e9ticos y absentismo laboral en docentes de un colegio privado de la ciudad de Medell\u00edn<\/strong><br \/>\n<em>Ana M\u00aa. Jaramillo, Lina M\u00aa. Sanchez, M\u00aa Alejandra Genez, Paula Casta\u00f1o, Elsa M\u00aa V\u00e1squez<\/em><\/p>\n<p style=\"text-align: left;\">\n<div class=\"button_wrapper \"><a  href=\"https:\/\/www.aeemt.org\/web\/original-7-mdt-vol-35-n01-marzo-2026\/\" target=\"_self\" title=\"Des\u00f3rdenes musculoesquel\u00e9ticos y absentismo laboral en docentes de un colegio privado de la ciudad de Medell\u00edn\" class=\"button_  default medium\"><strong>Ver Resumen<\/strong><\/a><\/div>\n<p style=\"text-align: justify;\">\n<div class=\"button_wrapper \"><a  href=\"https:\/\/www.aeemt.org\/Revista_AEEMT\/VOL_35_N01_2026_MAR\/096-107%20Original_7.pdf\" target=\"_blank\" title=\"Des\u00f3rdenes musculoesquel\u00e9ticos y absentismo laboral en docentes de un colegio privado de la ciudad de Medell\u00edn\" class=\"button_  default medium\"><strong>Ver PDF del art\u00edculo completo<\/strong><\/a><\/div>\n<\/div>\n\t\t<\/div>\n\t\t \n\t\t<div  class=\"\" data-rt-animate=\"animate\" data-rt-animation-type=\"fadeInDown\">\n\t\t<span class=\"icon-doc-alt icon\"><\/span><div class=\"list-content\"><h4 class=\"list-title\">Art\u00edculo<\/h4><p><strong>Absentismo laboral y salud en trabajadores\/as universitarios de Mendoza-Argentina (2019-2024)<\/strong><br \/>\n<em>Patricia Alejandra Collado, Micaela Lisboa<\/em><\/p>\n<p style=\"text-align: justify;\">\n<div class=\"button_wrapper \"><a  href=\"https:\/\/www.aeemt.org\/web\/original-8-mdt-vol-35-n01-marzo-2026\/\" target=\"_self\" title=\"Absentismo laboral y salud en trabajadores\/as universitarios de Mendoza-Argentina (2019-2024)\" class=\"button_  default medium\"><strong>Ver Resumen<\/strong><\/a><\/div>\n<p style=\"text-align: justify;\">\n<div class=\"button_wrapper \"><a  href=\"https:\/\/www.aeemt.org\/Revista_AEEMT\/VOL_35_N01_2026_MAR\/108-119%20Original_8.pdf\" target=\"_blank\" title=\"Absentismo laboral y salud en trabajadores\/as universitarios de Mendoza-Argentina (2019-2024)\" class=\"button_  default medium\"><strong>Ver PDF del art\u00edculo completo<\/strong><\/a><\/div>\n<\/div>\n\t\t<\/div>\n\t\t \n\t\t<div  class=\"\" data-rt-animate=\"animate\" data-rt-animation-type=\"fadeInDown\">\n\t\t<span class=\"icon-doc-alt icon\"><\/span><div class=\"list-content\"><h4 class=\"list-title\">Revisi\u00f3n<\/h4><p><strong>La obligatoriedad de la \u201cVigilancia de la Salud Postocupacional\u201d en trabajadores expuestos a agentes cancer\u00edgenos. Revisi\u00f3n Bibliogr\u00e1fica.<\/strong><br \/>\n<em>Ambar Deschamps, Yohana Salgado<\/em><\/p>\n<p style=\"text-align: justify;\">\n<div class=\"button_wrapper \"><a  href=\"https:\/\/www.aeemt.org\/web\/revision-1-mdt-vol-35-n01-marzo-2026\/\" target=\"_self\" title=\"La obligatoriedad de la \u201cVigilancia de la Salud Postocupacional\u201d en trabajadores expuestos a agentes cancer\u00edgenos. Revisi\u00f3n Bibliogr\u00e1fica..\" class=\"button_  default medium\"><strong>Ver Resumen<\/strong><\/a><\/div>\n<p style=\"text-align: justify;\">\n<div class=\"button_wrapper \"><a  href=\"https:\/\/www.aeemt.org\/Revista_AEEMT\/VOL_35_N01_2026_MAR\/120-131%20Revision_1.pdf\" target=\"_blank\" title=\"La\" class=\"button_  default medium\"><strong>PDF del art\u00edculo completo<\/strong><\/a><\/div>\n<\/div>\n\t\t<\/div>\n\t\t \n\t\t<div  class=\"\" data-rt-animate=\"animate\" data-rt-animation-type=\"fadeInDown\">\n\t\t<span class=\"icon-doc-alt icon\"><\/span><div class=\"list-content\"><h4 class=\"list-title\">Revisi\u00f3n<\/h4><p><strong>Prevenci\u00f3n del acoso laboral: Brechas y propuestas en el contexto actual<\/strong><br \/>\n<em>Juncal S\u00e1nchez, M\u00aa Te\u00f3fi la Vicente, M\u00aa Victoria Ram\u00edrez, Luisa Capdevila, Miguel Ruiz, Ignacio Torres, Alfonso Torres<\/em><\/p>\n<p style=\"text-align: justify;\">\n<div class=\"button_wrapper \"><a  href=\"https:\/\/www.aeemt.org\/web\/revision-2-mdt-vol-35-n01-marzo-2026\/\" target=\"_self\" title=\"Prevenci\u00f3n del acoso laboral: Brechas y propuestas en el contexto actual\" class=\"button_  default medium\"><strong>Ver Resumen<\/strong><\/a><\/div>\n<p style=\"text-align: justify;\">\n<div class=\"button_wrapper \"><a  href=\"https:\/\/www.aeemt.org\/Revista_AEEMT\/VOL_35_N01_2026_MAR\/132-147%20Revision_2.pdf\" target=\"_blank\" title=\"Prevenci\u00f3n del acoso laboral: Brechas y propuestas en el contexto actual\" class=\"button_  default medium\"><strong>PDF del art\u00edculo completo<\/strong><\/a><\/div>\n<\/div>\n\t\t<\/div>\n\t\t \n\t\t<div  class=\"\" data-rt-animate=\"animate\" data-rt-animation-type=\"fadeInDown\">\n\t\t<span class=\"icon-doc-alt icon\"><\/span><div class=\"list-content\"><h4 class=\"list-title\">Carta a la Directora<\/h4><p><strong>El dilema del \u201cdoble agente\u201d en Medicina del Trabajo<\/strong><br \/>\n<em>\u00c1lvaro \u00c1lvarez Ib\u00e1\u00f1ez<\/em><\/p>\n<p style=\"text-align: justify;\">\n<div class=\"button_wrapper \"><a  href=\"https:\/\/www.aeemt.org\/web\/carta-a-la-directora-1-mdt-vol-35-n01-marzo-2026\/\" target=\"_self\" title=\"El dilema del \u201cdoble agente\u201d en Medicina del Trabajo\" class=\"button_  default medium\"><strong>Ver Resumen<\/strong><\/a><\/div>\n<p style=\"text-align: justify;\">\n<div class=\"button_wrapper \"><a  href=\"https:\/\/www.aeemt.org\/Revista_AEEMT\/VOL_35_N01_2026_MAR\/148-150%20Carta_Directora_1.pdf\" target=\"_blank\" title=\"El dilema del \u201cdoble agente\u201d en Medicina del Trabajo\" class=\"button_  default medium\"><strong>PDF del art\u00edculo completo<\/strong><\/a><\/div>\n<\/div>\n\t\t<\/div>\n\t\t \n\t\t<div  class=\"\" data-rt-animate=\"animate\" data-rt-animation-type=\"fadeInDown\">\n\t\t<span class=\"icon-doc-alt icon\"><\/span><div class=\"list-content\"><h4 class=\"list-title\">Carta a la Directora<\/h4><p><strong>Exposici\u00f3n ocupacional en los servicios de farmacia hospitalaria a medicamentos peligrosos no est\u00e9riles<\/strong><br \/>\n<em>Lucia Yunquera, Cristina Garc\u00eda, Juan Carlos del R\u00edo, M\u00aa Dolores L\u00f3pez, Ana Mar\u00eda Jim\u00e9nez, Carmen Gallego<\/em><\/p>\n<p style=\"text-align: justify;\">\n<div class=\"button_wrapper \"><a  href=\"https:\/\/www.aeemt.org\/web\/carta-a-la-directora-2-mdt-vol-35-n01-marzo-2026\/\" target=\"_self\" title=\"Exposici\u00f3n ocupacional en los servicios de farmacia hospitalaria a medicamentos peligrosos no est\u00e9riles\" class=\"button_  default medium\"><strong>Ver Resumen<\/strong><\/a><\/div>\n<p style=\"text-align: justify;\">\n<div class=\"button_wrapper \"><a  href=\"https:\/\/www.aeemt.org\/Revista_AEEMT\/VOL_35_N01_2026_MAR\/152-154%20Carta_Directora_2.pdf\" target=\"_blank\" title=\"Exposici\u00f3n ocupacional en los servicios de farmacia hospitalaria a medicamentos peligrosos no est\u00e9riles\" class=\"button_  default medium\"><strong>PDF del art\u00edculo completo<\/strong><\/a><\/div>\n<\/div>\n\t\t<\/div>\n\t\t \n\t\t<div  class=\"\" data-rt-animate=\"animate\" data-rt-animation-type=\"fadeInDown\">\n\t\t<span class=\"icon-users icon\"><\/span><div class=\"list-content\"><h4 class=\"list-title\">Equipo editorial<\/h4><p style=\"text-align: justify;\"><strong>DIRECTORA:<\/strong><br \/>\n<em>Dra. M\u00aa Teresa del Campo Balsa<\/em><br \/>\n<strong>FUNDADOR DE LA REVISTA EN 1991:<\/strong><br \/>\n<em>Dr. Javier Sanz Gonz\u00e1lez<\/em><br \/>\n<strong>COMIT\u00c9 DE REDACCI\u00d3N:<\/strong><br \/>\n<em>Dra. Carmen Bellido Cambr\u00f3n, Dra. Luisa Capdevila Garc\u00eda, Dr. Alejandro Fern\u00e1ndez Montero, Dra. Lourdes Jim\u00e9nez Bajo, Dra. Carmen Mu\u00f1oz Ruiperez, Dr. Luis Reinoso Barbero, Dr. Ignacio S\u00e1nchez-Arcilla Conejo, Dr. Guillermo Soriano Tar\u00edn<\/em><\/p>\n<p style=\"text-align: justify;\">\n<div class=\"button_wrapper \"><a  href=\"https:\/\/www.aeemt.org\/web\/equipo-editorial\/\" target=\"_self\" title=\"Equipo Editorial\" class=\"button_  default medium\"><strong>Ver Equipo Editorial<\/strong><\/a><\/div>\n<\/div>\n\t\t<\/div>\n\t\n\t\t<\/div>\n\t[\/vc_column][\/vc_row]<\/p>\n","protected":false},"excerpt":{"rendered":"<p>[vc_row rt_row_background_width=\u00bbdefault\u00bb rt_row_style=\u00bbdefault-style\u00bb rt_row_borders=\u00bb\u00bb rt_row_paddings=\u00bbtrue\u00bb rt_bg_effect=\u00bbclassic\u00bb rt_bg_image_repeat=\u00bbrepeat\u00bb rt_bg_size=\u00bbcover\u00bb rt_bg_position=\u00bbright top\u00bb rt_bg_attachment=\u00bbscroll\u00bb rt_bg_video_format=\u00bbself-hosted\u00bb][vc_column rt_wrp_col_paddings=\u00bbfalse\u00bb rt_border_top=\u00bb\u00bb rt_border_bottom=\u00bb\u00bb rt_border_left=\u00bb\u00bb rt_border_right=\u00bb\u00bb rt_border_top_mobile=\u00bb\u00bb rt_border_bottom_mobile=\u00bb\u00bb rt_border_left_mobile=\u00bb\u00bb rt_border_right_mobile=\u00bb\u00bb rt_bg_image_repeat=\u00bbrepeat\u00bb rt_bg_size=\u00bbauto auto\u00bb rt_bg_position=\u00bbright top\u00bb rt_bg_attachment=\u00bbscroll\u00bb][vc_column_text css=\u00bb\u00bb]Rev Asoc Esp [&hellip;]<\/p>\n","protected":false},"author":1,"featured_media":0,"parent":0,"menu_order":0,"comment_status":"closed","ping_status":"closed","template":"","meta":{"footnotes":""},"class_list":["post-73706","page","type-page","status-publish","hentry"],"_links":{"self":[{"href":"https:\/\/www.aeemt.org\/web\/wp-json\/wp\/v2\/pages\/73706"}],"collection":[{"href":"https:\/\/www.aeemt.org\/web\/wp-json\/wp\/v2\/pages"}],"about":[{"href":"https:\/\/www.aeemt.org\/web\/wp-json\/wp\/v2\/types\/page"}],"author":[{"embeddable":true,"href":"https:\/\/www.aeemt.org\/web\/wp-json\/wp\/v2\/users\/1"}],"replies":[{"embeddable":true,"href":"https:\/\/www.aeemt.org\/web\/wp-json\/wp\/v2\/comments?post=73706"}],"version-history":[{"count":3,"href":"https:\/\/www.aeemt.org\/web\/wp-json\/wp\/v2\/pages\/73706\/revisions"}],"predecessor-version":[{"id":73783,"href":"https:\/\/www.aeemt.org\/web\/wp-json\/wp\/v2\/pages\/73706\/revisions\/73783"}],"wp:attachment":[{"href":"https:\/\/www.aeemt.org\/web\/wp-json\/wp\/v2\/media?parent=73706"}],"curies":[{"name":"wp","href":"https:\/\/api.w.org\/{rel}","templated":true}]}}