{"id":73466,"date":"2026-01-22T21:56:19","date_gmt":"2026-01-22T20:56:19","guid":{"rendered":"https:\/\/www.aeemt.org\/web\/?page_id=73466"},"modified":"2026-01-22T22:06:57","modified_gmt":"2026-01-22T21:06:57","slug":"caso-clinico-mdt-vol-34-n04-diciembre-2025","status":"publish","type":"page","link":"https:\/\/www.aeemt.org\/web\/caso-clinico-mdt-vol-34-n04-diciembre-2025\/","title":{"rendered":"Caso Cl\u00ednico MDT Vol 34 N04 Diciembre 2025"},"content":{"rendered":"<p>[vc_row rt_row_background_width=\u00bbdefault\u00bb rt_row_style=\u00bbdefault-style\u00bb rt_row_borders=\u00bb\u00bb rt_row_paddings=\u00bbtrue\u00bb rt_bg_effect=\u00bbclassic\u00bb rt_bg_image_repeat=\u00bbrepeat\u00bb rt_bg_size=\u00bbcover\u00bb rt_bg_position=\u00bbright top\u00bb rt_bg_attachment=\u00bbscroll\u00bb rt_bg_video_format=\u00bbself-hosted\u00bb][vc_column rt_wrp_col_paddings=\u00bbfalse\u00bb rt_border_top=\u00bb\u00bb rt_border_bottom=\u00bb\u00bb rt_border_left=\u00bb\u00bb rt_border_right=\u00bb\u00bb rt_border_top_mobile=\u00bb\u00bb rt_border_bottom_mobile=\u00bb\u00bb rt_border_left_mobile=\u00bb\u00bb rt_border_right_mobile=\u00bb\u00bb rt_bg_image_repeat=\u00bbrepeat\u00bb rt_bg_size=\u00bbauto auto\u00bb rt_bg_position=\u00bbright top\u00bb rt_bg_attachment=\u00bbscroll\u00bb]<div class=\"rt_heading_wrapper \">\n\t\t\t\t\t\t<h2 class=\"rt_heading  \" >Terapia celular avanzada y accidente biol\u00f3gico: Abordaje desde el Servicio de Prevenci\u00f3n de Riesgos Laborales<\/h2>\n\t\t\t\t\t<\/div>[\/vc_column][\/vc_row][vc_row rt_row_background_width=\u00bbdefault\u00bb rt_row_style=\u00bbdefault-style\u00bb rt_row_borders=\u00bb\u00bb rt_row_paddings=\u00bbtrue\u00bb rt_bg_effect=\u00bbclassic\u00bb rt_bg_image_repeat=\u00bbrepeat\u00bb rt_bg_size=\u00bbcover\u00bb rt_bg_position=\u00bbright top\u00bb rt_bg_attachment=\u00bbscroll\u00bb rt_bg_video_format=\u00bbself-hosted\u00bb][vc_column rt_wrp_col_paddings=\u00bbfalse\u00bb rt_border_top=\u00bb\u00bb rt_border_bottom=\u00bb\u00bb rt_border_left=\u00bb\u00bb rt_border_right=\u00bb\u00bb rt_border_top_mobile=\u00bb\u00bb rt_border_bottom_mobile=\u00bb\u00bb rt_border_left_mobile=\u00bb\u00bb rt_border_right_mobile=\u00bb\u00bb rt_bg_image_repeat=\u00bbrepeat\u00bb rt_bg_size=\u00bbauto auto\u00bb rt_bg_position=\u00bbright top\u00bb rt_bg_attachment=\u00bbscroll\u00bb][vc_column_text css=\u00bb\u00bb]<\/p>\n<p style=\"text-align: justify;\"><img loading=\"lazy\" decoding=\"async\" class=\" wp-image-70359 aligncenter\" src=\"https:\/\/www.aeemt.org\/web\/wp-content\/uploads\/2024\/09\/Revista_AEEMT_Cabecero-300x97.png\" alt=\"\" width=\"927\" height=\"300\" srcset=\"https:\/\/www.aeemt.org\/web\/wp-content\/uploads\/2024\/09\/Revista_AEEMT_Cabecero-300x97.png 300w, https:\/\/www.aeemt.org\/web\/wp-content\/uploads\/2024\/09\/Revista_AEEMT_Cabecero-768x248.png 768w, https:\/\/www.aeemt.org\/web\/wp-content\/uploads\/2024\/09\/Revista_AEEMT_Cabecero-600x193.png 600w, https:\/\/www.aeemt.org\/web\/wp-content\/uploads\/2024\/09\/Revista_AEEMT_Cabecero.png 934w\" sizes=\"(max-width: 927px) 100vw, 927px\" \/><\/p>\n<p style=\"text-align: justify;\">N\u00famero de la Revista: Vol. 34 &#8211; n\u00ba 04- Diciembre 2025<\/p>\n<p><strong>Secci\u00f3n:<\/strong> Revisi\u00f3n<\/p>\n<p><strong>T\u00edtulo:<\/strong> Terapia celular avanzada y accidente biol\u00f3gico: Abordaje desde el Servicio de Prevenci\u00f3n de Riesgos Laborales<\/p>\n<p style=\"text-align: justify;\"><strong>Autores:<\/strong><\/p>\n<p><strong><em>Luis Ignacio L\u00f3pez Michelena<\/em><\/strong><strong><em><sup>(1)<\/sup><\/em><\/strong><strong><em>, Juli\u00e1n David Barrera Barrera<\/em><\/strong><strong><em><sup>(2)<\/sup><\/em><\/strong><strong><em>, Natalia G\u00f3mez Esteban<\/em><\/strong><strong><em><sup>(3)<\/sup><\/em><\/strong><strong><em>,\u00a0 <\/em><\/strong><strong><em>Gyra Alejandra Gonz\u00e1lez Russi<\/em><\/strong><strong><em><sup>(4)<\/sup><\/em><\/strong><strong><em>, Clara Margarita Giraldo Luna<\/em><\/strong><strong><em><sup>(5)<\/sup><\/em><\/strong><strong><em>, Diana S\u00e1nchez Calder\u00f3n<\/em><\/strong><strong><em><sup>(6)<\/sup><\/em><\/strong><\/p>\n<p><em><sup>1 <\/sup><\/em><em>MSc Seguridad y Salud en el Trabajo. Grupo de investigaci\u00f3n Salud, Ser humano y Trabajo. Facultad de Medicina, Universidad El Bosque, Colombia.<\/em><br \/>\n<em><sup>2<\/sup><\/em><em>Especialista en Seguridad y Salud en el Trabajo. Grupo de investigaci\u00f3n Salud, Ser humano y Trabajo. Facultad de <\/em><em><sup>\u00a0<\/sup><\/em><em>Medicina, Universidad El Bosque, Colombia. <\/em><br \/>\n<em><sup>3<\/sup><\/em><em>Especialista en Seguridad y Salud en el Trabajo. Grupo de investigaci\u00f3n Salud, Ser humano y Trabajo. Facultad de <\/em><em><sup>\u00a0<\/sup><\/em><em>Medicina, Universidad El Bosque, Colombia. <\/em><br \/>\n<em><sup>4<\/sup><\/em><em>Especialista en Seguridad y Salud en el Trabajo. Grupo de investigaci\u00f3n Salud, Ser humano y Trabajo. Facultad de <\/em><em><sup>\u00a0<\/sup><\/em><em>Medicina, Universidad El Bosque, Colombia. <\/em><br \/>\n<em><sup>5<\/sup><\/em><em>MSc Salud P\u00fablica y Desarrollo Social. Grupo de investigaci\u00f3n Salud, Ser humano y Trabajo. Facultad de Medicina, <\/em><em><sup>\u00a0<\/sup><\/em><em>Universidad El Bosque, Colombia.<\/em><br \/>\n<em><sup>6<\/sup><\/em><em>MSc Seguridad y Salud en el Trabajo. Grupo de investigaci\u00f3n Salud, Ser humano y Trabajo. Facultad de Medicina, <\/em><em><sup>\u00a0<\/sup><\/em><em>Universidad El Bosque, Colombia.<\/em><\/p>\n<p><strong>Correspondencia:<\/strong><\/p>\n<p><strong><em>Luis Ignacio L\u00f3pez Michelena <\/em><\/strong><\/p>\n<p>Direcci\u00f3n postal:\u00a0 Carrera 50 #137-24 apto 402,\u00a0 Edificio Las Marias, Bogot\u00e1, Colombia.<br \/>\nTel\u00e9fono: +573158233635.<br \/>\nCorreo electr\u00f3nico: <a href=\"mailto:lilopez@unbosque.edu.co\" target=\"_blank\" rel=\"noopener\">lilopez@unbosque.edu.co<\/a><\/p>\n<p><strong>Palabras Clave<\/strong>: Plaguicidas; exposici\u00f3n ocupacional; alteraciones neurocognitivas; enfermedad de Alzheimer; enfermedad de Parkinson.<\/p>\n<p><strong>Keywords<\/strong>: Pesticides; Occupational Exposure; Neurocognitive Disorders; Alzheimer Disease; Parkinson Disease.<\/p>\n<p style=\"text-align: justify;\"><strong>Cita Art\u00edculo<\/strong>: Luis Ignacio L\u00f3pez Michelena et al. Alteraciones neurocognitivas en trabajadores expuestos a plaguicidas: Revisi\u00f3n de alcance. Rev Asoc Esp Espec Med Trab 2025; 34(4):434-447<\/p>\n<p style=\"text-align: justify;\">Acceso al PDF: <div class=\"button_wrapper \"><a  href=\"https:\/\/www.aeemt.org\/Revista_AEEMT\/VOL_34_N04_2025_DIC\/448-450%20Original_10.pdf\" target=\"_blank\" title=\"Terapia celular avanzada y accidente biol\u00f3gico: Abordaje desde el Servicio de Prevenci\u00f3n de Riesgos Laborales\" class=\"button_  default medium\"><strong>PDF del Art\u00edculo<\/strong><\/a><\/div>\n<p><strong>RESUMEN.<\/strong><\/p>\n<p style=\"text-align: justify;\"><strong>Descripci\u00f3n del caso cl\u00ednico:<\/strong> Se explica la aplicaci\u00f3n del protocolo de exposici\u00f3n accidental a material biol\u00f3gico, partiendo desde un caso de un trabajador sanitario accidentado y la variable que significa la terapia celular avanzada.<\/p>\n<p style=\"text-align: justify;\"><strong>Discusi\u00f3n:<\/strong> Los vectores lentivirales usados en la terapia con c\u00e9lulas T con receptores quim\u00e9ricos de ant\u00edgenos pueden generar resultados positivos en las pruebas del Virus inmunodeficiencia humana (VIH) sin que haya una infecci\u00f3n real.<\/p>\n<p style=\"text-align: justify;\"><strong>Conclusi\u00f3n:<\/strong> El manejo de la exposici\u00f3n accidental exige conocimientos actualizados, colaboraci\u00f3n interdisciplinaria y una cultura de notificaci\u00f3n para lograr una respuesta r\u00e1pida y de impacto.<\/p>\n<p style=\"text-align: justify;\"><strong>Title: <\/strong><strong>ADVANCED CELL THERAPY AND BIOLOGICAL ACCIDENT: APPROACH FROM THE OCCUPATIONAL RISK PREVENTION SERVICE.<\/strong><\/p>\n<p style=\"text-align: justify;\"><strong>Abstract:<\/strong><\/p>\n<p style=\"text-align: justify;\"><strong>Clinical case description:<\/strong> The use of the protocol for accidental exposure to blood or body fluids is explained based on the case of a healthcare worker and the variable that advanced cell therapy represents.<\/p>\n<p style=\"text-align: justify;\"><strong>Discussion:<\/strong> The lentiviral vectors used in chimeric antigen receptor T-cell therapy can generate positive human immunodeficiency virus (HIV) tests without actual infection.<\/p>\n<p style=\"text-align: justify;\"><strong>Conclusion:<\/strong> Managing accidental exposure requires up-to-date knowledge, cross-functional collaboration, and a culture of reporting to achieve a rapid and impactful response.<\/p>\n<p>[\/vc_column_text][\/vc_column][\/vc_row]<\/p>\n","protected":false},"excerpt":{"rendered":"<p>[vc_row rt_row_background_width=\u00bbdefault\u00bb rt_row_style=\u00bbdefault-style\u00bb rt_row_borders=\u00bb\u00bb rt_row_paddings=\u00bbtrue\u00bb rt_bg_effect=\u00bbclassic\u00bb rt_bg_image_repeat=\u00bbrepeat\u00bb rt_bg_size=\u00bbcover\u00bb rt_bg_position=\u00bbright top\u00bb rt_bg_attachment=\u00bbscroll\u00bb rt_bg_video_format=\u00bbself-hosted\u00bb][vc_column rt_wrp_col_paddings=\u00bbfalse\u00bb rt_border_top=\u00bb\u00bb rt_border_bottom=\u00bb\u00bb rt_border_left=\u00bb\u00bb rt_border_right=\u00bb\u00bb rt_border_top_mobile=\u00bb\u00bb rt_border_bottom_mobile=\u00bb\u00bb rt_border_left_mobile=\u00bb\u00bb rt_border_right_mobile=\u00bb\u00bb rt_bg_image_repeat=\u00bbrepeat\u00bb rt_bg_size=\u00bbauto auto\u00bb rt_bg_position=\u00bbright top\u00bb rt_bg_attachment=\u00bbscroll\u00bb][\/vc_column][\/vc_row][vc_row rt_row_background_width=\u00bbdefault\u00bb rt_row_style=\u00bbdefault-style\u00bb rt_row_borders=\u00bb\u00bb [&hellip;]<\/p>\n","protected":false},"author":1,"featured_media":0,"parent":0,"menu_order":0,"comment_status":"closed","ping_status":"closed","template":"","meta":{"footnotes":""},"class_list":["post-73466","page","type-page","status-publish","hentry"],"_links":{"self":[{"href":"https:\/\/www.aeemt.org\/web\/wp-json\/wp\/v2\/pages\/73466"}],"collection":[{"href":"https:\/\/www.aeemt.org\/web\/wp-json\/wp\/v2\/pages"}],"about":[{"href":"https:\/\/www.aeemt.org\/web\/wp-json\/wp\/v2\/types\/page"}],"author":[{"embeddable":true,"href":"https:\/\/www.aeemt.org\/web\/wp-json\/wp\/v2\/users\/1"}],"replies":[{"embeddable":true,"href":"https:\/\/www.aeemt.org\/web\/wp-json\/wp\/v2\/comments?post=73466"}],"version-history":[{"count":3,"href":"https:\/\/www.aeemt.org\/web\/wp-json\/wp\/v2\/pages\/73466\/revisions"}],"predecessor-version":[{"id":73472,"href":"https:\/\/www.aeemt.org\/web\/wp-json\/wp\/v2\/pages\/73466\/revisions\/73472"}],"wp:attachment":[{"href":"https:\/\/www.aeemt.org\/web\/wp-json\/wp\/v2\/media?parent=73466"}],"curies":[{"name":"wp","href":"https:\/\/api.w.org\/{rel}","templated":true}]}}