{"id":73452,"date":"2026-01-22T21:20:26","date_gmt":"2026-01-22T20:20:26","guid":{"rendered":"https:\/\/www.aeemt.org\/web\/?page_id=73452"},"modified":"2026-01-22T21:20:26","modified_gmt":"2026-01-22T20:20:26","slug":"original-7-mdt-vol-34-n04-diciembre-2025","status":"publish","type":"page","link":"https:\/\/www.aeemt.org\/web\/original-7-mdt-vol-34-n04-diciembre-2025\/","title":{"rendered":"Original 7 MDT Vol 34 N04 Diciembre 2025"},"content":{"rendered":"<p>[vc_row rt_row_background_width=\u00bbdefault\u00bb rt_row_style=\u00bbdefault-style\u00bb rt_row_borders=\u00bb\u00bb rt_row_paddings=\u00bbtrue\u00bb rt_bg_effect=\u00bbclassic\u00bb rt_bg_image_repeat=\u00bbrepeat\u00bb rt_bg_size=\u00bbcover\u00bb rt_bg_position=\u00bbright top\u00bb rt_bg_attachment=\u00bbscroll\u00bb rt_bg_video_format=\u00bbself-hosted\u00bb][vc_column rt_wrp_col_paddings=\u00bbfalse\u00bb rt_border_top=\u00bb\u00bb rt_border_bottom=\u00bb\u00bb rt_border_left=\u00bb\u00bb rt_border_right=\u00bb\u00bb rt_border_top_mobile=\u00bb\u00bb rt_border_bottom_mobile=\u00bb\u00bb rt_border_left_mobile=\u00bb\u00bb rt_border_right_mobile=\u00bb\u00bb rt_bg_image_repeat=\u00bbrepeat\u00bb rt_bg_size=\u00bbauto auto\u00bb rt_bg_position=\u00bbright top\u00bb rt_bg_attachment=\u00bbscroll\u00bb]<div class=\"rt_heading_wrapper \">\n\t\t\t\t\t\t<h2 class=\"rt_heading  \" >Subregistro de la hernia discal lumbar como enfermedad. Necesidad de un cambio de paradigma<\/h2>\n\t\t\t\t\t<\/div>[\/vc_column][\/vc_row][vc_row rt_row_background_width=\u00bbdefault\u00bb rt_row_style=\u00bbdefault-style\u00bb rt_row_borders=\u00bb\u00bb rt_row_paddings=\u00bbtrue\u00bb rt_bg_effect=\u00bbclassic\u00bb rt_bg_image_repeat=\u00bbrepeat\u00bb rt_bg_size=\u00bbcover\u00bb rt_bg_position=\u00bbright top\u00bb rt_bg_attachment=\u00bbscroll\u00bb rt_bg_video_format=\u00bbself-hosted\u00bb][vc_column rt_wrp_col_paddings=\u00bbfalse\u00bb rt_border_top=\u00bb\u00bb rt_border_bottom=\u00bb\u00bb rt_border_left=\u00bb\u00bb rt_border_right=\u00bb\u00bb rt_border_top_mobile=\u00bb\u00bb rt_border_bottom_mobile=\u00bb\u00bb rt_border_left_mobile=\u00bb\u00bb rt_border_right_mobile=\u00bb\u00bb rt_bg_image_repeat=\u00bbrepeat\u00bb rt_bg_size=\u00bbauto auto\u00bb rt_bg_position=\u00bbright top\u00bb rt_bg_attachment=\u00bbscroll\u00bb][vc_column_text css=\u00bb\u00bb]<\/p>\n<p style=\"text-align: justify;\"><img loading=\"lazy\" decoding=\"async\" class=\" wp-image-70359 aligncenter\" src=\"https:\/\/www.aeemt.org\/web\/wp-content\/uploads\/2024\/09\/Revista_AEEMT_Cabecero-300x97.png\" alt=\"\" width=\"927\" height=\"300\" srcset=\"https:\/\/www.aeemt.org\/web\/wp-content\/uploads\/2024\/09\/Revista_AEEMT_Cabecero-300x97.png 300w, https:\/\/www.aeemt.org\/web\/wp-content\/uploads\/2024\/09\/Revista_AEEMT_Cabecero-768x248.png 768w, https:\/\/www.aeemt.org\/web\/wp-content\/uploads\/2024\/09\/Revista_AEEMT_Cabecero-600x193.png 600w, https:\/\/www.aeemt.org\/web\/wp-content\/uploads\/2024\/09\/Revista_AEEMT_Cabecero.png 934w\" sizes=\"(max-width: 927px) 100vw, 927px\" \/><\/p>\n<p style=\"text-align: justify;\">N\u00famero de la Revista: Vol. 34 &#8211; n\u00ba 04- Diciembre 2025<\/p>\n<p><strong>Secci\u00f3n:<\/strong>\u00a0Original<\/p>\n<p><strong>T\u00edtulo:<\/strong> Subregistro de la hernia discal lumbar como enfermedad. Necesidad de un cambio de paradigma<\/p>\n<p style=\"text-align: justify;\"><strong>Autores:<\/strong><\/p>\n<p><strong><em>D\u00e9bora Joanna Gamarra Leimann<\/em><\/strong><strong><em><sup>(1)<\/sup><\/em><\/strong><\/p>\n<p><em><sup>1<\/sup><\/em><em>Especialista en Ortopedia y Traumatolog\u00eda. M\u00e9dica Titular de Comisi\u00f3n M\u00e9dica Jurisdiccional. Superintendencia de <\/em><em><sup>\u00a0<\/sup><\/em><em>Riesgos de Trabajo. Buenos Aires, Argentina. ORCID: 0000-0001-7661-850x<\/em><\/p>\n<p><strong>Correspondencia:<\/strong><\/p>\n<p><strong><em>D\u00e9bora Joanna Gamarra Leimann <\/em><\/strong><\/p>\n<p>Correo electr\u00f3nico: <a href=\"mailto:doctora.debora@gmail.com\" target=\"_blank\" rel=\"noopener\">doctora.debora@gmail.com<\/a><\/p>\n<p><strong>Palabras Clave<\/strong>: Nomenclatura del Grupo Combinado de trabajo; Lumbalgia; hernia discal; factores de riesgo.<\/p>\n<p><strong>Keywords<\/strong>: combined task force nomenclature disc; Low Back Pain; disk desplacement; Risk factors.<\/p>\n<p style=\"text-align: justify;\"><strong>Cita Art\u00edculo<\/strong>: D\u00e9bora Joanna Gamarra Leimann. Subregistro de la hernia discal lumbar como enfermedad. Necesidad de un cambio de paradigma. Rev Asoc Esp Espec Med Trab 2025; 34(4):405-419<\/p>\n<p style=\"text-align: justify;\">Acceso al PDF: <div class=\"button_wrapper \"><a  href=\"https:\/\/www.aeemt.org\/Revista_AEEMT\/VOL_34_N04_2025_DIC\/405-419%20Original_07.pdf\" target=\"_blank\" title=\"Subregistro de la hernia discal lumbar como enfermedad. Necesidad de un cambio de paradigma\" class=\"button_  default medium\"><strong>PDF del Art\u00edculo<\/strong><\/a><\/div>\n<p><strong>RESUMEN.<\/strong><\/p>\n<p style=\"text-align: justify;\"><strong>Introducci\u00f3n:<\/strong> En Argentina es bajo el reconocimiento de la enfermedad discal lumbar (HDLS). La nomenclatura del Grupo de Trabajo Combinado (GTC) normatizar\u00eda su definici\u00f3n facilitando su registro. Se desconoce si se utiliza. Este trabajo eval\u00faa su uso entre profesionales en diagn\u00f3stico por im\u00e1genes y si modifica la opini\u00f3n de los profesionales en la atenci\u00f3n de la columna.<\/p>\n<p style=\"text-align: justify;\"><strong>Material y M\u00e9todos:<\/strong> Se realiz\u00f3 una encuesta a profesionales en Diagn\u00f3stico por Im\u00e1genes, Neurocirug\u00eda, Ortopedia y Traumatolog\u00eda. Se consult\u00f3 sobre la nomenclatura del GTC, lumbalgia y exposici\u00f3n laboral.<\/p>\n<p style=\"text-align: justify;\"><strong>Resultados:<\/strong> El 54% (\u00b12) utiliza la nomenclatura del GTC para HDLS. La morfolog\u00eda discal no modificar\u00eda la opini\u00f3n sobre la etiopatogenia del dolor en el 62.9% de los encuestados.<\/p>\n<p style=\"text-align: justify;\"><strong>Conclusiones:<\/strong> El uso de la nomenclatura del GTC es de uso bajo a moderado. La mayor\u00eda de los profesionales no modifica su opini\u00f3n sobre la etiopatogenia de la lumbalgia por la morfolog\u00eda discal informada.<\/p>\n<p style=\"text-align: justify;\"><strong>Title: <\/strong><strong>UNDERREPORTING OF LUMBAR DISC DISEASE. NEED FOR A PARADIGM SHIFT.<\/strong><\/p>\n<p style=\"text-align: justify;\"><strong style=\"text-align: justify;\">Abstract:<\/strong><\/p>\n<p style=\"text-align: justify;\"><strong>Introduction:<\/strong> In Argentina, lumbar disc disease (LDD) is underrecognized. The Combined Working Group (CWG) nomenclature would standardize its definition, facilitating its registration. It is unknown whether it is currently in use. This study evaluates its use among diagnostic imaging professionals and whether it changes their opinions regarding spinal care.<\/p>\n<p style=\"text-align: justify;\"><strong>Materials and Methods:<\/strong> A survey was conducted among physicians dedicated to diagnostic imaging and those dedicated to neurosurgery, orthopedics, and traumatology. They were asked about the GTC nomenclature, low back pain, and occupational exposure.<\/p>\n<p style=\"text-align: justify;\"><strong>Results:<\/strong> Fifty-four percent (\u00b12) uses the CWG nomenclature for LDD; the discal morphologic would not change the opinion on the etiopathogenesis of pain in 62.9% of those surveyed.<\/p>\n<p style=\"text-align: justify;\"><strong>Conclusions:<\/strong> The use of the GTC nomenclature for the definition of LDD is low to moderate. For most respondents, disc morphology is not a determining factor in their opinion on the etiopathogenesis of low back pain.<\/p>\n<p>[\/vc_column_text][\/vc_column][\/vc_row]<\/p>\n","protected":false},"excerpt":{"rendered":"<p>[vc_row rt_row_background_width=\u00bbdefault\u00bb rt_row_style=\u00bbdefault-style\u00bb rt_row_borders=\u00bb\u00bb rt_row_paddings=\u00bbtrue\u00bb rt_bg_effect=\u00bbclassic\u00bb rt_bg_image_repeat=\u00bbrepeat\u00bb rt_bg_size=\u00bbcover\u00bb rt_bg_position=\u00bbright top\u00bb rt_bg_attachment=\u00bbscroll\u00bb rt_bg_video_format=\u00bbself-hosted\u00bb][vc_column rt_wrp_col_paddings=\u00bbfalse\u00bb rt_border_top=\u00bb\u00bb rt_border_bottom=\u00bb\u00bb rt_border_left=\u00bb\u00bb rt_border_right=\u00bb\u00bb rt_border_top_mobile=\u00bb\u00bb rt_border_bottom_mobile=\u00bb\u00bb rt_border_left_mobile=\u00bb\u00bb rt_border_right_mobile=\u00bb\u00bb rt_bg_image_repeat=\u00bbrepeat\u00bb rt_bg_size=\u00bbauto auto\u00bb rt_bg_position=\u00bbright top\u00bb rt_bg_attachment=\u00bbscroll\u00bb][\/vc_column][\/vc_row][vc_row rt_row_background_width=\u00bbdefault\u00bb rt_row_style=\u00bbdefault-style\u00bb rt_row_borders=\u00bb\u00bb [&hellip;]<\/p>\n","protected":false},"author":1,"featured_media":0,"parent":0,"menu_order":0,"comment_status":"closed","ping_status":"closed","template":"","meta":{"footnotes":""},"class_list":["post-73452","page","type-page","status-publish","hentry"],"_links":{"self":[{"href":"https:\/\/www.aeemt.org\/web\/wp-json\/wp\/v2\/pages\/73452"}],"collection":[{"href":"https:\/\/www.aeemt.org\/web\/wp-json\/wp\/v2\/pages"}],"about":[{"href":"https:\/\/www.aeemt.org\/web\/wp-json\/wp\/v2\/types\/page"}],"author":[{"embeddable":true,"href":"https:\/\/www.aeemt.org\/web\/wp-json\/wp\/v2\/users\/1"}],"replies":[{"embeddable":true,"href":"https:\/\/www.aeemt.org\/web\/wp-json\/wp\/v2\/comments?post=73452"}],"version-history":[{"count":2,"href":"https:\/\/www.aeemt.org\/web\/wp-json\/wp\/v2\/pages\/73452\/revisions"}],"predecessor-version":[{"id":73454,"href":"https:\/\/www.aeemt.org\/web\/wp-json\/wp\/v2\/pages\/73452\/revisions\/73454"}],"wp:attachment":[{"href":"https:\/\/www.aeemt.org\/web\/wp-json\/wp\/v2\/media?parent=73452"}],"curies":[{"name":"wp","href":"https:\/\/api.w.org\/{rel}","templated":true}]}}