{"id":72765,"date":"2025-11-04T13:42:21","date_gmt":"2025-11-04T12:42:21","guid":{"rendered":"https:\/\/www.aeemt.org\/web\/?page_id=72765"},"modified":"2025-11-10T17:25:32","modified_gmt":"2025-11-10T16:25:32","slug":"acceso-socios","status":"publish","type":"page","link":"https:\/\/www.aeemt.org\/web\/acceso-socios\/","title":{"rendered":"Acceso Socios"},"content":{"rendered":"<p>[vc_row rt_row_background_width=\u00bbdefault\u00bb rt_row_style=\u00bbdefault-style\u00bb rt_row_borders=\u00bb\u00bb rt_row_paddings=\u00bbtrue\u00bb rt_bg_effect=\u00bbclassic\u00bb rt_bg_image_repeat=\u00bbrepeat\u00bb rt_bg_size=\u00bbcover\u00bb rt_bg_position=\u00bbright top\u00bb rt_bg_attachment=\u00bbscroll\u00bb rt_bg_video_format=\u00bbself-hosted\u00bb][vc_column rt_wrp_col_paddings=\u00bbfalse\u00bb rt_border_top=\u00bb\u00bb rt_border_bottom=\u00bb\u00bb rt_border_left=\u00bb\u00bb rt_border_right=\u00bb\u00bb rt_border_top_mobile=\u00bb\u00bb rt_border_bottom_mobile=\u00bb\u00bb rt_border_left_mobile=\u00bb\u00bb rt_border_right_mobile=\u00bb\u00bb rt_bg_image_repeat=\u00bbrepeat\u00bb rt_bg_size=\u00bbauto auto\u00bb rt_bg_position=\u00bbright top\u00bb rt_bg_attachment=\u00bbscroll\u00bb][vc_column_text css=\u00bb\u00bb]<\/p>\n<p style=\"text-align: center;\"><img loading=\"lazy\" decoding=\"async\" class=\"wp-image-73022 aligncenter\" src=\"https:\/\/www.aeemt.org\/web\/wp-content\/uploads\/2025\/11\/Banner-Zona-Usuarios-Azul-IMG-300x88.png\" alt=\"\" width=\"1022\" height=\"300\" srcset=\"https:\/\/www.aeemt.org\/web\/wp-content\/uploads\/2025\/11\/Banner-Zona-Usuarios-Azul-IMG-300x88.png 300w, https:\/\/www.aeemt.org\/web\/wp-content\/uploads\/2025\/11\/Banner-Zona-Usuarios-Azul-IMG-1024x300.png 1024w, https:\/\/www.aeemt.org\/web\/wp-content\/uploads\/2025\/11\/Banner-Zona-Usuarios-Azul-IMG-768x225.png 768w, https:\/\/www.aeemt.org\/web\/wp-content\/uploads\/2025\/11\/Banner-Zona-Usuarios-Azul-IMG-1536x450.png 1536w, https:\/\/www.aeemt.org\/web\/wp-content\/uploads\/2025\/11\/Banner-Zona-Usuarios-Azul-IMG-600x176.png 600w, https:\/\/www.aeemt.org\/web\/wp-content\/uploads\/2025\/11\/Banner-Zona-Usuarios-Azul-IMG.png 1600w\" sizes=\"(max-width: 1022px) 100vw, 1022px\" \/><\/p>\n<p>[\/vc_column_text][\/vc_column][\/vc_row][vc_row rt_row_background_width=\u00bbdefault\u00bb rt_row_style=\u00bbdefault-style\u00bb rt_row_borders=\u00bb\u00bb rt_row_paddings=\u00bbtrue\u00bb rt_bg_effect=\u00bbclassic\u00bb rt_bg_image_repeat=\u00bbrepeat\u00bb rt_bg_size=\u00bbcover\u00bb rt_bg_position=\u00bbright top\u00bb rt_bg_attachment=\u00bbscroll\u00bb rt_bg_video_format=\u00bbself-hosted\u00bb][vc_column rt_wrp_col_paddings=\u00bbfalse\u00bb rt_border_top=\u00bb\u00bb rt_border_bottom=\u00bb\u00bb rt_border_left=\u00bb\u00bb rt_border_right=\u00bb\u00bb rt_border_top_mobile=\u00bb\u00bb rt_border_bottom_mobile=\u00bb\u00bb rt_border_left_mobile=\u00bb\u00bb rt_border_right_mobile=\u00bb\u00bb rt_bg_image_repeat=\u00bbrepeat\u00bb rt_bg_size=\u00bbauto auto\u00bb rt_bg_position=\u00bbright top\u00bb rt_bg_attachment=\u00bbscroll\u00bb][vc_column_text css=\u00bb\u00bb]Os presentamos la secci\u00f3n de la <strong>Zona de Socios<\/strong> de <strong>La Asociaci\u00f3n Espa\u00f1ola de Especialistas en Medicina del Trabajo (AEEMT).<\/strong><\/p>\n<p style=\"text-align: justify;\">En la misma podr\u00e9is editar vuestros datos, algo que<strong> os agradecemos que realic\u00e9is<\/strong> cuando os sea posible.<\/p>\n<p style=\"text-align: justify;\">As\u00ed mismo <strong>hemos habilitado la posibilidad de recuperaci\u00f3n de contrase\u00f1a<\/strong>. El campo que se os solicita, deb\u00e9is cumplimentarlo con el Usuario que se os facilit\u00f3 al haceros socios (ejemplo <strong>ABCD01234,\u00a0<\/strong>compuesto por cuatro letras en may\u00fasculas seguido de 5 d\u00edgitos), o bien con el email que facilitasteis al daros de alta.<\/p>\n<p style=\"text-align: justify;\">En el caso de que el formulario os muestre el siguiente mensaje \u00ab<strong>Error<\/strong>: no hay ninguna cuenta con ese nombre de usuario o direcci\u00f3n de correo electr\u00f3nico.\u00bb, deb\u00e9is contactar con la secretaria de la AEEMT, D\u00f1a. Mercedes Almagro en el correo: <strong><a href=\"mailto:secretaria@aeemt.com\" target=\"_blank\" rel=\"noopener\">secretaria@aeemt.com<\/a><\/strong><\/p>\n<p style=\"text-align: justify;\">Deseamos que encontr\u00e9is esta Secci\u00f3n de vuestro inter\u00e9s.<\/p>\n<p style=\"text-align: justify;\">Un saludo a todos.<\/p>\n<p>[\/vc_column_text][\/vc_column][\/vc_row][vc_row rt_row_background_width=\u00bbdefault\u00bb rt_row_style=\u00bbdefault-style\u00bb rt_row_borders=\u00bb\u00bb rt_row_paddings=\u00bbtrue\u00bb rt_bg_effect=\u00bbclassic\u00bb rt_bg_image_repeat=\u00bbrepeat\u00bb rt_bg_size=\u00bbcover\u00bb rt_bg_position=\u00bbright top\u00bb rt_bg_attachment=\u00bbscroll\u00bb rt_bg_video_format=\u00bbself-hosted\u00bb rt_bg_color=\u00bb#EBE9E9&#8243;][vc_column rt_wrp_col_paddings=\u00bbfalse\u00bb rt_border_top=\u00bb\u00bb rt_border_bottom=\u00bb\u00bb rt_border_left=\u00bb\u00bb rt_border_right=\u00bb\u00bb rt_border_top_mobile=\u00bb\u00bb rt_border_bottom_mobile=\u00bb\u00bb rt_border_left_mobile=\u00bb\u00bb rt_border_right_mobile=\u00bb\u00bb rt_bg_image_repeat=\u00bbrepeat\u00bb rt_bg_size=\u00bbauto auto\u00bb rt_bg_position=\u00bbright top\u00bb rt_bg_attachment=\u00bbscroll\u00bb]\n\t\t\t\t<div  class=\"banner withbutton clearfix\" data-rt-animate=\"animate\" data-rt-animation-type=\"fadeIn\" data-rt-animation-group=\"single\" >\n\t\t\t\t\t<div class=\"featured_text\">\n\t\t\t\t\t\t<p style=\"text-align: center;\"><strong>\u00a1\u00a1\u00a1AVISO IMPORTANTE!!!<\/strong><\/p>\n<p style=\"text-align: justify;\">Con ocasi\u00f3n del Intercongreso de la AEEMT, el d\u00eda\u00a0<strong>28 de marzo de 2025\u00a0<\/strong>tuvo lugar la\u00a0<strong>Asamblea General Extraordinaria de la Asociaci\u00f3n,\u00a0<\/strong>Durante la misma, se procedi\u00f3 a la\u00a0<strong>aprobaci\u00f3n de los nuevos estatutos de nuestra asociaci\u00f3n<\/strong>, cuyo texto ponemos a disposici\u00f3n de todos nuestros asociados<\/p>\n\n\t\t\t\t\t<\/div>\n\t\t\t\t\t<div class=\"button_holder\"><div>\n\t\t\t<div class=\"button_wrapper \"><a  href=\"http:\/\/www.aeemt.com\/web\/2025\/05\/09\/nuevos-estatutos-de-la-aeemt-28-de-marzo-de-2025\/\" target=\"_blank\" title=\"Nuevos estatutos de la AEEMT. 28 de marzo de 2025\" class=\"button_  default medium\">Nuevos estatutos de la AEEMT. 28 de marzo de 2025<\/a><\/div>\n\t\t<\/div><\/div>\t\t\t\t\n\t\t\t\t<\/div>\n\t\t\t[\/vc_column][\/vc_row][vc_row rt_row_background_width=\u00bbdefault\u00bb rt_row_style=\u00bbdefault-style\u00bb rt_row_borders=\u00bb\u00bb rt_row_paddings=\u00bbtrue\u00bb rt_bg_effect=\u00bbclassic\u00bb rt_bg_image_repeat=\u00bbrepeat\u00bb rt_bg_size=\u00bbcover\u00bb rt_bg_position=\u00bbright top\u00bb rt_bg_attachment=\u00bbscroll\u00bb rt_bg_video_format=\u00bbself-hosted\u00bb][vc_column width=\u00bb1\/3&#8243; rt_wrp_col_paddings=\u00bbfalse\u00bb rt_border_top=\u00bb\u00bb rt_border_bottom=\u00bb\u00bb rt_border_left=\u00bb\u00bb rt_border_right=\u00bb\u00bb rt_border_top_mobile=\u00bb\u00bb rt_border_bottom_mobile=\u00bb\u00bb rt_border_left_mobile=\u00bb\u00bb rt_border_right_mobile=\u00bb\u00bb rt_bg_image_repeat=\u00bbrepeat\u00bb rt_bg_size=\u00bbauto auto\u00bb rt_bg_position=\u00bbright top\u00bb rt_bg_attachment=\u00bbscroll\u00bb][vc_column_text css=\u00bb\u00bb]<\/p>\n<p style=\"text-align: center;\"><a href=\"https:\/\/www.aeemt.org\/web\/2015\/11\/07\/ver-editar-datos-personales\/\"><img loading=\"lazy\" decoding=\"async\" class=\"wp-image-73029 size-medium aligncenter\" src=\"https:\/\/www.aeemt.org\/web\/wp-content\/uploads\/2025\/11\/Editar-Datos-Socio-IMG-300x300.png\" alt=\"\" width=\"300\" height=\"300\" srcset=\"https:\/\/www.aeemt.org\/web\/wp-content\/uploads\/2025\/11\/Editar-Datos-Socio-IMG-300x300.png 300w, https:\/\/www.aeemt.org\/web\/wp-content\/uploads\/2025\/11\/Editar-Datos-Socio-IMG-150x150.png 150w, https:\/\/www.aeemt.org\/web\/wp-content\/uploads\/2025\/11\/Editar-Datos-Socio-IMG-100x100.png 100w, https:\/\/www.aeemt.org\/web\/wp-content\/uploads\/2025\/11\/Editar-Datos-Socio-IMG.png 469w\" sizes=\"(max-width: 300px) 100vw, 300px\" \/><\/a><\/p>\n<p>[\/vc_column_text][\/vc_column][vc_column width=\u00bb1\/3&#8243; rt_wrp_col_paddings=\u00bbfalse\u00bb rt_border_top=\u00bb\u00bb rt_border_bottom=\u00bb\u00bb rt_border_left=\u00bb\u00bb rt_border_right=\u00bb\u00bb rt_border_top_mobile=\u00bb\u00bb rt_border_bottom_mobile=\u00bb\u00bb rt_border_left_mobile=\u00bb\u00bb rt_border_right_mobile=\u00bb\u00bb rt_bg_image_repeat=\u00bbrepeat\u00bb rt_bg_size=\u00bbauto auto\u00bb rt_bg_position=\u00bbright top\u00bb rt_bg_attachment=\u00bbscroll\u00bb][vc_column_text css=\u00bb\u00bb]<\/p>\n<p style=\"text-align: center;\"><a href=\"https:\/\/www.aeemt.org\/web\/wp-login.php?action=lostpassword\" target=\"_blank\" rel=\"noopener\"><img loading=\"lazy\" decoding=\"async\" class=\"alignnone wp-image-73025 size-medium\" src=\"https:\/\/www.aeemt.org\/web\/wp-content\/uploads\/2025\/11\/Recuperar-Contrasena-IMG-300x300.png\" alt=\"\" width=\"300\" height=\"300\" srcset=\"https:\/\/www.aeemt.org\/web\/wp-content\/uploads\/2025\/11\/Recuperar-Contrasena-IMG-300x300.png 300w, https:\/\/www.aeemt.org\/web\/wp-content\/uploads\/2025\/11\/Recuperar-Contrasena-IMG-150x150.png 150w, https:\/\/www.aeemt.org\/web\/wp-content\/uploads\/2025\/11\/Recuperar-Contrasena-IMG-100x100.png 100w, https:\/\/www.aeemt.org\/web\/wp-content\/uploads\/2025\/11\/Recuperar-Contrasena-IMG.png 469w\" sizes=\"(max-width: 300px) 100vw, 300px\" \/><\/a><\/p>\n<p>[\/vc_column_text][\/vc_column][vc_column width=\u00bb1\/3&#8243; rt_wrp_col_paddings=\u00bbfalse\u00bb rt_border_top=\u00bb\u00bb rt_border_bottom=\u00bb\u00bb rt_border_left=\u00bb\u00bb rt_border_right=\u00bb\u00bb rt_border_top_mobile=\u00bb\u00bb rt_border_bottom_mobile=\u00bb\u00bb rt_border_left_mobile=\u00bb\u00bb rt_border_right_mobile=\u00bb\u00bb rt_bg_image_repeat=\u00bbrepeat\u00bb rt_bg_size=\u00bbauto auto\u00bb rt_bg_position=\u00bbright top\u00bb rt_bg_attachment=\u00bbscroll\u00bb][vc_column_text css=\u00bb\u00bb]<\/p>\n<p style=\"text-align: center;\"><a href=\"https:\/\/www.aeemt.org\/web\/ofertas-de-empleo\/\"><img loading=\"lazy\" decoding=\"async\" class=\"wp-image-72955 size-medium aligncenter\" src=\"https:\/\/www.aeemt.org\/web\/wp-content\/uploads\/2025\/11\/Ofertas-de-Trabajo-IMG-300x300.png\" alt=\"\" width=\"300\" height=\"300\" srcset=\"https:\/\/www.aeemt.org\/web\/wp-content\/uploads\/2025\/11\/Ofertas-de-Trabajo-IMG-300x300.png 300w, https:\/\/www.aeemt.org\/web\/wp-content\/uploads\/2025\/11\/Ofertas-de-Trabajo-IMG-150x150.png 150w, https:\/\/www.aeemt.org\/web\/wp-content\/uploads\/2025\/11\/Ofertas-de-Trabajo-IMG-100x100.png 100w, https:\/\/www.aeemt.org\/web\/wp-content\/uploads\/2025\/11\/Ofertas-de-Trabajo-IMG.png 469w\" sizes=\"(max-width: 300px) 100vw, 300px\" \/><\/a><\/p>\n<p>[\/vc_column_text][\/vc_column][\/vc_row]<\/p>\n","protected":false},"excerpt":{"rendered":"<p>[vc_row rt_row_background_width=\u00bbdefault\u00bb rt_row_style=\u00bbdefault-style\u00bb rt_row_borders=\u00bb\u00bb rt_row_paddings=\u00bbtrue\u00bb rt_bg_effect=\u00bbclassic\u00bb rt_bg_image_repeat=\u00bbrepeat\u00bb rt_bg_size=\u00bbcover\u00bb rt_bg_position=\u00bbright top\u00bb rt_bg_attachment=\u00bbscroll\u00bb rt_bg_video_format=\u00bbself-hosted\u00bb][vc_column rt_wrp_col_paddings=\u00bbfalse\u00bb rt_border_top=\u00bb\u00bb rt_border_bottom=\u00bb\u00bb rt_border_left=\u00bb\u00bb rt_border_right=\u00bb\u00bb rt_border_top_mobile=\u00bb\u00bb rt_border_bottom_mobile=\u00bb\u00bb rt_border_left_mobile=\u00bb\u00bb rt_border_right_mobile=\u00bb\u00bb rt_bg_image_repeat=\u00bbrepeat\u00bb rt_bg_size=\u00bbauto auto\u00bb rt_bg_position=\u00bbright top\u00bb rt_bg_attachment=\u00bbscroll\u00bb][vc_column_text css=\u00bb\u00bb] [\/vc_column_text][\/vc_column][\/vc_row][vc_row rt_row_background_width=\u00bbdefault\u00bb [&hellip;]<\/p>\n","protected":false},"author":1,"featured_media":0,"parent":0,"menu_order":0,"comment_status":"closed","ping_status":"closed","template":"","meta":{"footnotes":""},"class_list":["post-72765","page","type-page","status-publish","hentry"],"_links":{"self":[{"href":"https:\/\/www.aeemt.org\/web\/wp-json\/wp\/v2\/pages\/72765"}],"collection":[{"href":"https:\/\/www.aeemt.org\/web\/wp-json\/wp\/v2\/pages"}],"about":[{"href":"https:\/\/www.aeemt.org\/web\/wp-json\/wp\/v2\/types\/page"}],"author":[{"embeddable":true,"href":"https:\/\/www.aeemt.org\/web\/wp-json\/wp\/v2\/users\/1"}],"replies":[{"embeddable":true,"href":"https:\/\/www.aeemt.org\/web\/wp-json\/wp\/v2\/comments?post=72765"}],"version-history":[{"count":3,"href":"https:\/\/www.aeemt.org\/web\/wp-json\/wp\/v2\/pages\/72765\/revisions"}],"predecessor-version":[{"id":73091,"href":"https:\/\/www.aeemt.org\/web\/wp-json\/wp\/v2\/pages\/72765\/revisions\/73091"}],"wp:attachment":[{"href":"https:\/\/www.aeemt.org\/web\/wp-json\/wp\/v2\/media?parent=72765"}],"curies":[{"name":"wp","href":"https:\/\/api.w.org\/{rel}","templated":true}]}}