{"id":72659,"date":"2025-10-16T13:00:42","date_gmt":"2025-10-16T11:00:42","guid":{"rendered":"https:\/\/www.aeemt.org\/web\/?page_id=72659"},"modified":"2025-10-16T13:08:46","modified_gmt":"2025-10-16T11:08:46","slug":"caso-clinico-mdt-vol-34-n03-septiembre-2025","status":"publish","type":"page","link":"https:\/\/www.aeemt.org\/web\/caso-clinico-mdt-vol-34-n03-septiembre-2025\/","title":{"rendered":"Caso Cl\u00ednico MDT Vol 34 N03 Septiembre 2025"},"content":{"rendered":"<p>[vc_row rt_row_background_width=\u00bbdefault\u00bb rt_row_style=\u00bbdefault-style\u00bb rt_row_borders=\u00bb\u00bb rt_row_paddings=\u00bbtrue\u00bb rt_bg_effect=\u00bbclassic\u00bb rt_bg_image_repeat=\u00bbrepeat\u00bb rt_bg_size=\u00bbcover\u00bb rt_bg_position=\u00bbright top\u00bb rt_bg_attachment=\u00bbscroll\u00bb rt_bg_video_format=\u00bbself-hosted\u00bb][vc_column rt_wrp_col_paddings=\u00bbfalse\u00bb rt_border_top=\u00bb\u00bb rt_border_bottom=\u00bb\u00bb rt_border_left=\u00bb\u00bb rt_border_right=\u00bb\u00bb rt_border_top_mobile=\u00bb\u00bb rt_border_bottom_mobile=\u00bb\u00bb rt_border_left_mobile=\u00bb\u00bb rt_border_right_mobile=\u00bb\u00bb rt_bg_image_repeat=\u00bbrepeat\u00bb rt_bg_size=\u00bbauto auto\u00bb rt_bg_position=\u00bbright top\u00bb rt_bg_attachment=\u00bbscroll\u00bb]<div class=\"rt_heading_wrapper \">\n\t\t\t\t\t\t<h2 class=\"rt_heading  \" >Conducta suicida de un trabajador \u00bfQu\u00e9 hacer en Medicina del Trabajo?<\/h2>\n\t\t\t\t\t<\/div>[\/vc_column][\/vc_row][vc_row rt_row_background_width=\u00bbdefault\u00bb rt_row_style=\u00bbdefault-style\u00bb rt_row_borders=\u00bb\u00bb rt_row_paddings=\u00bbtrue\u00bb rt_bg_effect=\u00bbclassic\u00bb rt_bg_image_repeat=\u00bbrepeat\u00bb rt_bg_size=\u00bbcover\u00bb rt_bg_position=\u00bbright top\u00bb rt_bg_attachment=\u00bbscroll\u00bb rt_bg_video_format=\u00bbself-hosted\u00bb][vc_column rt_wrp_col_paddings=\u00bbfalse\u00bb rt_border_top=\u00bb\u00bb rt_border_bottom=\u00bb\u00bb rt_border_left=\u00bb\u00bb rt_border_right=\u00bb\u00bb rt_border_top_mobile=\u00bb\u00bb rt_border_bottom_mobile=\u00bb\u00bb rt_border_left_mobile=\u00bb\u00bb rt_border_right_mobile=\u00bb\u00bb rt_bg_image_repeat=\u00bbrepeat\u00bb rt_bg_size=\u00bbauto auto\u00bb rt_bg_position=\u00bbright top\u00bb rt_bg_attachment=\u00bbscroll\u00bb][vc_column_text css=\u00bb\u00bb]<\/p>\n<p style=\"text-align: justify;\"><img loading=\"lazy\" decoding=\"async\" class=\" wp-image-70359 aligncenter\" src=\"https:\/\/www.aeemt.org\/web\/wp-content\/uploads\/2024\/09\/Revista_AEEMT_Cabecero-300x97.png\" alt=\"\" width=\"927\" height=\"300\" srcset=\"https:\/\/www.aeemt.org\/web\/wp-content\/uploads\/2024\/09\/Revista_AEEMT_Cabecero-300x97.png 300w, https:\/\/www.aeemt.org\/web\/wp-content\/uploads\/2024\/09\/Revista_AEEMT_Cabecero-768x248.png 768w, https:\/\/www.aeemt.org\/web\/wp-content\/uploads\/2024\/09\/Revista_AEEMT_Cabecero-600x193.png 600w, https:\/\/www.aeemt.org\/web\/wp-content\/uploads\/2024\/09\/Revista_AEEMT_Cabecero.png 934w\" sizes=\"(max-width: 927px) 100vw, 927px\" \/><\/p>\n<p style=\"text-align: justify;\">N\u00famero de la Revista: Vol. 34 &#8211; n\u00ba 03- Septiembre 2025<\/p>\n<p><strong>Secci\u00f3n:<\/strong> Caso Cl\u00ednico<br \/>\n<strong>T\u00edtulo:<\/strong> Conducta suicida de un trabajador \u00bfQu\u00e9 hacer en Medicina del Trabajo?<\/p>\n<p style=\"text-align: justify;\"><strong>Autores:<\/strong><\/p>\n<p><strong><em>Ambar Deschamps Perdomo<\/em><\/strong><strong><em><sup>(1)<\/sup><\/em><\/strong><strong><em>, Yohana Salgado Balb\u00e1s<\/em><\/strong><strong><em><sup>(2)<\/sup><\/em><\/strong><\/p>\n<p><em><sup>1<\/sup><\/em><em>M\u00e9dico Especialista en Medicina del Trabajo. OPSAT. Organismo de Prevenci\u00f3n y Salud en el Trabajo. Francia.<\/em><br \/>\n<em><sup>2<\/sup><\/em><em>Enfermera Especialista en Enfermer\u00eda del Trabajo. Servicio de Prevenci\u00f3n Propio Mancomunado HM Hospitales. <\/em><em>Espa\u00f1a. <\/em><\/p>\n<p><strong>Correspondencia:<\/strong><\/p>\n<p><strong><em>Ambar Deschamps Perdomo <\/em><\/strong><\/p>\n<p>Direcci\u00f3n postal:\u00a0 7 rue de Ch\u00e2tillon, Viry Ch\u00e2tillon, Francia<br \/>\nCorreo electr\u00f3nico: <a href=\"mailto:ambardeschampsp@gmail.com\" target=\"_blank\" rel=\"noopener\">ambardeschampsp@gmail.com<\/a><\/p>\n<p><strong>Palabras Clave<\/strong>: Suicidio en el trabajo; conducta suicida en el trabajo; suicidio y trabajo.<\/p>\n<p><strong>Keywords<\/strong>: Suicide at work, suicidal behaviour at work, suicide and work.<\/p>\n<p style=\"text-align: justify;\"><strong>Cita Art\u00edculo<\/strong>: Ambar Deschamps Perdomo et al. Conducta suicida de un trabajador \u00bfQu\u00e9 hacer en Medicina del Trabajo? Rev Asoc Esp Espec Med Trab 2025; 34(3):309-316<\/p>\n<p style=\"text-align: justify;\">Acceso al PDF: <div class=\"button_wrapper \"><a  href=\"https:\/\/www.aeemt.org\/Revista_AEEMT\/VOL_34_N03_2025_SEP\/309-316%20Caso_Clinico.pdf\" target=\"_blank\" title=\"Conducta suicida de un trabajador \u00bfQu\u00e9 hacer en Medicina del Trabajo?\" class=\"button_  default medium\"><strong>PDF del Art\u00edculo<\/strong><\/a><\/div>\n<p><strong>RESUMEN.<\/strong><\/p>\n<p style=\"text-align: justify;\"><strong>Antecedentes:<\/strong> En Francia una de cada diez muertes por suicidio se identific\u00f3 como potencialmente relacionada con el trabajo.<\/p>\n<p style=\"text-align: justify;\"><strong>Objetivos:<\/strong> Presentar un caso de un trabajador con un intento de suicidio.<\/p>\n<p style=\"text-align: justify;\"><strong>Material y M\u00e9todos:<\/strong> Predominio de pensamientos negativos, tono ansioso, reactivo, tendencia a la tristeza. Evoca conflicto con la empresa.\u00a0 Se eval\u00faa el riesgo de suicido siendo: bajo-moderado. La M\u00e9dico del Trabajo es alertada que el trabajador presenta ideas, tendencia suicida. Tras lo cual, lo llama presentando un riesgo: severo. La Polic\u00eda y Servicios de Urgencias acuden a la estaci\u00f3n de tren donde estaba en las v\u00edas.<\/p>\n<p style=\"text-align: justify;\"><strong>Resultados:<\/strong> La prevenci\u00f3n de los suicidios en el lugar de trabajo empieza por un enfoque global de la prevenci\u00f3n de los riesgos psicosociales.<\/p>\n<p><strong>Conclusiones:<\/strong> Las empresas pueden desarrollar pol\u00edticas y programas que promuevan personas trabajadoras mentalmente sanas y prevengan conductas suicidas.<\/p>\n<p style=\"text-align: justify;\"><strong>Title:<\/strong><\/p>\n<p><strong>SUICIDAL BEHAVIOUR OF A WORKER. WHAT TO DO IN OCCUPATIONAL MEDICINE? <\/strong><\/p>\n<p style=\"text-align: justify;\"><strong style=\"text-align: justify;\">Abstract:<\/strong><\/p>\n<p style=\"text-align: justify;\"><strong>Background:<\/strong> In France one in ten suicide deaths was identified as potentially work-related.<\/p>\n<p style=\"text-align: justify;\"><strong>Objetive:<\/strong> To present a case of a worker with a suicide attempt.<\/p>\n<p style=\"text-align: justify;\"><strong>Material and Methods:<\/strong> Predominance of negative thoughts, anxious, reactive tone, tendency to sadness. Evokes conflict with the company.\u00a0 Suicide risk was assessed as: low-moderate. The occupational physician is alerted to the fact that the worker has suicidal thoughts and suicidal tendencies. She then calls him in with a risk of: severe. The Police and Emergency Services go to the train station where he was on the tracks.<\/p>\n<p style=\"text-align: justify;\"><strong>Results:<\/strong> Suicide prevention in the workplace starts with a global approach to the prevention of psychosocial risks.<\/p>\n<p style=\"text-align: justify;\"><strong>Conclusions:<\/strong> Companies can develop policies and programmes that promote mentally healthy workers and prevent suicidal behaviour.<\/p>\n<p>[\/vc_column_text][\/vc_column][\/vc_row]<\/p>\n","protected":false},"excerpt":{"rendered":"<p>[vc_row rt_row_background_width=\u00bbdefault\u00bb rt_row_style=\u00bbdefault-style\u00bb rt_row_borders=\u00bb\u00bb rt_row_paddings=\u00bbtrue\u00bb rt_bg_effect=\u00bbclassic\u00bb rt_bg_image_repeat=\u00bbrepeat\u00bb rt_bg_size=\u00bbcover\u00bb rt_bg_position=\u00bbright top\u00bb rt_bg_attachment=\u00bbscroll\u00bb rt_bg_video_format=\u00bbself-hosted\u00bb][vc_column rt_wrp_col_paddings=\u00bbfalse\u00bb rt_border_top=\u00bb\u00bb rt_border_bottom=\u00bb\u00bb rt_border_left=\u00bb\u00bb rt_border_right=\u00bb\u00bb rt_border_top_mobile=\u00bb\u00bb rt_border_bottom_mobile=\u00bb\u00bb rt_border_left_mobile=\u00bb\u00bb rt_border_right_mobile=\u00bb\u00bb rt_bg_image_repeat=\u00bbrepeat\u00bb rt_bg_size=\u00bbauto auto\u00bb rt_bg_position=\u00bbright top\u00bb rt_bg_attachment=\u00bbscroll\u00bb][\/vc_column][\/vc_row][vc_row rt_row_background_width=\u00bbdefault\u00bb rt_row_style=\u00bbdefault-style\u00bb rt_row_borders=\u00bb\u00bb [&hellip;]<\/p>\n","protected":false},"author":1,"featured_media":0,"parent":0,"menu_order":0,"comment_status":"closed","ping_status":"closed","template":"","meta":{"footnotes":""},"class_list":["post-72659","page","type-page","status-publish","hentry"],"_links":{"self":[{"href":"https:\/\/www.aeemt.org\/web\/wp-json\/wp\/v2\/pages\/72659"}],"collection":[{"href":"https:\/\/www.aeemt.org\/web\/wp-json\/wp\/v2\/pages"}],"about":[{"href":"https:\/\/www.aeemt.org\/web\/wp-json\/wp\/v2\/types\/page"}],"author":[{"embeddable":true,"href":"https:\/\/www.aeemt.org\/web\/wp-json\/wp\/v2\/users\/1"}],"replies":[{"embeddable":true,"href":"https:\/\/www.aeemt.org\/web\/wp-json\/wp\/v2\/comments?post=72659"}],"version-history":[{"count":2,"href":"https:\/\/www.aeemt.org\/web\/wp-json\/wp\/v2\/pages\/72659\/revisions"}],"predecessor-version":[{"id":72661,"href":"https:\/\/www.aeemt.org\/web\/wp-json\/wp\/v2\/pages\/72659\/revisions\/72661"}],"wp:attachment":[{"href":"https:\/\/www.aeemt.org\/web\/wp-json\/wp\/v2\/media?parent=72659"}],"curies":[{"name":"wp","href":"https:\/\/api.w.org\/{rel}","templated":true}]}}