{"id":71054,"date":"2025-04-10T17:26:16","date_gmt":"2025-04-10T15:26:16","guid":{"rendered":"https:\/\/www.aeemt.org\/web\/?page_id=71054"},"modified":"2025-04-10T18:07:51","modified_gmt":"2025-04-10T16:07:51","slug":"caso-clinico-1-mdt-vol-34-n01-marzo-2025","status":"publish","type":"page","link":"https:\/\/www.aeemt.org\/web\/caso-clinico-1-mdt-vol-34-n01-marzo-2025\/","title":{"rendered":"Caso Cl\u00ednico 1 MDT Vol 34 N01 Marzo 2025"},"content":{"rendered":"<p>[vc_row rt_row_background_width=\u00bbdefault\u00bb rt_row_style=\u00bbdefault-style\u00bb rt_row_borders=\u00bb\u00bb rt_row_paddings=\u00bbtrue\u00bb rt_bg_effect=\u00bbclassic\u00bb rt_bg_image_repeat=\u00bbrepeat\u00bb rt_bg_size=\u00bbcover\u00bb rt_bg_position=\u00bbright top\u00bb rt_bg_attachment=\u00bbscroll\u00bb rt_bg_video_format=\u00bbself-hosted\u00bb][vc_column rt_wrp_col_paddings=\u00bbfalse\u00bb rt_border_top=\u00bb\u00bb rt_border_bottom=\u00bb\u00bb rt_border_left=\u00bb\u00bb rt_border_right=\u00bb\u00bb rt_border_top_mobile=\u00bb\u00bb rt_border_bottom_mobile=\u00bb\u00bb rt_border_left_mobile=\u00bb\u00bb rt_border_right_mobile=\u00bb\u00bb rt_bg_image_repeat=\u00bbrepeat\u00bb rt_bg_size=\u00bbauto auto\u00bb rt_bg_position=\u00bbright top\u00bb rt_bg_attachment=\u00bbscroll\u00bb]<div class=\"rt_heading_wrapper \">\n\t\t\t\t\t\t<h2 class=\"rt_heading  \" >Lupus eritematoso y adaptaci\u00f3n de un trabajador especialmente sensible: a prop\u00f3sito de un caso <\/h2>\n\t\t\t\t\t<\/div>[\/vc_column][\/vc_row][vc_row rt_row_background_width=\u00bbdefault\u00bb rt_row_style=\u00bbdefault-style\u00bb rt_row_borders=\u00bb\u00bb rt_row_paddings=\u00bbtrue\u00bb rt_bg_effect=\u00bbclassic\u00bb rt_bg_image_repeat=\u00bbrepeat\u00bb rt_bg_size=\u00bbcover\u00bb rt_bg_position=\u00bbright top\u00bb rt_bg_attachment=\u00bbscroll\u00bb rt_bg_video_format=\u00bbself-hosted\u00bb][vc_column rt_wrp_col_paddings=\u00bbfalse\u00bb rt_border_top=\u00bb\u00bb rt_border_bottom=\u00bb\u00bb rt_border_left=\u00bb\u00bb rt_border_right=\u00bb\u00bb rt_border_top_mobile=\u00bb\u00bb rt_border_bottom_mobile=\u00bb\u00bb rt_border_left_mobile=\u00bb\u00bb rt_border_right_mobile=\u00bb\u00bb rt_bg_image_repeat=\u00bbrepeat\u00bb rt_bg_size=\u00bbauto auto\u00bb rt_bg_position=\u00bbright top\u00bb rt_bg_attachment=\u00bbscroll\u00bb][vc_column_text css=\u00bb\u00bb]<\/p>\n<p style=\"text-align: justify;\"><img loading=\"lazy\" decoding=\"async\" class=\" wp-image-70359 aligncenter\" src=\"https:\/\/www.aeemt.org\/web\/wp-content\/uploads\/2024\/09\/Revista_AEEMT_Cabecero-300x97.png\" alt=\"\" width=\"927\" height=\"300\" srcset=\"https:\/\/www.aeemt.org\/web\/wp-content\/uploads\/2024\/09\/Revista_AEEMT_Cabecero-300x97.png 300w, https:\/\/www.aeemt.org\/web\/wp-content\/uploads\/2024\/09\/Revista_AEEMT_Cabecero-768x248.png 768w, https:\/\/www.aeemt.org\/web\/wp-content\/uploads\/2024\/09\/Revista_AEEMT_Cabecero-600x193.png 600w, https:\/\/www.aeemt.org\/web\/wp-content\/uploads\/2024\/09\/Revista_AEEMT_Cabecero.png 934w\" sizes=\"(max-width: 927px) 100vw, 927px\" \/><\/p>\n<p style=\"text-align: justify;\">N\u00famero de la Revista: Vol. 34 &#8211; n\u00ba 01- Marzo 2025<\/p>\n<p><strong>Secci\u00f3n:<\/strong> Caso Cl\u00ednico<br \/>\n<strong>T\u00edtulo:<\/strong> Lupus eritematoso y adaptaci\u00f3n de un trabajador especialmente sensible: a prop\u00f3sito de un caso<\/p>\n<p style=\"text-align: justify;\"><strong>Autores:<\/strong><\/p>\n<p><strong><em>Lara Estefan\u00eda Jim\u00e9nez Ortega<\/em><\/strong><strong><em><sup>(1)<\/sup><\/em><\/strong><strong><em>, Francisco Javier Ballesteros Dom\u00ednguez<\/em><\/strong><strong><em><sup>(2)<\/sup><\/em><\/strong><strong><em>, Manuel Delgado Calder\u00f3n<\/em><\/strong><strong><em><sup>(3)<\/sup><\/em><\/strong><strong><em>,\u00a0 Maria Ladisa<\/em><\/strong><strong><em><sup>(4)<\/sup><\/em><\/strong><\/p>\n<p><em><sup>1<\/sup><\/em><em>M\u00e9dico del Trabajo. Hospital Universitario Virgen Macarena. Vigilancia de la Salud. Sevilla. <\/em><br \/>\n<em><sup>2<\/sup><\/em><em>T\u00e9cnico intermedio PRL. Hospital Universitario Virgen Macarena. Servicio de Prevenci\u00f3n de Riesgos Laborales. Sevilla.<\/em><br \/>\n<em><sup>3<\/sup><\/em><em>M\u00e9dico del Trabajo. Hospital Universitario Virgen Macarena. Vigilancia de la Salud. Sevilla. <\/em><em><sup>\u00a0<\/sup><\/em><br \/>\n<em><sup>4<\/sup><\/em><em>M\u00e9dico del Trabajo. Hospital Universitario Virgen Macarena. Vigilancia de la Salud. Sevilla. <\/em><em><sup>\u00a0<\/sup><\/em><\/p>\n<p><strong>Correspondencia:<\/strong><\/p>\n<p><strong><em>Lara Estefan\u00eda Jim\u00e9nez Ortega <\/em><\/strong><\/p>\n<p>Direcci\u00f3n postal:\u00a0 Av. Dr. Fedriani, 3, 41009 Sevilla<br \/>\nCorreo electr\u00f3nico: <a href=\"mailto:llarae.jimenez.sspa@juntadeandalucia.es\" target=\"_blank\" rel=\"noopener\">llarae.jimenez.sspa@juntadeandalucia.es<\/a><\/p>\n<p><strong>Palabras Clave<\/strong>: adaptaci\u00f3n; lupus eritematoso sist\u00e9mico.<\/p>\n<p><strong>Keywords<\/strong>: vulnerable worker; occupational health.<\/p>\n<p><strong>Cita Art\u00edculo<\/strong>:Lara Estefan\u00eda Jim\u00e9nez Ortega et al. Lupus eritematoso y adaptaci\u00f3n de un trabajador especialmente sensible: a prop\u00f3sito de un caso. Rev Asoc Esp Espec Med Trab 2025; 34(1):74-79<\/p>\n<p style=\"text-align: justify;\">Acceso al PDF: <div class=\"button_wrapper \"><a  href=\"https:\/\/www.aeemt.org\/Revista_AEEMT\/VOL_34_N01_2025_MAR\/MDT%20ENERO%202025%20-%20CASOCLINICO%201.pdf\" target=\"_blank\" title=\"Lupus eritematoso y adaptaci\u00f3n de un trabajador especialmente sensible: a prop\u00f3sito de un caso\" class=\"button_  default medium\"><strong>PDF del Art\u00edculo<\/strong><\/a><\/div>\n<p><strong>RESUMEN.<\/strong><\/p>\n<p style=\"text-align: justify;\"><strong>Introducci\u00f3n:<\/strong> El Lupus Eritematoso Sist\u00e9mico es una enfermedad de origen autoinmune que presenta, entre otros s\u00edntomas, posible deformaci\u00f3n articular que puede llegar a ser limitante en las tareas laborales.<\/p>\n<p style=\"text-align: justify;\"><strong>Objetivos:<\/strong> Describir la adaptaci\u00f3n de una trabajadora especialmente sensible a causa de un Lupus Eritematoso, mediante el uso de equipos de trabajo complementarios para obviar a las limitaciones causadas por su patolog\u00eda.<\/p>\n<p style=\"text-align: justify;\"><strong>Material y M\u00e9todos:<\/strong> Caso cl\u00ednico con informaci\u00f3n obtenida del programa de salud laboral (Winmedtra) previo consentimiento por escrito de la trabajadora.<\/p>\n<p style=\"text-align: justify;\"><strong>Resultados:<\/strong> Actualmente presenta una mejora an\u00edmica, sintom\u00e1tica y un mejor rendimiento laboral respecto al examen de salud previo.<\/p>\n<p style=\"text-align: justify;\"><strong>Conclusiones:<\/strong> Las asistencias t\u00e9cnicas pueden ser una gran ayuda en la adaptaci\u00f3n de algunos trabajadores especialmente sensibles.<\/p>\n<p style=\"text-align: justify;\"><strong>Title: <\/strong><strong>LUPUS ERYTHEMATOSUS AND INCLUSION OF A VULNERABLE WORKER: A CASE STUDY<\/strong><\/p>\n<p style=\"text-align: justify;\"><strong style=\"text-align: justify;\">Abstract:<\/strong><\/p>\n<p style=\"text-align: justify;\"><strong>Introduction:<\/strong> Lupus Erythematosus is an autoinmune disease which may cause among other symptoms, articular deformity which can be cause of limitations at certain work tasks.<\/p>\n<p style=\"text-align: justify;\"><strong>Objective:<\/strong> To describe the inclusion of a vulnerable worker because of Lupus Erythematosus by the use of complementary work equipment to obviate the limitations due to her pathology.<\/p>\n<p style=\"text-align: justify;\"><strong>Material and Method:<\/strong> Clinical case study whose information was taken from the occupational health application (Winmedtra) prior written consent of the worker.<\/p>\n<p style=\"text-align: justify;\"><strong>Resultados:<\/strong> Nowadays she reports less pain, showing an improvement in both her work performance and her mood if compared with her previous medical exam.<\/p>\n<p style=\"text-align: justify;\"><strong>Conclusion:<\/strong> Proper technical assistance is key in the adaption of certain vulnerable workers.<\/p>\n<p>[\/vc_column_text][\/vc_column][\/vc_row]<\/p>\n","protected":false},"excerpt":{"rendered":"<p>[vc_row rt_row_background_width=\u00bbdefault\u00bb rt_row_style=\u00bbdefault-style\u00bb rt_row_borders=\u00bb\u00bb rt_row_paddings=\u00bbtrue\u00bb rt_bg_effect=\u00bbclassic\u00bb rt_bg_image_repeat=\u00bbrepeat\u00bb rt_bg_size=\u00bbcover\u00bb rt_bg_position=\u00bbright top\u00bb rt_bg_attachment=\u00bbscroll\u00bb rt_bg_video_format=\u00bbself-hosted\u00bb][vc_column rt_wrp_col_paddings=\u00bbfalse\u00bb rt_border_top=\u00bb\u00bb rt_border_bottom=\u00bb\u00bb rt_border_left=\u00bb\u00bb rt_border_right=\u00bb\u00bb rt_border_top_mobile=\u00bb\u00bb rt_border_bottom_mobile=\u00bb\u00bb rt_border_left_mobile=\u00bb\u00bb rt_border_right_mobile=\u00bb\u00bb rt_bg_image_repeat=\u00bbrepeat\u00bb rt_bg_size=\u00bbauto auto\u00bb rt_bg_position=\u00bbright top\u00bb rt_bg_attachment=\u00bbscroll\u00bb][\/vc_column][\/vc_row][vc_row rt_row_background_width=\u00bbdefault\u00bb rt_row_style=\u00bbdefault-style\u00bb rt_row_borders=\u00bb\u00bb [&hellip;]<\/p>\n","protected":false},"author":1,"featured_media":0,"parent":0,"menu_order":0,"comment_status":"closed","ping_status":"closed","template":"","meta":{"footnotes":""},"class_list":["post-71054","page","type-page","status-publish","hentry"],"_links":{"self":[{"href":"https:\/\/www.aeemt.org\/web\/wp-json\/wp\/v2\/pages\/71054"}],"collection":[{"href":"https:\/\/www.aeemt.org\/web\/wp-json\/wp\/v2\/pages"}],"about":[{"href":"https:\/\/www.aeemt.org\/web\/wp-json\/wp\/v2\/types\/page"}],"author":[{"embeddable":true,"href":"https:\/\/www.aeemt.org\/web\/wp-json\/wp\/v2\/users\/1"}],"replies":[{"embeddable":true,"href":"https:\/\/www.aeemt.org\/web\/wp-json\/wp\/v2\/comments?post=71054"}],"version-history":[{"count":3,"href":"https:\/\/www.aeemt.org\/web\/wp-json\/wp\/v2\/pages\/71054\/revisions"}],"predecessor-version":[{"id":71066,"href":"https:\/\/www.aeemt.org\/web\/wp-json\/wp\/v2\/pages\/71054\/revisions\/71066"}],"wp:attachment":[{"href":"https:\/\/www.aeemt.org\/web\/wp-json\/wp\/v2\/media?parent=71054"}],"curies":[{"name":"wp","href":"https:\/\/api.w.org\/{rel}","templated":true}]}}