{"id":71013,"date":"2025-04-09T18:01:57","date_gmt":"2025-04-09T16:01:57","guid":{"rendered":"https:\/\/www.aeemt.org\/web\/?page_id=71013"},"modified":"2025-04-10T18:35:33","modified_gmt":"2025-04-10T16:35:33","slug":"vol-34-n01-marzo-2025-numero-completo","status":"publish","type":"page","link":"https:\/\/www.aeemt.org\/web\/vol-34-n01-marzo-2025-numero-completo\/","title":{"rendered":"Vol 34 N01 Marzo 2025. N\u00famero completo."},"content":{"rendered":"<p>[vc_row rt_row_background_width=\u00bbdefault\u00bb rt_row_style=\u00bbdefault-style\u00bb rt_row_borders=\u00bb\u00bb rt_row_paddings=\u00bbtrue\u00bb rt_bg_effect=\u00bbclassic\u00bb rt_bg_image_repeat=\u00bbrepeat\u00bb rt_bg_size=\u00bbcover\u00bb rt_bg_position=\u00bbright top\u00bb rt_bg_attachment=\u00bbscroll\u00bb rt_bg_video_format=\u00bbself-hosted\u00bb][vc_column rt_wrp_col_paddings=\u00bbfalse\u00bb rt_border_top=\u00bb\u00bb rt_border_bottom=\u00bb\u00bb rt_border_left=\u00bb\u00bb rt_border_right=\u00bb\u00bb rt_border_top_mobile=\u00bb\u00bb rt_border_bottom_mobile=\u00bb\u00bb rt_border_left_mobile=\u00bb\u00bb rt_border_right_mobile=\u00bb\u00bb rt_bg_image_repeat=\u00bbrepeat\u00bb rt_bg_size=\u00bbauto auto\u00bb rt_bg_position=\u00bbright top\u00bb rt_bg_attachment=\u00bbscroll\u00bb]<div class=\"rt_heading_wrapper style-4\">\n\t\t\t\t\t\t<h2 class=\"rt_heading  style-4\" >N\u00famero de la Revista:\u00a0<strong>Vol. 34\u00a0&#8211; n\u00ba 01\u00a0&#8211;\u00a0Marzo\u00a02025<\/strong><\/h2>\n\t\t\t\t\t<\/div>[vc_column_text css=\u00bb\u00bb]<strong>Rev Asoc Esp Espec Med Trab<\/strong><br \/>\nVol\u00famen 34 &#8211; N\u00famero 1- Marzo 2025 &#8211; 124 p\u00e1ginas<br \/>\n<strong>ISSN version on line: 3020-1160<\/strong><br \/>\n<strong>ISSN versi\u00f3n impresa: 1132-6255<\/strong><br \/>\nRevista trimestral[\/vc_column_text][vc_column_text css=\u00bb\u00bb]<\/p>\n<h3 style=\"text-align: center;\">Pod\u00e9is\u00a0visualizar en formato PDF el numero completo de la publicaci\u00f3n pulsando sobre el siguiente enlace.<\/h3>\n<p style=\"text-align: center;\"><div class=\"button_wrapper  aligncenter\"><a  href=\"https:\/\/www.aeemt.org\/Revista_AEEMT\/VOL_34_N01_2025_MAR\/MDT%20ENERO%202025.pdf\" target=\"_blank\" title=\"Revista Volumen 34 N01 Marzo 2025\" class=\"button_  default medium\"><strong>PDF del n\u00famero completo de la Revista<\/strong><\/a><\/div>\n<p>[\/vc_column_text][vc_single_image image=\u00bb71035&#8243; img_size=\u00bbfull\u00bb alignment=\u00bbcenter\u00bb css=\u00bb\u00bb][\/vc_column][\/vc_row][vc_row rt_row_background_width=\u00bbdefault\u00bb rt_row_style=\u00bbdefault-style\u00bb rt_row_borders=\u00bb\u00bb rt_row_paddings=\u00bbtrue\u00bb rt_bg_effect=\u00bbclassic\u00bb rt_bg_image_repeat=\u00bbrepeat\u00bb rt_bg_size=\u00bbcover\u00bb rt_bg_position=\u00bbright top\u00bb rt_bg_attachment=\u00bbscroll\u00bb rt_bg_video_format=\u00bbself-hosted\u00bb][vc_column width=\u00bb1\/2&#8243; rt_wrp_col_paddings=\u00bbfalse\u00bb rt_border_top=\u00bb\u00bb rt_border_bottom=\u00bb\u00bb rt_border_left=\u00bb\u00bb rt_border_right=\u00bb\u00bb rt_border_top_mobile=\u00bb\u00bb rt_border_bottom_mobile=\u00bb\u00bb rt_border_left_mobile=\u00bb\u00bb rt_border_right_mobile=\u00bb\u00bb rt_bg_image_repeat=\u00bbrepeat\u00bb rt_bg_size=\u00bbauto auto\u00bb rt_bg_position=\u00bbright top\u00bb rt_bg_attachment=\u00bbscroll\u00bb]\t \n\t\t<div  class=\"chained_contents style-1  left\" data-rt-animation-group=\"group\" >\n\t\t\t \n\t\t<div  class=\"\" data-rt-animate=\"animate\" data-rt-animation-type=\"fadeInDown\">\n\t\t<span class=\"icon-menu-1 icon\"><\/span><div class=\"list-content\"><h4 class=\"list-title\">SUMARIO<\/h4><p>Sumario de la revista.<\/p>\n<div class=\"button_wrapper \"><a  href=\"https:\/\/www.aeemt.org\/Revista_AEEMT\/VOL_34_N01_2025_MAR\/MDT%20ENERO%202025.-%20SUMARIO.pdf\" target=\"_blank\" title=\"Sumario\" class=\"button_  default medium\"><strong>Sumario en PDF<\/strong><\/a><\/div>\n<\/div>\n\t\t<\/div>\n\t\t \n\t\t<div  class=\"\" data-rt-animate=\"animate\" data-rt-animation-type=\"fadeInDown\">\n\t\t<span class=\"icon-doc-alt icon\"><\/span><div class=\"list-content\"><h4 class=\"list-title\">EDITORIAL<\/h4><p style=\"text-align: justify;\"><strong>Microlitiasis Alveolar Pulmonar (MAP): Un Desaf\u00edo en la Medicina Respiratoria<\/strong><br \/>\n<em>Diemen Delgado-Garc\u00eda<\/em><\/p>\n<p style=\"text-align: justify;\">\n<div class=\"button_wrapper \"><a  href=\"https:\/\/www.aeemt.org\/web\/editorial-mdt-vol34-n1-marzo-2025\/\" target=\"_self\" title=\"Microlitiasis Alveolar Pulmonar (MAP): Un Desaf\u00edo en la Medicina Respiratoria\" class=\"button_  default medium\"><strong>Ver Editorial<\/strong><\/a><\/div>\n<div class=\"button_wrapper \"><a  href=\"https:\/\/www.aeemt.org\/Revista_AEEMT\/VOL_34_N01_2025_MAR\/MDT%20ENERO%202025%20-%20EDITORIAL.pdf\" target=\"_blank\" title=\"Microlitiasis Alveolar Pulmonar (MAP): Un Desaf\u00edo en la Medicina Respiratoria\" class=\"button_  default medium\"><strong>Editorial en PDF<\/strong><\/a><\/div>\n<\/div>\n\t\t<\/div>\n\t\t \n\t\t<div  class=\"\" data-rt-animate=\"animate\" data-rt-animation-type=\"fadeInDown\">\n\t\t<span class=\"icon-doc-alt icon\"><\/span><div class=\"list-content\"><h4 class=\"list-title\">Art\u00edculo<\/h4><p style=\"text-align: justify;\"><strong>Exposici\u00f3n laboral y C\u00e1ncer de P\u00e1ncreas en Asturias. Un estudio de casos y controles en trabajadores expuestos a agentes qu\u00edmicos.<\/strong><br \/>\n<em>M\u00aa Ruth Lobeto Mart\u00ednez , Marta M\u00aa Rodr\u00edguez Su\u00e1rez<\/em><\/p>\n<p style=\"text-align: justify;\">\n<div class=\"button_wrapper \"><a  href=\"https:\/\/www.aeemt.org\/web\/original-1-mdt-vol-34-n01-marzo-2025\/\" target=\"_self\" title=\"Exposici\u00f3n laboral y C\u00e1ncer de P\u00e1ncreas en Asturias. Un estudio de casos y controles en trabajadores expuestos a agentes qu\u00edmicos.\" class=\"button_  default medium\"><strong>Ver Resumen<\/strong><\/a><\/div>\n<p style=\"text-align: justify;\">\n<div class=\"button_wrapper \"><a  href=\"https:\/\/www.aeemt.org\/Revista_AEEMT\/VOL_34_N01_2025_MAR\/MDT%20ENERO%202025%20-%20ORIGINAL%201.pdf\" target=\"_blank\" title=\"Exposici\u00f3n laboral y C\u00e1ncer de P\u00e1ncreas en Asturias. Un estudio de casos y controles en trabajadores expuestos a agentes qu\u00edmicos.\" class=\"button_  default medium\"><strong>Ver PDF del art\u00edculo completo<\/strong><\/a><\/div>\n<\/div>\n\t\t<\/div>\n\t\t \n\t\t<div  class=\"\" data-rt-animate=\"animate\" data-rt-animation-type=\"fadeInDown\">\n\t\t<span class=\"icon-doc-alt icon\"><\/span><div class=\"list-content\"><h4 class=\"list-title\">Art\u00edculo<\/h4><p style=\"text-align: justify;\"><strong>Atenci\u00f3n psicol\u00f3gica virtual o presencial: un an\u00e1lisis estad\u00edstico en psicolog\u00eda ocupacional<\/strong><br \/>\n<em>\u00a0Unice Noguera, Angela Bernal Pardo, Nanyi Marcela Hu\u00e9rfano, Winny Basto Rambal, Juan Camilo Hern\u00e1ndez, Diego Andr\u00e9s Parga Mar\u00edn<\/em><\/p>\n<p style=\"text-align: left;\">\n<div class=\"button_wrapper \"><a  href=\"https:\/\/www.aeemt.org\/web\/original-2-mdt-vol-34-n01-marzo-2025\/\" target=\"_self\" title=\"Atenci\u00f3n psicol\u00f3gica virtual o presencial: un an\u00e1lisis estad\u00edstico en psicolog\u00eda ocupacional\" class=\"button_  default medium\"><strong>Ver Resumen<\/strong><\/a><\/div>\n<p style=\"text-align: justify;\">\n<div class=\"button_wrapper \"><a  href=\"https:\/\/www.aeemt.org\/Revista_AEEMT\/VOL_34_N01_2025_MAR\/MDT%20ENERO%202025%20-%20ORIGINAL%202.pdf\" target=\"_blank\" title=\"Atenci\u00f3n psicol\u00f3gica virtual o presencial: un an\u00e1lisis estad\u00edstico en psicolog\u00eda ocupacional\" class=\"button_  default medium\"><strong>Ver PDF del art\u00edculo completo<\/strong><\/a><\/div>\n<\/div>\n\t\t<\/div>\n\t\t \n\t\t<div  class=\"\" data-rt-animate=\"animate\" data-rt-animation-type=\"fadeInDown\">\n\t\t<span class=\"icon-doc-alt icon\"><\/span><div class=\"list-content\"><h4 class=\"list-title\">Art\u00edculo<\/h4><p style=\"text-align: justify;\"><strong>Depresi\u00f3n y agotamiento trabajando en c\u00e1rcel.<\/strong><br \/>\n<em>Sandra Milena Franco Id\u00e1rraga<\/em><\/p>\n<p style=\"text-align: justify;\">\n<div class=\"button_wrapper \"><a  href=\"https:\/\/www.aeemt.org\/web\/original-3-mdt-vol-34-n01-marzo-2025\/\" target=\"_self\" title=\"Depresi\u00f3n y agotamiento trabajando en c\u00e1rcel.\" class=\"button_  default medium\"><strong>Ver Resumen<\/strong><\/a><\/div>\n<p style=\"text-align: justify;\">\n<div class=\"button_wrapper \"><a  href=\"https:\/\/www.aeemt.org\/Revista_AEEMT\/VOL_34_N01_2025_MAR\/MDT%20ENERO%202025%20-%20ORIGINAL%203.pdf\" target=\"_blank\" title=\"Depresi\u00f3n y agotamiento trabajando en c\u00e1rcel.\" class=\"button_  default medium\"><strong>Ver PDF del art\u00edculo completo<\/strong><\/a><\/div>\n<\/div>\n\t\t<\/div>\n\t\t \n\t\t<div  class=\"\" data-rt-animate=\"animate\" data-rt-animation-type=\"fadeInDown\">\n\t\t<span class=\"icon-doc-alt icon\"><\/span><div class=\"list-content\"><h4 class=\"list-title\">Art\u00edculo<\/h4><p style=\"text-align: justify;\"><strong>Validaci\u00f3n de un Instrumento de Calidad de Vida en el Trabajo en M\u00e9dicos de Colombia<\/strong><br \/>\n<em>Mauricio Fonseca-Mu\u00f1oz, M\u00f3nica Isabel Contreras Estrada, Miguel Alfonso Mercado Ram\u00edrez, Manuel Pando Moreno<\/em><\/p>\n<p style=\"text-align: justify;\">\n<div class=\"button_wrapper \"><a  href=\"https:\/\/www.aeemt.org\/web\/original-4-mdt-vol-34-n01-marzo-2025\/\" target=\"_self\" title=\"Validaci\u00f3n de un Instrumento de Calidad de Vida en el Trabajo en M\u00e9dicos de Colombia\" class=\"button_  default medium\"><strong>Ver Resumen<\/strong><\/a><\/div>\n<p style=\"text-align: justify;\">\n<div class=\"button_wrapper \"><a  href=\"https:\/\/www.aeemt.org\/Revista_AEEMT\/VOL_34_N01_2025_MAR\/MDT%20ENERO%202025%20-%20ORIGINAL%204.pdf\" target=\"_blank\" title=\"Validaci\u00f3n de un Instrumento de Calidad de Vida en el Trabajo en M\u00e9dicos de Colombia\" class=\"button_  default medium\"><strong>Ver PDF del art\u00edculo completo<\/strong><\/a><\/div>\n<\/div>\n\t\t<\/div>\n\t\n\t\t<\/div>\n\t[\/vc_column][vc_column width=\u00bb1\/2&#8243; rt_wrp_col_paddings=\u00bbfalse\u00bb rt_border_top=\u00bb\u00bb rt_border_bottom=\u00bb\u00bb rt_border_left=\u00bb\u00bb rt_border_right=\u00bb\u00bb rt_border_top_mobile=\u00bb\u00bb rt_border_bottom_mobile=\u00bb\u00bb rt_border_left_mobile=\u00bb\u00bb rt_border_right_mobile=\u00bb\u00bb rt_bg_image_repeat=\u00bbrepeat\u00bb rt_bg_size=\u00bbauto auto\u00bb rt_bg_position=\u00bbright top\u00bb rt_bg_attachment=\u00bbscroll\u00bb]\t \n\t\t<div  class=\"chained_contents style-1  left\" data-rt-animation-group=\"group\" >\n\t\t\t \n\t\t<div  class=\"\" data-rt-animate=\"animate\" data-rt-animation-type=\"fadeInDown\">\n\t\t<span class=\"icon-doc-alt icon\"><\/span><div class=\"list-content\"><h4 class=\"list-title\">Art\u00edculo<\/h4><p><strong>Estr\u00e9s auto-percibido y factores asociados en conductores de transporte p\u00fablico de la Gran \u00c1rea Metropolitana de Costa Rica<\/strong><br \/>\n<em>Rebeca Alvarado-Prado, Marianela Salazar Ugalde, Laura Brenes V\u00e1squez, Mar\u00eda Fernanda Zuluaga Elorza<\/em><\/p>\n<p style=\"text-align: justify;\">\n<div class=\"button_wrapper \"><a  href=\"https:\/\/www.aeemt.org\/web\/original-5-mdt-vol-34-n01-marzo-2025\/\" target=\"_self\" title=\"Estr\u00e9s auto-percibido y factores asociados en conductores de transporte p\u00fablico de la Gran \u00c1rea Metropolitana de Costa Rica\" class=\"button_  default medium\"><strong>Ver Resumen<\/strong><\/a><\/div>\n<p style=\"text-align: justify;\">\n<div class=\"button_wrapper \"><a  href=\"https:\/\/www.aeemt.org\/Revista_AEEMT\/VOL_34_N01_2025_MAR\/MDT%20ENERO%202025%20-%20ORIGINAL%205.pdf\" target=\"_blank\" title=\"Estr\u00e9s auto-percibido y factores asociados en conductores de transporte p\u00fablico de la Gran \u00c1rea Metropolitana de Costa Rica\" class=\"button_  default medium\"><strong>Ver PDF del art\u00edculo completo<\/strong><\/a><\/div>\n<\/div>\n\t\t<\/div>\n\t\t \n\t\t<div  class=\"\" data-rt-animate=\"animate\" data-rt-animation-type=\"fadeInDown\">\n\t\t<span class=\"icon-doc-alt icon\"><\/span><div class=\"list-content\"><h4 class=\"list-title\">Caso Cl\u00ednico<\/h4><p><strong>Lupus eritematoso y adaptaci\u00f3n de un trabajador especialmente sensible: a prop\u00f3sito de un caso<\/strong><br \/>\n<em>Alejandro Angarita, Sebasti\u00e1n Bedoya, Mauricio \u00c1lzate<\/em><\/p>\n<p style=\"text-align: justify;\">\n<div class=\"button_wrapper \"><a  href=\"https:\/\/www.aeemt.org\/web\/caso-clinico-1-mdt-vol-34-n01-marzo-2025\/\" target=\"_self\" title=\"Lupus eritematoso y adaptaci\u00f3n de un trabajador especialmente sensible: a prop\u00f3sito de un caso\" class=\"button_  default medium\"><strong>Ver Resumen<\/strong><\/a><\/div>\n<p style=\"text-align: justify;\">\n<div class=\"button_wrapper \"><a  href=\"https:\/\/www.aeemt.org\/Revista_AEEMT\/VOL_34_N01_2025_MAR\/MDT%20ENERO%202025%20-%20CASOCLINICO%201.pdf\" target=\"_blank\" title=\"Lupus eritematoso y adaptaci\u00f3n de un trabajador especialmente sensible: a prop\u00f3sito de un caso\" class=\"button_  default medium\"><strong>PDF del art\u00edculo completo<\/strong><\/a><\/div>\n<\/div>\n\t\t<\/div>\n\t\t \n\t\t<div  class=\"\" data-rt-animate=\"animate\" data-rt-animation-type=\"fadeInDown\">\n\t\t<span class=\"icon-doc-alt icon\"><\/span><div class=\"list-content\"><h4 class=\"list-title\">Caso Cl\u00ednico<\/h4><p><strong>Lipoma vs discopat\u00eda lumbar. Caso cl\u00ednico. \u00bfPodr\u00eda un lipoma ser incapacitante para el trabajo?<\/strong><br \/>\n<em>Mar\u00eda Teresa Ortiz-Ortiz, Ana Cecilia Romero-Aguirre, Valeria Olivier-Morillo, F\u00e1tima Rosalyn Gonzales-Alvarado<\/em><\/p>\n<p style=\"text-align: justify;\">\n<div class=\"button_wrapper \"><a  href=\"https:\/\/www.aeemt.org\/web\/caso-clinico-2-mdt-vol-34-n01-marzo-2025\/\" target=\"_self\" title=\"Lipoma vs discopat\u00eda lumbar. Caso cl\u00ednico. \u00bfPodr\u00eda un lipoma ser incapacitante para el trabajo?\" class=\"button_  default medium\"><strong>Ver Resumen<\/strong><\/a><\/div>\n<p style=\"text-align: justify;\">\n<div class=\"button_wrapper \"><a  href=\"https:\/\/www.aeemt.org\/Revista_AEEMT\/VOL_34_N01_2025_MAR\/MDT%20ENERO%202025%20-%20CASOCLINICO%202.pdf\" target=\"_blank\" title=\"Lipoma vs discopat\u00eda lumbar. Caso cl\u00ednico. \u00bfPodr\u00eda un lipoma ser incapacitante para el trabajo?\" class=\"button_  default medium\"><strong>PDF del art\u00edculo completo<\/strong><\/a><\/div>\n<\/div>\n\t\t<\/div>\n\t\t \n\t\t<div  class=\"\" data-rt-animate=\"animate\" data-rt-animation-type=\"fadeInDown\">\n\t\t<span class=\"icon-doc-alt icon\"><\/span><div class=\"list-content\"><h4 class=\"list-title\">Caso Cl\u00ednico<\/h4><p><strong>Ensayo supervisado de reconversi\u00f3n profesional, una posibilidad real en Francia. A prop\u00f3sito de un caso<\/strong><br \/>\n<em>Carlos Federico Molina Casta\u00f1o. Catalina Maria Arango Alzate<\/em><\/p>\n<p style=\"text-align: justify;\">\n<div class=\"button_wrapper \"><a  href=\"https:\/\/www.aeemt.org\/web\/caso-clinico-3-mdt-vol-34-n01-marzo-2025\/\" target=\"_self\" title=\"Ensayo supervisado de reconversi\u00f3n profesional, una posibilidad real en Francia. A prop\u00f3sito de un caso\" class=\"button_  default medium\"><strong>Ver Resumen<\/strong><\/a><\/div>\n<p style=\"text-align: justify;\">\n<div class=\"button_wrapper \"><a  href=\"https:\/\/www.aeemt.org\/Revista_AEEMT\/VOL_34_N01_2025_MAR\/MDT%20ENERO%202025%20-%20CASOCLINICO%203.pdf\" target=\"_blank\" title=\"Ensayo supervisado de reconversi\u00f3n profesional, una posibilidad real en Francia. A prop\u00f3sito de un caso\" class=\"button_  default medium\"><strong>PDF del art\u00edculo completo<\/strong><\/a><\/div>\n<\/div>\n\t\t<\/div>\n\t\t \n\t\t<div  class=\"\" data-rt-animate=\"animate\" data-rt-animation-type=\"fadeInDown\">\n\t\t<span class=\"icon-doc-alt icon\"><\/span><div class=\"list-content\"><h4 class=\"list-title\">Revisi\u00f3n<\/h4><p><strong>Violencia de los pacientes hacia las enfermeras en instituciones hospitalarias: una revisi\u00f3n sistem\u00e1tica<\/strong><br \/>\n<em>Ver\u00f3nica Tatiana Castillo-Avellaneda, Santiago Eduardo Guerrero-S\u00e1nchez, Rafael Antonio Bohorquez-Escarraga, Juan Sebasti\u00e1n Mu\u00f1oz-Mu\u00f1oz, Gloria Luc\u00eda Arango-Bayer<\/em><\/p>\n<p style=\"text-align: justify;\">\n<div class=\"button_wrapper \"><a  href=\"https:\/\/www.aeemt.org\/web\/revision-mdt-vol-34-n01-marzo-2025\/\" target=\"_self\" title=\"Violencia de los pacientes hacia las enfermeras en instituciones hospitalarias: una revisi\u00f3n sistem\u00e1tica\" class=\"button_  default medium\"><strong>Ver Resumen<\/strong><\/a><\/div>\n<p style=\"text-align: justify;\">\n<div class=\"button_wrapper \"><a  href=\"https:\/\/www.aeemt.org\/Revista_AEEMT\/VOL_34_N01_2025_MAR\/MDT%20ENERO%202025%20-%20REVISION.pdf\" target=\"_blank\" title=\"Violencia de los pacientes hacia las enfermeras en instituciones hospitalarias: una revisi\u00f3n sistem\u00e1tica\" class=\"button_  default medium\"><strong>PDF del art\u00edculo completo<\/strong><\/a><\/div>\n<\/div>\n\t\t<\/div>\n\t\t \n\t\t<div  class=\"\" data-rt-animate=\"animate\" data-rt-animation-type=\"fadeInDown\">\n\t\t<span class=\"icon-users icon\"><\/span><div class=\"list-content\"><h4 class=\"list-title\">Equipo editorial<\/h4><p style=\"text-align: justify;\"><strong>DIRECTORA:<\/strong><br \/>\n<em>Dra. M\u00aa Teresa del Campo Balsa<\/em><br \/>\n<strong>FUNDADOR DE LA REVISTA EN 1991:<\/strong><br \/>\n<em>Dr. Javier Sanz Gonz\u00e1lez<\/em><br \/>\n<strong>COMIT\u00c9 DE REDACCI\u00d3N:<\/strong><br \/>\n<em>Dra. Luisa Capdevila Garc\u00eda, Dr. Gregorio Moreno Manzano, Dra. Carmen Mu\u00f1oz Ruiperez, Dr. Luis Reinoso Barbero, Dr. Ignacio S\u00e1nchez-Arcilla Conejo, Dr. Guillermo Soriano Tar\u00edn<\/em><\/p>\n<p style=\"text-align: justify;\">\n<div class=\"button_wrapper \"><a  href=\"http:\/\/www.aeemt.com\/web\/equipo-editorial\/\" target=\"_self\" title=\"Equipo Editorial\" class=\"button_  default medium\"><strong>Ver Equipo Editorial<\/strong><\/a><\/div>\n<\/div>\n\t\t<\/div>\n\t\n\t\t<\/div>\n\t[\/vc_column][\/vc_row]<\/p>\n","protected":false},"excerpt":{"rendered":"<p>[vc_row rt_row_background_width=\u00bbdefault\u00bb rt_row_style=\u00bbdefault-style\u00bb rt_row_borders=\u00bb\u00bb rt_row_paddings=\u00bbtrue\u00bb rt_bg_effect=\u00bbclassic\u00bb rt_bg_image_repeat=\u00bbrepeat\u00bb rt_bg_size=\u00bbcover\u00bb rt_bg_position=\u00bbright top\u00bb rt_bg_attachment=\u00bbscroll\u00bb rt_bg_video_format=\u00bbself-hosted\u00bb][vc_column rt_wrp_col_paddings=\u00bbfalse\u00bb rt_border_top=\u00bb\u00bb rt_border_bottom=\u00bb\u00bb rt_border_left=\u00bb\u00bb rt_border_right=\u00bb\u00bb rt_border_top_mobile=\u00bb\u00bb rt_border_bottom_mobile=\u00bb\u00bb rt_border_left_mobile=\u00bb\u00bb rt_border_right_mobile=\u00bb\u00bb rt_bg_image_repeat=\u00bbrepeat\u00bb rt_bg_size=\u00bbauto auto\u00bb rt_bg_position=\u00bbright top\u00bb rt_bg_attachment=\u00bbscroll\u00bb][vc_column_text css=\u00bb\u00bb]Rev Asoc Esp [&hellip;]<\/p>\n","protected":false},"author":1,"featured_media":0,"parent":0,"menu_order":0,"comment_status":"closed","ping_status":"closed","template":"","meta":{"footnotes":""},"class_list":["post-71013","page","type-page","status-publish","hentry"],"_links":{"self":[{"href":"https:\/\/www.aeemt.org\/web\/wp-json\/wp\/v2\/pages\/71013"}],"collection":[{"href":"https:\/\/www.aeemt.org\/web\/wp-json\/wp\/v2\/pages"}],"about":[{"href":"https:\/\/www.aeemt.org\/web\/wp-json\/wp\/v2\/types\/page"}],"author":[{"embeddable":true,"href":"https:\/\/www.aeemt.org\/web\/wp-json\/wp\/v2\/users\/1"}],"replies":[{"embeddable":true,"href":"https:\/\/www.aeemt.org\/web\/wp-json\/wp\/v2\/comments?post=71013"}],"version-history":[{"count":4,"href":"https:\/\/www.aeemt.org\/web\/wp-json\/wp\/v2\/pages\/71013\/revisions"}],"predecessor-version":[{"id":71071,"href":"https:\/\/www.aeemt.org\/web\/wp-json\/wp\/v2\/pages\/71013\/revisions\/71071"}],"wp:attachment":[{"href":"https:\/\/www.aeemt.org\/web\/wp-json\/wp\/v2\/media?parent=71013"}],"curies":[{"name":"wp","href":"https:\/\/api.w.org\/{rel}","templated":true}]}}