{"id":70918,"date":"2025-01-22T19:42:59","date_gmt":"2025-01-22T18:42:59","guid":{"rendered":"https:\/\/www.aeemt.org\/web\/?page_id=70918"},"modified":"2025-01-22T19:52:46","modified_gmt":"2025-01-22T18:52:46","slug":"revision-2-mdt-vol33-n4-diciembre-2024","status":"publish","type":"page","link":"https:\/\/www.aeemt.org\/web\/revision-2-mdt-vol33-n4-diciembre-2024\/","title":{"rendered":"Revisi\u00f3n 2 MDT VOL33 N4 Diciembre 2024"},"content":{"rendered":"<p>[vc_row rt_row_background_width=\u00bbdefault\u00bb rt_row_style=\u00bbdefault-style\u00bb rt_row_borders=\u00bb\u00bb rt_row_paddings=\u00bbtrue\u00bb rt_bg_effect=\u00bbclassic\u00bb rt_bg_image_repeat=\u00bbrepeat\u00bb rt_bg_size=\u00bbcover\u00bb rt_bg_position=\u00bbright top\u00bb rt_bg_attachment=\u00bbscroll\u00bb rt_bg_video_format=\u00bbself-hosted\u00bb][vc_column rt_wrp_col_paddings=\u00bbfalse\u00bb rt_border_top=\u00bb\u00bb rt_border_bottom=\u00bb\u00bb rt_border_left=\u00bb\u00bb rt_border_right=\u00bb\u00bb rt_border_top_mobile=\u00bb\u00bb rt_border_bottom_mobile=\u00bb\u00bb rt_border_left_mobile=\u00bb\u00bb rt_border_right_mobile=\u00bb\u00bb rt_bg_image_repeat=\u00bbrepeat\u00bb rt_bg_size=\u00bbauto auto\u00bb rt_bg_position=\u00bbright top\u00bb rt_bg_attachment=\u00bbscroll\u00bb]<div class=\"rt_heading_wrapper \">\n\t\t\t\t\t\t<h2 class=\"rt_heading  \" >Aplicaciones de la Inteligencia Artificial en Salud y Seguridad en el trabajo: Una Revisi\u00f3n Sistem\u00e1tica<\/h2>\n\t\t\t\t\t<\/div>[\/vc_column][\/vc_row][vc_row rt_row_background_width=\u00bbdefault\u00bb rt_row_style=\u00bbdefault-style\u00bb rt_row_borders=\u00bb\u00bb rt_row_paddings=\u00bbtrue\u00bb rt_bg_effect=\u00bbclassic\u00bb rt_bg_image_repeat=\u00bbrepeat\u00bb rt_bg_size=\u00bbcover\u00bb rt_bg_position=\u00bbright top\u00bb rt_bg_attachment=\u00bbscroll\u00bb rt_bg_video_format=\u00bbself-hosted\u00bb][vc_column rt_wrp_col_paddings=\u00bbfalse\u00bb rt_border_top=\u00bb\u00bb rt_border_bottom=\u00bb\u00bb rt_border_left=\u00bb\u00bb rt_border_right=\u00bb\u00bb rt_border_top_mobile=\u00bb\u00bb rt_border_bottom_mobile=\u00bb\u00bb rt_border_left_mobile=\u00bb\u00bb rt_border_right_mobile=\u00bb\u00bb rt_bg_image_repeat=\u00bbrepeat\u00bb rt_bg_size=\u00bbauto auto\u00bb rt_bg_position=\u00bbright top\u00bb rt_bg_attachment=\u00bbscroll\u00bb][vc_column_text css=\u00bb\u00bb]<\/p>\n<p style=\"text-align: justify;\"><img loading=\"lazy\" decoding=\"async\" class=\" wp-image-70359 aligncenter\" src=\"https:\/\/www.aeemt.org\/web\/wp-content\/uploads\/2024\/09\/Revista_AEEMT_Cabecero-300x97.png\" alt=\"\" width=\"927\" height=\"300\" srcset=\"https:\/\/www.aeemt.org\/web\/wp-content\/uploads\/2024\/09\/Revista_AEEMT_Cabecero-300x97.png 300w, https:\/\/www.aeemt.org\/web\/wp-content\/uploads\/2024\/09\/Revista_AEEMT_Cabecero-768x248.png 768w, https:\/\/www.aeemt.org\/web\/wp-content\/uploads\/2024\/09\/Revista_AEEMT_Cabecero-600x193.png 600w, https:\/\/www.aeemt.org\/web\/wp-content\/uploads\/2024\/09\/Revista_AEEMT_Cabecero.png 934w\" sizes=\"(max-width: 927px) 100vw, 927px\" \/><\/p>\n<p style=\"text-align: justify;\">N\u00famero de la Revista: Vol. 33 &#8211; n\u00ba 04- Diciembre 2024<\/p>\n<p><strong>Secci\u00f3n:<\/strong>\u00a0Original<br \/>\n<strong>T\u00edtulo: <\/strong>Aplicaciones de la Inteligencia Artificial en Salud y Seguridad en el trabajo: Una Revisi\u00f3n Sistem\u00e1tica<\/p>\n<p style=\"text-align: justify;\"><strong>Autores:<\/strong><\/p>\n<p><strong><em>Carlos Federico Molina Casta\u00f1o<\/em><\/strong><strong><em><sup>(1)<\/sup><\/em><\/strong><strong><em>, Catalina Maria Arango Alzate<\/em><\/strong><strong><em><sup>(2)<\/sup><\/em><\/strong><\/p>\n<p><em><sup>1 <\/sup><\/em><em>Doctor en epidemiolog\u00eda docente del Tecnol\u00f3gico de Antioquia adscrito a la Facultad de Derecho Ciencias Forenses y director del grupo BISMA. Medell\u00edn, Antioquia, Colombia<\/em><br \/>\n<em><sup>2<\/sup><\/em><em>Doctora en epidemiolog\u00eda docente del Colegio Mayor de Antioquia adscrita la Facultad de Ciencias de la Salud. <\/em><em>Medell\u00edn, Antioquia, Colombia<\/em><\/p>\n<p><strong>Correspondencia:<\/strong><\/p>\n<p><strong><em>Carlos Federico Molina Casta\u00f1o<\/em><\/strong><\/p>\n<p>Direcci\u00f3n: CL 78B # 72A-220, Medell\u00edn, Antioquia, Colombia<br \/>\nCorreo electr\u00f3nico: <a href=\"mailto:cmolina@tdea.edu.co\" target=\"_blank\" rel=\"noopener\">cmolina@tdea.edu.co<\/a><\/p>\n<p><strong>Palabras Clave<\/strong>: Salud Ocupacional; Inteligencia Artificial; Seguridad en el Trabajo; Evaluaci\u00f3n de Riesgos; Aprendizaje Autom\u00e1tico<\/p>\n<p><strong>Keywords<\/strong>: Occupational Health; Artificial Intelligence; Occupational Safety; Risk Assessment; Machine Learning<\/p>\n<p><strong>Cita Art\u00edculo<\/strong>: Carlos Federico Molina Casta\u00f1o et al. Aplicaciones de la Inteligencia Artificial en Salud y Seguridad en el trabajo: Una Revisi\u00f3n Sistem\u00e1tica. Rev Asoc Esp Espec Med Trab 2024; 33(4):483-500<\/p>\n<p style=\"text-align: justify;\">Acceso al PDF: <div class=\"button_wrapper \"><a  href=\"https:\/\/www.aeemt.org\/Revista_AEEMT\/VOL_33_N04_2024_DIC\/485-502%20Revision_2.pdf\" target=\"_blank\" title=\"Aplicaciones de la Inteligencia Artificial en Salud y Seguridad en el trabajo: Una Revisi\u00f3n Sistem\u00e1tica\" class=\"button_  default medium\"><strong>PDF del Art\u00edculo<\/strong><\/a><\/div>\n<p><strong>RESUMEN.<\/strong><\/p>\n<p style=\"text-align: justify;\"><strong>Introducci\u00f3n:<\/strong> La inteligencia artificial (IA) tiene un gran potencial para mejorar la seguridad y salud en el trabajo mediante la implementaci\u00f3n de tecnolog\u00edas avanzadas<\/p>\n<p style=\"text-align: justify;\"><strong>Material y M\u00e9todos:<\/strong> Se realiz\u00f3 una revisi\u00f3n sistem\u00e1tica siguiendo las directrices PRISMA y MOOSE. Se realiz\u00f3 b\u00fasqueda en PubMed, Cochrane, BVS, Scopus y Google Acad\u00e9mico. Se realizo un proceso de selecci\u00f3n y valoraci\u00f3n de la calidad metodol\u00f3gica de los estudios.<\/p>\n<p style=\"text-align: justify;\"><strong>Resultados:<\/strong> Se incluyeron 15 estudios.\u00a0 Se apreci\u00f3 efectividad de las redes neuronales en la predicci\u00f3n de p\u00e9rdida auditiva, los programas de salud asistidos por IA mejoraron los s\u00edntomas musculoesquel\u00e9ticos y se destac\u00f3 la capacidad de la IA para la vigilancia y diagn\u00f3stico de enfermedades ocupacionales.<\/p>\n<p style=\"text-align: justify;\"><strong>Discusi\u00f3n:<\/strong>. Los hallazgos de esta revisi\u00f3n sugieren que la IA puede mejorar la seguridad y salud en el trabajo, reducir costos y promover un entorno laboral m\u00e1s seguro, aunque los estudios carecieron de dise\u00f1os experimentales robustos y seguimiento a largo plazo.<\/p>\n<p style=\"text-align: justify;\"><strong>Title: APPLICATIONS OF ARTIFICIAL INTELLIGENCE IN OCCUPATIONAL HEALTH AND SAFETY: A SYSTEMATIC REVIEW<\/strong><\/p>\n<p style=\"text-align: justify;\"><strong style=\"text-align: justify;\">Abstract:<\/strong><\/p>\n<p><strong>Background:<\/strong> Artificial intelligence (AI) has great potential to improve occupational safety and health by implementing advanced technologies.<\/p>\n<p><strong>Material and Methodos:<\/strong> A systematic review was performed following PRISMA and MOOSE guidelines. We searched PubMed, Cochrane, BVS, Scopus and Google Scholar. A process of selection and evaluation of the methodological quality of the studies was carried out.<\/p>\n<p style=\"text-align: justify;\"><strong>Results:<\/strong> 15 studies were included.\u00a0 The effectiveness of neural networks in predicting hearing loss was appreciated, AI-assisted health programs improved musculoskeletal symptoms, and the capacity of AI for surveillance and diagnosis of occupational diseases was highlighted.<\/p>\n<p><strong>Discussion:<\/strong> The findings of this review suggest that AI can improve occupational safety and health, reduce costs, and promote a safer work environment, although the studies lacked robust experimental designs and long-term follow-up.[\/vc_column_text][\/vc_column][\/vc_row]<\/p>\n","protected":false},"excerpt":{"rendered":"<p>[vc_row rt_row_background_width=\u00bbdefault\u00bb rt_row_style=\u00bbdefault-style\u00bb rt_row_borders=\u00bb\u00bb rt_row_paddings=\u00bbtrue\u00bb rt_bg_effect=\u00bbclassic\u00bb rt_bg_image_repeat=\u00bbrepeat\u00bb rt_bg_size=\u00bbcover\u00bb rt_bg_position=\u00bbright top\u00bb rt_bg_attachment=\u00bbscroll\u00bb rt_bg_video_format=\u00bbself-hosted\u00bb][vc_column rt_wrp_col_paddings=\u00bbfalse\u00bb rt_border_top=\u00bb\u00bb rt_border_bottom=\u00bb\u00bb rt_border_left=\u00bb\u00bb rt_border_right=\u00bb\u00bb rt_border_top_mobile=\u00bb\u00bb rt_border_bottom_mobile=\u00bb\u00bb rt_border_left_mobile=\u00bb\u00bb rt_border_right_mobile=\u00bb\u00bb rt_bg_image_repeat=\u00bbrepeat\u00bb rt_bg_size=\u00bbauto auto\u00bb rt_bg_position=\u00bbright top\u00bb rt_bg_attachment=\u00bbscroll\u00bb][\/vc_column][\/vc_row][vc_row rt_row_background_width=\u00bbdefault\u00bb rt_row_style=\u00bbdefault-style\u00bb rt_row_borders=\u00bb\u00bb [&hellip;]<\/p>\n","protected":false},"author":1,"featured_media":0,"parent":0,"menu_order":0,"comment_status":"closed","ping_status":"closed","template":"","meta":{"footnotes":""},"class_list":["post-70918","page","type-page","status-publish","hentry"],"_links":{"self":[{"href":"https:\/\/www.aeemt.org\/web\/wp-json\/wp\/v2\/pages\/70918"}],"collection":[{"href":"https:\/\/www.aeemt.org\/web\/wp-json\/wp\/v2\/pages"}],"about":[{"href":"https:\/\/www.aeemt.org\/web\/wp-json\/wp\/v2\/types\/page"}],"author":[{"embeddable":true,"href":"https:\/\/www.aeemt.org\/web\/wp-json\/wp\/v2\/users\/1"}],"replies":[{"embeddable":true,"href":"https:\/\/www.aeemt.org\/web\/wp-json\/wp\/v2\/comments?post=70918"}],"version-history":[{"count":3,"href":"https:\/\/www.aeemt.org\/web\/wp-json\/wp\/v2\/pages\/70918\/revisions"}],"predecessor-version":[{"id":70922,"href":"https:\/\/www.aeemt.org\/web\/wp-json\/wp\/v2\/pages\/70918\/revisions\/70922"}],"wp:attachment":[{"href":"https:\/\/www.aeemt.org\/web\/wp-json\/wp\/v2\/media?parent=70918"}],"curies":[{"name":"wp","href":"https:\/\/api.w.org\/{rel}","templated":true}]}}