{"id":70906,"date":"2025-01-22T19:00:41","date_gmt":"2025-01-22T18:00:41","guid":{"rendered":"https:\/\/www.aeemt.org\/web\/?page_id=70906"},"modified":"2025-01-22T19:14:20","modified_gmt":"2025-01-22T18:14:20","slug":"original-7-mdt-vol33-n4-diciembre-2024","status":"publish","type":"page","link":"https:\/\/www.aeemt.org\/web\/original-7-mdt-vol33-n4-diciembre-2024\/","title":{"rendered":"Original 7 MDT VOL33 N4 Diciembre 2024"},"content":{"rendered":"<p>[vc_row rt_row_background_width=\u00bbdefault\u00bb rt_row_style=\u00bbdefault-style\u00bb rt_row_borders=\u00bb\u00bb rt_row_paddings=\u00bbtrue\u00bb rt_bg_effect=\u00bbclassic\u00bb rt_bg_image_repeat=\u00bbrepeat\u00bb rt_bg_size=\u00bbcover\u00bb rt_bg_position=\u00bbright top\u00bb rt_bg_attachment=\u00bbscroll\u00bb rt_bg_video_format=\u00bbself-hosted\u00bb][vc_column rt_wrp_col_paddings=\u00bbfalse\u00bb rt_border_top=\u00bb\u00bb rt_border_bottom=\u00bb\u00bb rt_border_left=\u00bb\u00bb rt_border_right=\u00bb\u00bb rt_border_top_mobile=\u00bb\u00bb rt_border_bottom_mobile=\u00bb\u00bb rt_border_left_mobile=\u00bb\u00bb rt_border_right_mobile=\u00bb\u00bb rt_bg_image_repeat=\u00bbrepeat\u00bb rt_bg_size=\u00bbauto auto\u00bb rt_bg_position=\u00bbright top\u00bb rt_bg_attachment=\u00bbscroll\u00bb]<div class=\"rt_heading_wrapper \">\n\t\t\t\t\t\t<h2 class=\"rt_heading  \" >Perfil de absentismo de trabajadores de una empresa colombiana del sector retail<\/h2>\n\t\t\t\t\t<\/div>[\/vc_column][\/vc_row][vc_row rt_row_background_width=\u00bbdefault\u00bb rt_row_style=\u00bbdefault-style\u00bb rt_row_borders=\u00bb\u00bb rt_row_paddings=\u00bbtrue\u00bb rt_bg_effect=\u00bbclassic\u00bb rt_bg_image_repeat=\u00bbrepeat\u00bb rt_bg_size=\u00bbcover\u00bb rt_bg_position=\u00bbright top\u00bb rt_bg_attachment=\u00bbscroll\u00bb rt_bg_video_format=\u00bbself-hosted\u00bb][vc_column rt_wrp_col_paddings=\u00bbfalse\u00bb rt_border_top=\u00bb\u00bb rt_border_bottom=\u00bb\u00bb rt_border_left=\u00bb\u00bb rt_border_right=\u00bb\u00bb rt_border_top_mobile=\u00bb\u00bb rt_border_bottom_mobile=\u00bb\u00bb rt_border_left_mobile=\u00bb\u00bb rt_border_right_mobile=\u00bb\u00bb rt_bg_image_repeat=\u00bbrepeat\u00bb rt_bg_size=\u00bbauto auto\u00bb rt_bg_position=\u00bbright top\u00bb rt_bg_attachment=\u00bbscroll\u00bb][vc_column_text css=\u00bb\u00bb]<\/p>\n<p style=\"text-align: justify;\"><img loading=\"lazy\" decoding=\"async\" class=\" wp-image-70359 aligncenter\" src=\"https:\/\/www.aeemt.org\/web\/wp-content\/uploads\/2024\/09\/Revista_AEEMT_Cabecero-300x97.png\" alt=\"\" width=\"927\" height=\"300\" srcset=\"https:\/\/www.aeemt.org\/web\/wp-content\/uploads\/2024\/09\/Revista_AEEMT_Cabecero-300x97.png 300w, https:\/\/www.aeemt.org\/web\/wp-content\/uploads\/2024\/09\/Revista_AEEMT_Cabecero-768x248.png 768w, https:\/\/www.aeemt.org\/web\/wp-content\/uploads\/2024\/09\/Revista_AEEMT_Cabecero-600x193.png 600w, https:\/\/www.aeemt.org\/web\/wp-content\/uploads\/2024\/09\/Revista_AEEMT_Cabecero.png 934w\" sizes=\"(max-width: 927px) 100vw, 927px\" \/><\/p>\n<p style=\"text-align: justify;\">N\u00famero de la Revista: Vol. 33 &#8211; n\u00ba 04- Diciembre 2024<\/p>\n<p><strong>Secci\u00f3n:<\/strong>\u00a0Original<br \/>\n<strong>T\u00edtulo: <\/strong>Perfil de absentismo de trabajadores de una empresa colombiana del sector retail<\/p>\n<p style=\"text-align: justify;\"><strong>Autores:<\/strong><\/p>\n<p><strong><em>Alejandro Angarita<\/em><\/strong><strong><em><sup>(1)<\/sup><\/em><\/strong><strong><em>, Sebasti\u00e1n Bedoya<\/em><\/strong><strong><em><sup>(2)<\/sup><\/em><\/strong><strong><em>, Mauricio \u00c1lzate<\/em><\/strong><strong><em><sup>(3)<\/sup><\/em><\/strong><\/p>\n<p><em><sup>1 <\/sup><\/em><em>M\u00e9dico laboral, , Especialista en Salud p\u00fablica, docente Universidad CES. Medell\u00edn, Antioqu\u00eda. Colombia.<\/em><br \/>\n<em><sup>2 <\/sup><\/em><em>PhDc Epidemiolog\u00eda y Bioestad\u00edstica, docente investigador, Universidad CES. Medell\u00edn, Antioqu\u00eda. Colombia. <\/em><em><sup>\u00a0<\/sup><\/em><br \/>\n<em><sup>3 <\/sup><\/em><em>Docente Universidad CES, Medell\u00edn, Antioqu\u00eda. Colombia. <\/em><em><sup>\u00a0<\/sup><\/em><\/p>\n<p><strong>Correspondencia:<\/strong><\/p>\n<p><strong><em>Alejandro Angarita<\/em><\/strong><\/p>\n<p>Correo electr\u00f3nico: <a href=\"mailto:angara10@gmail.com\" target=\"_blank\" rel=\"noopener\">angara10@gmail.com<\/a><\/p>\n<p><strong>Palabras Clave<\/strong>: Absentismo laboral; Obesidad; Sobrepeso; Riesgo nutricional; actividad f\u00edsica.<\/p>\n<p><strong>Keywords<\/strong>: Work absenteeism; obesity; overweight; nutritional risk; physical activity.<\/p>\n<p><strong>Cita Art\u00edculo<\/strong>: Alejandro Angarita, Sebasti\u00e1n Bedoya, Mauricio \u00c1lzate. Perfil de absentismo de trabajadores de una empresa colombiana del sector retail. Rev Asoc Esp Espec Med Trab 2024; 33(4):435-448<\/p>\n<p style=\"text-align: justify;\">Acceso al PDF: <div class=\"button_wrapper \"><a  href=\"https:\/\/www.aeemt.org\/Revista_AEEMT\/VOL_33_N04_2024_DIC\/435-448%20Original_7.pdf\" target=\"_blank\" title=\"Perfil de absentismo de trabajadores de una empresa colombiana del sector retail\" class=\"button_  default medium\"><strong>PDF del Art\u00edculo<\/strong><\/a><\/div>\n<p><strong>RESUMEN.<\/strong><\/p>\n<p style=\"text-align: justify;\"><strong>Objeto:<\/strong> Analizar la relaci\u00f3n del absentismo laboral con el sobrepeso y la obesidad en una empresa colombiana del Retail.<\/p>\n<p style=\"text-align: justify;\"><strong>Material y M\u00e9todos:<\/strong> Se trata de un estudio cuantitativo, de corte trasversal con intensi\u00f3n anal\u00edtica, donde participaron 8531 trabajadores entre los 18 y 65 a\u00f1os, empleados en los \u00faltimos cuatro a\u00f1os, a cada empleado se le realiz\u00f3 una encuesta de h\u00e1bitos de vida, una valoraci\u00f3n nutricional que inclu\u00eda medidas antropom\u00e9tricas y adem\u00e1s una medici\u00f3n de composici\u00f3n corporal por medio de bioimpedanciometria. Se realizaron an\u00e1lisis univariado y bivariados con la prueba estad\u00edstica chicuadrado de independencias y medidas epidemiol\u00f3gicas RP acompa\u00f1adas de sus IC95%, y para la construcci\u00f3n del perfil se realiz\u00f3 por un an\u00e1lisis de correspondencia m\u00faltiple.<\/p>\n<p style=\"text-align: justify;\"><strong>Resultados:<\/strong> Se present\u00f3 un 24,53% de absentismo, encontrando diferencias estad\u00edsticas significativas y mayor probabilidad de presentar un mayor absentismo para las mujeres RP 1,34 (1,24 -1,45), edades entre 39 Y 48 RP 1,86 (1,66 \u2013 2,09) y los 49 y 58 a\u00f1os RP 2,25 (2,00 \u2013 2,54), y en las personas que tienen sobrepeso RP 1,69 (1,16 -2,48). disminuye el absentismo cuanto no presentan riesgo nutricional RP 0,51 (0,43 \u2013 0,59) y cuando la actividad f\u00edsica es muy fuerte RP 0,49 (0,33 \u2013 0,72), es as\u00ed como se encontr\u00f3 un perfil de absentismo as\u00ed: mujeres, mayores de 39 a\u00f1os, con IMC en sobrepeso, clasificaci\u00f3n nutricional en riesgo alto y muy alto, porcentaje de grasa en obesidad y no realizan actividad f\u00edsica.<\/p>\n<p style=\"text-align: justify;\"><strong>Conclusi\u00f3n:<\/strong> En los trabajadores de una empresa del sector retail, se observ\u00f3 una mayor tendencia al absentismo asociado al sobrepeso y la obesidad. Es recomendable implementar programas de bienestar laboral para mejorar la salud f\u00edsica, el bienestar general y la productividad.<\/p>\n<p style=\"text-align: justify;\"><strong>Title: ABSENTEEISM PROFILE OF WORKERS IN A COLOMBIAN COMPANY IN THE RETAIL SECTOR<\/strong><\/p>\n<p style=\"text-align: justify;\"><strong style=\"text-align: justify;\">Abstract:<\/strong><\/p>\n<p style=\"text-align: justify;\"><strong>Objective:<\/strong> To analyze the relationship between absenteeism and overweight and obesity in a Colombian retail company.<\/p>\n<p style=\"text-align: justify;\"><strong>Magterial and Methods:<\/strong> This is a quantitative, cross-sectional study with analytical intent, in which 8531 workers between 18 and 65 years of age, employed in the last four years, participated. Each employee underwent a life habits survey, a nutritional assessment that included anthropometric measurements and also a measurement of body composition by means of bioimpedanciometry. Univariate and bivariate analyses were performed with the chi-square statistical test of independence and RP epidemiological measures accompanied by their 95%CI, and for the construction of the profile a multiple correspondence<\/p>\n<p style=\"text-align: justify;\">analysis was performed.<\/p>\n<p style=\"text-align: justify;\"><strong>Results:<\/strong> There was a 24.53% absenteeism, finding significant statistical differences and a higher probability of presenting a higher absenteeism for women RP 1.34 (1.24 -1.45), ages between 39 and 48 RP 1.86 (1.66 \u2013 2.09) and 49 and 58 years RP 2.25 (2.00 \u2013 2.54), and in people who are overweight RP 1.69 (1.16 -2.48). Absenteeism decreases when they do not present nutritional risk RP 0.51 (0.43 \u2013 0.59) and when physical activity is very strong RP 0.49 (0.33 \u2013 0.72), thus a profile of absenteeism was found as follows: women, older than 39 years, with BMI in overweight, nutritional classification in high and very high risk, percentage of fat in obesity and do not perform physical activity.<\/p>\n<p style=\"text-align: justify;\"><strong>Conclusion:<\/strong> A greater tendency to absenteeism associated with overweight and obesity was observed in the workers of a retail sector company. It is advisable to implement occupational wellness programs to improve physical health, general wellbeing and productivity.<\/p>\n<p>[\/vc_column_text][\/vc_column][\/vc_row]<\/p>\n","protected":false},"excerpt":{"rendered":"<p>[vc_row rt_row_background_width=\u00bbdefault\u00bb rt_row_style=\u00bbdefault-style\u00bb rt_row_borders=\u00bb\u00bb rt_row_paddings=\u00bbtrue\u00bb rt_bg_effect=\u00bbclassic\u00bb rt_bg_image_repeat=\u00bbrepeat\u00bb rt_bg_size=\u00bbcover\u00bb rt_bg_position=\u00bbright top\u00bb rt_bg_attachment=\u00bbscroll\u00bb rt_bg_video_format=\u00bbself-hosted\u00bb][vc_column rt_wrp_col_paddings=\u00bbfalse\u00bb rt_border_top=\u00bb\u00bb rt_border_bottom=\u00bb\u00bb rt_border_left=\u00bb\u00bb rt_border_right=\u00bb\u00bb rt_border_top_mobile=\u00bb\u00bb rt_border_bottom_mobile=\u00bb\u00bb rt_border_left_mobile=\u00bb\u00bb rt_border_right_mobile=\u00bb\u00bb rt_bg_image_repeat=\u00bbrepeat\u00bb rt_bg_size=\u00bbauto auto\u00bb rt_bg_position=\u00bbright top\u00bb rt_bg_attachment=\u00bbscroll\u00bb][\/vc_column][\/vc_row][vc_row rt_row_background_width=\u00bbdefault\u00bb rt_row_style=\u00bbdefault-style\u00bb rt_row_borders=\u00bb\u00bb [&hellip;]<\/p>\n","protected":false},"author":1,"featured_media":0,"parent":0,"menu_order":0,"comment_status":"closed","ping_status":"closed","template":"","meta":{"footnotes":""},"class_list":["post-70906","page","type-page","status-publish","hentry"],"_links":{"self":[{"href":"https:\/\/www.aeemt.org\/web\/wp-json\/wp\/v2\/pages\/70906"}],"collection":[{"href":"https:\/\/www.aeemt.org\/web\/wp-json\/wp\/v2\/pages"}],"about":[{"href":"https:\/\/www.aeemt.org\/web\/wp-json\/wp\/v2\/types\/page"}],"author":[{"embeddable":true,"href":"https:\/\/www.aeemt.org\/web\/wp-json\/wp\/v2\/users\/1"}],"replies":[{"embeddable":true,"href":"https:\/\/www.aeemt.org\/web\/wp-json\/wp\/v2\/comments?post=70906"}],"version-history":[{"count":3,"href":"https:\/\/www.aeemt.org\/web\/wp-json\/wp\/v2\/pages\/70906\/revisions"}],"predecessor-version":[{"id":70910,"href":"https:\/\/www.aeemt.org\/web\/wp-json\/wp\/v2\/pages\/70906\/revisions\/70910"}],"wp:attachment":[{"href":"https:\/\/www.aeemt.org\/web\/wp-json\/wp\/v2\/media?parent=70906"}],"curies":[{"name":"wp","href":"https:\/\/api.w.org\/{rel}","templated":true}]}}

<p>[vc_row rt_row_background_width=»default» rt_row_style=»default-style» rt_row_borders=»» rt_row_paddings=»true» rt_bg_effect=»classic» rt_bg_image_repeat=»repeat» rt_bg_size=»cover» rt_bg_position=»right top» rt_bg_attachment=»scroll» rt_bg_video_format=»self-hosted»][vc_column rt_wrp_col_paddings=»false» rt_border_top=»» rt_border_bottom=»» rt_border_left=»» rt_border_right=»» rt_border_top_mobile=»» rt_border_bottom_mobile=»» rt_border_left_mobile=»» rt_border_right_mobile=»» rt_bg_image_repeat=»repeat» rt_bg_size=»auto auto» rt_bg_position=»right top» rt_bg_attachment=»scroll»]<div class="rt_heading_wrapper ">
						<h2 class="rt_heading  " >Perfil de absentismo de trabajadores de una empresa colombiana del sector retail</h2>
					</div>[/vc_column][/vc_row][vc_row rt_row_background_width=»default» rt_row_style=»default-style» rt_row_borders=»» rt_row_paddings=»true» rt_bg_effect=»classic» rt_bg_image_repeat=»repeat» rt_bg_size=»cover» rt_bg_position=»right top» rt_bg_attachment=»scroll» rt_bg_video_format=»self-hosted»][vc_column rt_wrp_col_paddings=»false» rt_border_top=»» rt_border_bottom=»» rt_border_left=»» rt_border_right=»» rt_border_top_mobile=»» rt_border_bottom_mobile=»» rt_border_left_mobile=»» rt_border_right_mobile=»» rt_bg_image_repeat=»repeat» rt_bg_size=»auto auto» rt_bg_position=»right top» rt_bg_attachment=»scroll»][vc_column_text css=»»]</p>
<p style="text-align: justify;"><img loading="lazy" decoding="async" class=" wp-image-70359 aligncenter" src="https://www.aeemt.org/web/wp-content/uploads/2024/09/Revista_AEEMT_Cabecero-300x97.png" alt="" width="927" height="300" srcset="https://www.aeemt.org/web/wp-content/uploads/2024/09/Revista_AEEMT_Cabecero-300x97.png 300w, https://www.aeemt.org/web/wp-content/uploads/2024/09/Revista_AEEMT_Cabecero-768x248.png 768w, https://www.aeemt.org/web/wp-content/uploads/2024/09/Revista_AEEMT_Cabecero-600x193.png 600w, https://www.aeemt.org/web/wp-content/uploads/2024/09/Revista_AEEMT_Cabecero.png 934w" sizes="(max-width: 927px) 100vw, 927px" /></p>
<p style="text-align: justify;">Número de la Revista: Vol. 33 &#8211; nº 04- Diciembre 2024</p>
<p><strong>Sección:</strong> Original<br />
<strong>Título: </strong>Perfil de absentismo de trabajadores de una empresa colombiana del sector retail</p>
<p style="text-align: justify;"><strong>Autores:</strong></p>
<p><strong><em>Alejandro Angarita</em></strong><strong><em><sup>(1)</sup></em></strong><strong><em>, Sebastián Bedoya</em></strong><strong><em><sup>(2)</sup></em></strong><strong><em>, Mauricio Álzate</em></strong><strong><em><sup>(3)</sup></em></strong></p>
<p><em><sup>1 </sup></em><em>Médico laboral, , Especialista en Salud pública, docente Universidad CES. Medellín, Antioquía. Colombia.</em><br />
<em><sup>2 </sup></em><em>PhDc Epidemiología y Bioestadística, docente investigador, Universidad CES. Medellín, Antioquía. Colombia. </em><em><sup> </sup></em><br />
<em><sup>3 </sup></em><em>Docente Universidad CES, Medellín, Antioquía. Colombia. </em><em><sup> </sup></em></p>
<p><strong>Correspondencia:</strong></p>
<p><strong><em>Alejandro Angarita</em></strong></p>
<p>Correo electrónico: <a href="mailto:angara10@gmail.com" target="_blank" rel="noopener">angara10@gmail.com</a></p>
<p><strong>Palabras Clave</strong>: Absentismo laboral; Obesidad; Sobrepeso; Riesgo nutricional; actividad física.</p>
<p><strong>Keywords</strong>: Work absenteeism; obesity; overweight; nutritional risk; physical activity.</p>
<p><strong>Cita Artículo</strong>: Alejandro Angarita, Sebastián Bedoya, Mauricio Álzate. Perfil de absentismo de trabajadores de una empresa colombiana del sector retail. Rev Asoc Esp Espec Med Trab 2024; 33(4):435-448</p>
<p style="text-align: justify;">Acceso al PDF: <div class="button_wrapper "><a  href="https://www.aeemt.org/Revista_AEEMT/VOL_33_N04_2024_DIC/435-448%20Original_7.pdf" target="_blank" title="Perfil de absentismo de trabajadores de una empresa colombiana del sector retail" class="button_  default medium"><strong>PDF del Artículo</strong></a></div>
<p><strong>RESUMEN.</strong></p>
<p style="text-align: justify;"><strong>Objeto:</strong> Analizar la relación del absentismo laboral con el sobrepeso y la obesidad en una empresa colombiana del Retail.</p>
<p style="text-align: justify;"><strong>Material y Métodos:</strong> Se trata de un estudio cuantitativo, de corte trasversal con intensión analítica, donde participaron 8531 trabajadores entre los 18 y 65 años, empleados en los últimos cuatro años, a cada empleado se le realizó una encuesta de hábitos de vida, una valoración nutricional que incluía medidas antropométricas y además una medición de composición corporal por medio de bioimpedanciometria. Se realizaron análisis univariado y bivariados con la prueba estadística chicuadrado de independencias y medidas epidemiológicas RP acompañadas de sus IC95%, y para la construcción del perfil se realizó por un análisis de correspondencia múltiple.</p>
<p style="text-align: justify;"><strong>Resultados:</strong> Se presentó un 24,53% de absentismo, encontrando diferencias estadísticas significativas y mayor probabilidad de presentar un mayor absentismo para las mujeres RP 1,34 (1,24 -1,45), edades entre 39 Y 48 RP 1,86 (1,66 – 2,09) y los 49 y 58 años RP 2,25 (2,00 – 2,54), y en las personas que tienen sobrepeso RP 1,69 (1,16 -2,48). disminuye el absentismo cuanto no presentan riesgo nutricional RP 0,51 (0,43 – 0,59) y cuando la actividad física es muy fuerte RP 0,49 (0,33 – 0,72), es así como se encontró un perfil de absentismo así: mujeres, mayores de 39 años, con IMC en sobrepeso, clasificación nutricional en riesgo alto y muy alto, porcentaje de grasa en obesidad y no realizan actividad física.</p>
<p style="text-align: justify;"><strong>Conclusión:</strong> En los trabajadores de una empresa del sector retail, se observó una mayor tendencia al absentismo asociado al sobrepeso y la obesidad. Es recomendable implementar programas de bienestar laboral para mejorar la salud física, el bienestar general y la productividad.</p>
<p style="text-align: justify;"><strong>Title: ABSENTEEISM PROFILE OF WORKERS IN A COLOMBIAN COMPANY IN THE RETAIL SECTOR</strong></p>
<p style="text-align: justify;"><strong style="text-align: justify;">Abstract:</strong></p>
<p style="text-align: justify;"><strong>Objective:</strong> To analyze the relationship between absenteeism and overweight and obesity in a Colombian retail company.</p>
<p style="text-align: justify;"><strong>Magterial and Methods:</strong> This is a quantitative, cross-sectional study with analytical intent, in which 8531 workers between 18 and 65 years of age, employed in the last four years, participated. Each employee underwent a life habits survey, a nutritional assessment that included anthropometric measurements and also a measurement of body composition by means of bioimpedanciometry. Univariate and bivariate analyses were performed with the chi-square statistical test of independence and RP epidemiological measures accompanied by their 95%CI, and for the construction of the profile a multiple correspondence</p>
<p style="text-align: justify;">analysis was performed.</p>
<p style="text-align: justify;"><strong>Results:</strong> There was a 24.53% absenteeism, finding significant statistical differences and a higher probability of presenting a higher absenteeism for women RP 1.34 (1.24 -1.45), ages between 39 and 48 RP 1.86 (1.66 – 2.09) and 49 and 58 years RP 2.25 (2.00 – 2.54), and in people who are overweight RP 1.69 (1.16 -2.48). Absenteeism decreases when they do not present nutritional risk RP 0.51 (0.43 – 0.59) and when physical activity is very strong RP 0.49 (0.33 – 0.72), thus a profile of absenteeism was found as follows: women, older than 39 years, with BMI in overweight, nutritional classification in high and very high risk, percentage of fat in obesity and do not perform physical activity.</p>
<p style="text-align: justify;"><strong>Conclusion:</strong> A greater tendency to absenteeism associated with overweight and obesity was observed in the workers of a retail sector company. It is advisable to implement occupational wellness programs to improve physical health, general wellbeing and productivity.</p>
<p>[/vc_column_text][/vc_column][/vc_row]</p>
