{"id":70901,"date":"2025-01-22T18:44:01","date_gmt":"2025-01-22T17:44:01","guid":{"rendered":"https:\/\/www.aeemt.org\/web\/?page_id=70901"},"modified":"2025-01-22T18:56:11","modified_gmt":"2025-01-22T17:56:11","slug":"original-6-mdt-vol33-n4-diciembre-2024","status":"publish","type":"page","link":"https:\/\/www.aeemt.org\/web\/original-6-mdt-vol33-n4-diciembre-2024\/","title":{"rendered":"Original 6 MDT VOL33 N4 Diciembre 2024"},"content":{"rendered":"<p>[vc_row rt_row_background_width=\u00bbdefault\u00bb rt_row_style=\u00bbdefault-style\u00bb rt_row_borders=\u00bb\u00bb rt_row_paddings=\u00bbtrue\u00bb rt_bg_effect=\u00bbclassic\u00bb rt_bg_image_repeat=\u00bbrepeat\u00bb rt_bg_size=\u00bbcover\u00bb rt_bg_position=\u00bbright top\u00bb rt_bg_attachment=\u00bbscroll\u00bb rt_bg_video_format=\u00bbself-hosted\u00bb][vc_column rt_wrp_col_paddings=\u00bbfalse\u00bb rt_border_top=\u00bb\u00bb rt_border_bottom=\u00bb\u00bb rt_border_left=\u00bb\u00bb rt_border_right=\u00bb\u00bb rt_border_top_mobile=\u00bb\u00bb rt_border_bottom_mobile=\u00bb\u00bb rt_border_left_mobile=\u00bb\u00bb rt_border_right_mobile=\u00bb\u00bb rt_bg_image_repeat=\u00bbrepeat\u00bb rt_bg_size=\u00bbauto auto\u00bb rt_bg_position=\u00bbright top\u00bb rt_bg_attachment=\u00bbscroll\u00bb]<div class=\"rt_heading_wrapper \">\n\t\t\t\t\t\t<h2 class=\"rt_heading  \" >Crisis epil\u00e9pticas en trabajadores de una multinacional bancaria en Madrid<\/h2>\n\t\t\t\t\t<\/div>[\/vc_column][\/vc_row][vc_row rt_row_background_width=\u00bbdefault\u00bb rt_row_style=\u00bbdefault-style\u00bb rt_row_borders=\u00bb\u00bb rt_row_paddings=\u00bbtrue\u00bb rt_bg_effect=\u00bbclassic\u00bb rt_bg_image_repeat=\u00bbrepeat\u00bb rt_bg_size=\u00bbcover\u00bb rt_bg_position=\u00bbright top\u00bb rt_bg_attachment=\u00bbscroll\u00bb rt_bg_video_format=\u00bbself-hosted\u00bb][vc_column rt_wrp_col_paddings=\u00bbfalse\u00bb rt_border_top=\u00bb\u00bb rt_border_bottom=\u00bb\u00bb rt_border_left=\u00bb\u00bb rt_border_right=\u00bb\u00bb rt_border_top_mobile=\u00bb\u00bb rt_border_bottom_mobile=\u00bb\u00bb rt_border_left_mobile=\u00bb\u00bb rt_border_right_mobile=\u00bb\u00bb rt_bg_image_repeat=\u00bbrepeat\u00bb rt_bg_size=\u00bbauto auto\u00bb rt_bg_position=\u00bbright top\u00bb rt_bg_attachment=\u00bbscroll\u00bb][vc_column_text css=\u00bb\u00bb]<\/p>\n<p style=\"text-align: justify;\"><img loading=\"lazy\" decoding=\"async\" class=\" wp-image-70359 aligncenter\" src=\"https:\/\/www.aeemt.org\/web\/wp-content\/uploads\/2024\/09\/Revista_AEEMT_Cabecero-300x97.png\" alt=\"\" width=\"927\" height=\"300\" srcset=\"https:\/\/www.aeemt.org\/web\/wp-content\/uploads\/2024\/09\/Revista_AEEMT_Cabecero-300x97.png 300w, https:\/\/www.aeemt.org\/web\/wp-content\/uploads\/2024\/09\/Revista_AEEMT_Cabecero-768x248.png 768w, https:\/\/www.aeemt.org\/web\/wp-content\/uploads\/2024\/09\/Revista_AEEMT_Cabecero-600x193.png 600w, https:\/\/www.aeemt.org\/web\/wp-content\/uploads\/2024\/09\/Revista_AEEMT_Cabecero.png 934w\" sizes=\"(max-width: 927px) 100vw, 927px\" \/><\/p>\n<p style=\"text-align: justify;\">N\u00famero de la Revista: Vol. 33 &#8211; n\u00ba 04- Diciembre 2024<\/p>\n<p><strong>Secci\u00f3n:<\/strong>\u00a0Original<br \/>\n<strong>T\u00edtulo:<\/strong> Crisis epil\u00e9pticas en trabajadores de una multinacional bancaria en Madrid<\/p>\n<p style=\"text-align: justify;\"><strong>Autores:<\/strong><\/p>\n<p><strong><em>Juan Aldana-Romero<\/em><\/strong><strong><em><sup>(1)<\/sup><\/em><\/strong><strong><em>, Isabel C\u00f3rdoba-T\u00e9var<\/em><\/strong><strong><em><sup>(2)<\/sup><\/em><\/strong><strong><em>, Laura G\u00f3mez-Paredes<\/em><\/strong><strong><em><sup>(3)<\/sup><\/em><\/strong><strong><em>, Cristina P\u00e9rez-Herreras<\/em><\/strong><strong><em><sup>(4) <\/sup><\/em><\/strong><strong><em>Maria Guti\u00e9rrez-Aguilo<\/em><\/strong><strong><em><sup>(5)<\/sup><\/em><\/strong><strong><em>, Maria-Antonia de-Miguel<\/em><\/strong><strong><em><sup>(6)<\/sup><\/em><\/strong><strong><em>, Juan Mu\u00f1oz-Guti\u00e9rrez<\/em><\/strong><strong><em><sup>(7)<\/sup><\/em><\/strong><strong><em>, Luis Reinoso-Barbero<\/em><\/strong><strong><em><sup>(8)<\/sup><\/em><\/strong><\/p>\n<p><em><sup>1<\/sup><\/em><em>M\u00e9dico Interno Residente de cuarto a\u00f1o de Medicina del Trabajo, Servicio de Prevenci\u00f3n de Riesgos Laborales, Hospi<\/em><em>tal Universitario Virgen del Roc\u00edo, Sevilla, Espa\u00f1a.<\/em><br \/>\n<em><sup>2<\/sup><\/em><em>M\u00e9dico Interno Residente de cuarto a\u00f1o de Medicina del Trabajo, Servicio de Prevenci\u00f3n de Riesgos Laborales, Hospi<\/em><em>tal Universitario Virgen del Roc\u00edo, Sevilla, Espa\u00f1a.<\/em><br \/>\n<em><sup>3<\/sup><\/em><em>Servicio M\u00e9dico Grupo Santander, Madrid, Espa\u00f1a. <\/em><em><sup>\u00a0<\/sup><\/em><br \/>\n<em><sup>4<\/sup><\/em><em>Servicio M\u00e9dico Grupo Santander, Madrid, Espa\u00f1a. <\/em><em><sup>\u00a0<\/sup><\/em><br \/>\n<em><sup>5<\/sup><\/em><em>Servicio M\u00e9dico Grupo Santander, Madrid, Espa\u00f1a. <\/em><em><sup>\u00a0<\/sup><\/em><br \/>\n<em><sup>6<\/sup><\/em><em>Servicio M\u00e9dico Grupo Santander, Madrid, Espa\u00f1a. <\/em><em><sup>\u00a0<\/sup><\/em><br \/>\n<em><sup>7<\/sup><\/em><em>Servicio M\u00e9dico Grupo Santander, Madrid, Espa\u00f1a. <\/em><em><sup>\u00a0<\/sup><\/em><br \/>\n<em><sup>8<\/sup><\/em><em>Servicio M\u00e9dico Grupo Santander, Madrid, Espa\u00f1a. Universidad Internacional de La Rioja, Logro\u00f1o, Espa\u00f1a. <\/em><em><sup>\u00a0<\/sup><\/em><\/p>\n<p><strong>Correspondencia:<\/strong><\/p>\n<p><strong><em>Isabel C\u00f3rdoba-T\u00e9var <\/em><\/strong><\/p>\n<p>Direcci\u00f3n: Servicio de Prevenci\u00f3n de Riesgos Laborales, Hospital Universitario Virgen del Roc\u00edo, Sevilla, Espa\u00f1a.<br \/>\nAvenida Manuel Siurot s\/n,\u00a0 CP 41013, Sevilla, Espa\u00f1a.<br \/>\nCorreo electr\u00f3nico: <a href=\"mailto:icordobatevar@gmail.com\" target=\"_blank\" rel=\"noopener\">icordobatevar@gmail.com<\/a><\/p>\n<p><strong>Palabras Clave<\/strong>: urgencia m\u00e9dica; epilepsia; convulsiones; lugar de trabajo; medicina del trabajo.<\/p>\n<p><strong>Keywords<\/strong>: medical emergency; epilepsy; seizures; workplace; occupational medicine.<\/p>\n<p><strong>Cita Art\u00edculo<\/strong>: Juan Aldana-Romero et al. Crisis epil\u00e9pticas en trabajadores de una multinacional bancaria en Madrid. Rev Asoc Esp Espec Med Trab 2024; 33(4):427-434<\/p>\n<p style=\"text-align: justify;\">Acceso al PDF: <div class=\"button_wrapper \"><a  href=\"https:\/\/www.aeemt.org\/Revista_AEEMT\/VOL_33_N04_2024_DIC\/427-434%20Original_6.pdf\" target=\"_blank\" title=\"Crisis epil\u00e9pticas en trabajadores de una multinacional bancaria en Madrid\" class=\"button_  default medium\"><strong>PDF del Art\u00edculo<\/strong><\/a><\/div>\n<p><strong>RESUMEN.<\/strong><\/p>\n<p style=\"text-align: justify;\"><strong>Introducci\u00f3n:<\/strong> en octubre de 2023 la Consejer\u00eda de Sanidad de la Comunidad de Madrid public\u00f3 el \u201cc\u00f3digo crisis\u201d para optimizar la atenci\u00f3n de urgencias de crisis epil\u00e9pticas.<\/p>\n<p style=\"text-align: justify;\"><strong>Objetivos:<\/strong> describir 8 crisis epil\u00e9pticas atendidas fuera del Servicio M\u00e9dico de una multinacional bancaria en Madrid, entre 2017 y 2023.<\/p>\n<p style=\"text-align: justify;\"><strong>Material y M\u00e9todos:<\/strong> estudio serie de casos observacional descriptivo de urgencias clasificadas como \u201ccrisis epil\u00e9pticas\u201d seg\u00fan la \u201cGu\u00eda de consenso sobre la dotaci\u00f3n de los servicios de Medicina del Trabajo\u201d, comparadas con otras urgencias en el mismo entorno y hospitalarias.<\/p>\n<p style=\"text-align: justify;\"><strong>Resultados:<\/strong> los dos centros m\u00e9dicos de la entidad bancaria dan cobertura a unos 16.000 empleados. Entre 2017 y 2023 se registraron 8 salidas de urgencias por ataques epil\u00e9pticos. En 2023, acontecieron 69 urgencias, siendo s\u00f3lo una un episodio de convulsiones.<\/p>\n<p style=\"text-align: justify;\"><strong>Conclusiones:<\/strong> la incidencia y prevalencia de ataques epil\u00e9pticos es inferior en la comunidad estudiada respecto a la poblaci\u00f3n espa\u00f1ola. Ninguna de las 8 crisis epil\u00e9pticas se consider\u00f3 accidente de trabajo. Los especialistas en Medicina del Trabajo deben estar formados y actualizados en la primera atenci\u00f3n de urgencia y derivaci\u00f3n adecuada.<\/p>\n<p style=\"text-align: justify;\"><strong>Title: <\/strong><strong>EPILEPSY IN WORKERS OF A MULTINATIONAL BANK IN MADRID. <\/strong><\/p>\n<p style=\"text-align: justify;\"><strong style=\"text-align: justify;\">Abstract:<\/strong><\/p>\n<p style=\"text-align: justify;\"><strong>Introduction:<\/strong> In October 2023, Madrid Regional Health Department published the \u201ccrisis code\u201d to optimize emergency care for epileptic seizures.<\/p>\n<p style=\"text-align: justify;\"><strong>Objetives:<\/strong> to describe 8 epil\u00e9ptico seizures attended outside the<\/p>\n<p style=\"text-align: justify;\">Medical Service of a multinacional Bank in Madrid, between 2018 and 2023.<\/p>\n<p style=\"text-align: justify;\"><strong>Materials and Methods:<\/strong> observational descriptivo case series Study of emergencias classified as \u201cepileptic seizures\u201d according to the \u201cGu\u00eda de consenso sobre la dotaci\u00f3n de los servicios de Medicina del Trabajo\u201d, compared with other emergencias in the same environment and hospital settings.<\/p>\n<p style=\"text-align: justify;\"><strong>Results:<\/strong> the two medical centers of the Bank Cover approximately 16.000 employees. From 2017 to 2023, 8 emergency responses for epileptic seizures were recorded. In 2023, there were 69 emergencies, with the only one being classified as a seizure.<\/p>\n<p style=\"text-align: justify;\"><strong>Conclusions:<\/strong> the incidente and prevalente of epileptic seizures is lower in the estudiad Community compared to the Spanish population. None of the 8 seizures were considered work-related accidents. However, Ocupacional Medicine especialistas must be trained and updated in the inicial emergency care and proper referral of such cases.<\/p>\n<p>[\/vc_column_text][\/vc_column][\/vc_row]<\/p>\n","protected":false},"excerpt":{"rendered":"<p>[vc_row rt_row_background_width=\u00bbdefault\u00bb rt_row_style=\u00bbdefault-style\u00bb rt_row_borders=\u00bb\u00bb rt_row_paddings=\u00bbtrue\u00bb rt_bg_effect=\u00bbclassic\u00bb rt_bg_image_repeat=\u00bbrepeat\u00bb rt_bg_size=\u00bbcover\u00bb rt_bg_position=\u00bbright top\u00bb rt_bg_attachment=\u00bbscroll\u00bb rt_bg_video_format=\u00bbself-hosted\u00bb][vc_column rt_wrp_col_paddings=\u00bbfalse\u00bb rt_border_top=\u00bb\u00bb rt_border_bottom=\u00bb\u00bb rt_border_left=\u00bb\u00bb rt_border_right=\u00bb\u00bb rt_border_top_mobile=\u00bb\u00bb rt_border_bottom_mobile=\u00bb\u00bb rt_border_left_mobile=\u00bb\u00bb rt_border_right_mobile=\u00bb\u00bb rt_bg_image_repeat=\u00bbrepeat\u00bb rt_bg_size=\u00bbauto auto\u00bb rt_bg_position=\u00bbright top\u00bb rt_bg_attachment=\u00bbscroll\u00bb][\/vc_column][\/vc_row][vc_row rt_row_background_width=\u00bbdefault\u00bb rt_row_style=\u00bbdefault-style\u00bb rt_row_borders=\u00bb\u00bb [&hellip;]<\/p>\n","protected":false},"author":1,"featured_media":0,"parent":0,"menu_order":0,"comment_status":"closed","ping_status":"closed","template":"","meta":{"footnotes":""},"class_list":["post-70901","page","type-page","status-publish","hentry"],"_links":{"self":[{"href":"https:\/\/www.aeemt.org\/web\/wp-json\/wp\/v2\/pages\/70901"}],"collection":[{"href":"https:\/\/www.aeemt.org\/web\/wp-json\/wp\/v2\/pages"}],"about":[{"href":"https:\/\/www.aeemt.org\/web\/wp-json\/wp\/v2\/types\/page"}],"author":[{"embeddable":true,"href":"https:\/\/www.aeemt.org\/web\/wp-json\/wp\/v2\/users\/1"}],"replies":[{"embeddable":true,"href":"https:\/\/www.aeemt.org\/web\/wp-json\/wp\/v2\/comments?post=70901"}],"version-history":[{"count":3,"href":"https:\/\/www.aeemt.org\/web\/wp-json\/wp\/v2\/pages\/70901\/revisions"}],"predecessor-version":[{"id":70904,"href":"https:\/\/www.aeemt.org\/web\/wp-json\/wp\/v2\/pages\/70901\/revisions\/70904"}],"wp:attachment":[{"href":"https:\/\/www.aeemt.org\/web\/wp-json\/wp\/v2\/media?parent=70901"}],"curies":[{"name":"wp","href":"https:\/\/api.w.org\/{rel}","templated":true}]}}

<p>[vc_row rt_row_background_width=»default» rt_row_style=»default-style» rt_row_borders=»» rt_row_paddings=»true» rt_bg_effect=»classic» rt_bg_image_repeat=»repeat» rt_bg_size=»cover» rt_bg_position=»right top» rt_bg_attachment=»scroll» rt_bg_video_format=»self-hosted»][vc_column rt_wrp_col_paddings=»false» rt_border_top=»» rt_border_bottom=»» rt_border_left=»» rt_border_right=»» rt_border_top_mobile=»» rt_border_bottom_mobile=»» rt_border_left_mobile=»» rt_border_right_mobile=»» rt_bg_image_repeat=»repeat» rt_bg_size=»auto auto» rt_bg_position=»right top» rt_bg_attachment=»scroll»]<div class="rt_heading_wrapper ">
						<h2 class="rt_heading  " >Crisis epilépticas en trabajadores de una multinacional bancaria en Madrid</h2>
					</div>[/vc_column][/vc_row][vc_row rt_row_background_width=»default» rt_row_style=»default-style» rt_row_borders=»» rt_row_paddings=»true» rt_bg_effect=»classic» rt_bg_image_repeat=»repeat» rt_bg_size=»cover» rt_bg_position=»right top» rt_bg_attachment=»scroll» rt_bg_video_format=»self-hosted»][vc_column rt_wrp_col_paddings=»false» rt_border_top=»» rt_border_bottom=»» rt_border_left=»» rt_border_right=»» rt_border_top_mobile=»» rt_border_bottom_mobile=»» rt_border_left_mobile=»» rt_border_right_mobile=»» rt_bg_image_repeat=»repeat» rt_bg_size=»auto auto» rt_bg_position=»right top» rt_bg_attachment=»scroll»][vc_column_text css=»»]</p>
<p style="text-align: justify;"><img loading="lazy" decoding="async" class=" wp-image-70359 aligncenter" src="https://www.aeemt.org/web/wp-content/uploads/2024/09/Revista_AEEMT_Cabecero-300x97.png" alt="" width="927" height="300" srcset="https://www.aeemt.org/web/wp-content/uploads/2024/09/Revista_AEEMT_Cabecero-300x97.png 300w, https://www.aeemt.org/web/wp-content/uploads/2024/09/Revista_AEEMT_Cabecero-768x248.png 768w, https://www.aeemt.org/web/wp-content/uploads/2024/09/Revista_AEEMT_Cabecero-600x193.png 600w, https://www.aeemt.org/web/wp-content/uploads/2024/09/Revista_AEEMT_Cabecero.png 934w" sizes="(max-width: 927px) 100vw, 927px" /></p>
<p style="text-align: justify;">Número de la Revista: Vol. 33 &#8211; nº 04- Diciembre 2024</p>
<p><strong>Sección:</strong> Original<br />
<strong>Título:</strong> Crisis epilépticas en trabajadores de una multinacional bancaria en Madrid</p>
<p style="text-align: justify;"><strong>Autores:</strong></p>
<p><strong><em>Juan Aldana-Romero</em></strong><strong><em><sup>(1)</sup></em></strong><strong><em>, Isabel Córdoba-Tévar</em></strong><strong><em><sup>(2)</sup></em></strong><strong><em>, Laura Gómez-Paredes</em></strong><strong><em><sup>(3)</sup></em></strong><strong><em>, Cristina Pérez-Herreras</em></strong><strong><em><sup>(4) </sup></em></strong><strong><em>Maria Gutiérrez-Aguilo</em></strong><strong><em><sup>(5)</sup></em></strong><strong><em>, Maria-Antonia de-Miguel</em></strong><strong><em><sup>(6)</sup></em></strong><strong><em>, Juan Muñoz-Gutiérrez</em></strong><strong><em><sup>(7)</sup></em></strong><strong><em>, Luis Reinoso-Barbero</em></strong><strong><em><sup>(8)</sup></em></strong></p>
<p><em><sup>1</sup></em><em>Médico Interno Residente de cuarto año de Medicina del Trabajo, Servicio de Prevención de Riesgos Laborales, Hospi</em><em>tal Universitario Virgen del Rocío, Sevilla, España.</em><br />
<em><sup>2</sup></em><em>Médico Interno Residente de cuarto año de Medicina del Trabajo, Servicio de Prevención de Riesgos Laborales, Hospi</em><em>tal Universitario Virgen del Rocío, Sevilla, España.</em><br />
<em><sup>3</sup></em><em>Servicio Médico Grupo Santander, Madrid, España. </em><em><sup> </sup></em><br />
<em><sup>4</sup></em><em>Servicio Médico Grupo Santander, Madrid, España. </em><em><sup> </sup></em><br />
<em><sup>5</sup></em><em>Servicio Médico Grupo Santander, Madrid, España. </em><em><sup> </sup></em><br />
<em><sup>6</sup></em><em>Servicio Médico Grupo Santander, Madrid, España. </em><em><sup> </sup></em><br />
<em><sup>7</sup></em><em>Servicio Médico Grupo Santander, Madrid, España. </em><em><sup> </sup></em><br />
<em><sup>8</sup></em><em>Servicio Médico Grupo Santander, Madrid, España. Universidad Internacional de La Rioja, Logroño, España. </em><em><sup> </sup></em></p>
<p><strong>Correspondencia:</strong></p>
<p><strong><em>Isabel Córdoba-Tévar </em></strong></p>
<p>Dirección: Servicio de Prevención de Riesgos Laborales, Hospital Universitario Virgen del Rocío, Sevilla, España.<br />
Avenida Manuel Siurot s/n,  CP 41013, Sevilla, España.<br />
Correo electrónico: <a href="mailto:icordobatevar@gmail.com" target="_blank" rel="noopener">icordobatevar@gmail.com</a></p>
<p><strong>Palabras Clave</strong>: urgencia médica; epilepsia; convulsiones; lugar de trabajo; medicina del trabajo.</p>
<p><strong>Keywords</strong>: medical emergency; epilepsy; seizures; workplace; occupational medicine.</p>
<p><strong>Cita Artículo</strong>: Juan Aldana-Romero et al. Crisis epilépticas en trabajadores de una multinacional bancaria en Madrid. Rev Asoc Esp Espec Med Trab 2024; 33(4):427-434</p>
<p style="text-align: justify;">Acceso al PDF: <div class="button_wrapper "><a  href="https://www.aeemt.org/Revista_AEEMT/VOL_33_N04_2024_DIC/427-434%20Original_6.pdf" target="_blank" title="Crisis epilépticas en trabajadores de una multinacional bancaria en Madrid" class="button_  default medium"><strong>PDF del Artículo</strong></a></div>
<p><strong>RESUMEN.</strong></p>
<p style="text-align: justify;"><strong>Introducción:</strong> en octubre de 2023 la Consejería de Sanidad de la Comunidad de Madrid publicó el “código crisis” para optimizar la atención de urgencias de crisis epilépticas.</p>
<p style="text-align: justify;"><strong>Objetivos:</strong> describir 8 crisis epilépticas atendidas fuera del Servicio Médico de una multinacional bancaria en Madrid, entre 2017 y 2023.</p>
<p style="text-align: justify;"><strong>Material y Métodos:</strong> estudio serie de casos observacional descriptivo de urgencias clasificadas como “crisis epilépticas” según la “Guía de consenso sobre la dotación de los servicios de Medicina del Trabajo”, comparadas con otras urgencias en el mismo entorno y hospitalarias.</p>
<p style="text-align: justify;"><strong>Resultados:</strong> los dos centros médicos de la entidad bancaria dan cobertura a unos 16.000 empleados. Entre 2017 y 2023 se registraron 8 salidas de urgencias por ataques epilépticos. En 2023, acontecieron 69 urgencias, siendo sólo una un episodio de convulsiones.</p>
<p style="text-align: justify;"><strong>Conclusiones:</strong> la incidencia y prevalencia de ataques epilépticos es inferior en la comunidad estudiada respecto a la población española. Ninguna de las 8 crisis epilépticas se consideró accidente de trabajo. Los especialistas en Medicina del Trabajo deben estar formados y actualizados en la primera atención de urgencia y derivación adecuada.</p>
<p style="text-align: justify;"><strong>Title: </strong><strong>EPILEPSY IN WORKERS OF A MULTINATIONAL BANK IN MADRID. </strong></p>
<p style="text-align: justify;"><strong style="text-align: justify;">Abstract:</strong></p>
<p style="text-align: justify;"><strong>Introduction:</strong> In October 2023, Madrid Regional Health Department published the “crisis code” to optimize emergency care for epileptic seizures.</p>
<p style="text-align: justify;"><strong>Objetives:</strong> to describe 8 epiléptico seizures attended outside the</p>
<p style="text-align: justify;">Medical Service of a multinacional Bank in Madrid, between 2018 and 2023.</p>
<p style="text-align: justify;"><strong>Materials and Methods:</strong> observational descriptivo case series Study of emergencias classified as “epileptic seizures” according to the “Guía de consenso sobre la dotación de los servicios de Medicina del Trabajo”, compared with other emergencias in the same environment and hospital settings.</p>
<p style="text-align: justify;"><strong>Results:</strong> the two medical centers of the Bank Cover approximately 16.000 employees. From 2017 to 2023, 8 emergency responses for epileptic seizures were recorded. In 2023, there were 69 emergencies, with the only one being classified as a seizure.</p>
<p style="text-align: justify;"><strong>Conclusions:</strong> the incidente and prevalente of epileptic seizures is lower in the estudiad Community compared to the Spanish population. None of the 8 seizures were considered work-related accidents. However, Ocupacional Medicine especialistas must be trained and updated in the inicial emergency care and proper referral of such cases.</p>
<p>[/vc_column_text][/vc_column][/vc_row]</p>
