{"id":70891,"date":"2025-01-22T18:09:19","date_gmt":"2025-01-22T17:09:19","guid":{"rendered":"https:\/\/www.aeemt.org\/web\/?page_id=70891"},"modified":"2025-01-22T18:32:42","modified_gmt":"2025-01-22T17:32:42","slug":"original-4-mdt-vol33-n4-diciembre-2024","status":"publish","type":"page","link":"https:\/\/www.aeemt.org\/web\/original-4-mdt-vol33-n4-diciembre-2024\/","title":{"rendered":"Original 4 MDT VOL33 N4 Diciembre 2024"},"content":{"rendered":"<p>[vc_row rt_row_background_width=\u00bbdefault\u00bb rt_row_style=\u00bbdefault-style\u00bb rt_row_borders=\u00bb\u00bb rt_row_paddings=\u00bbtrue\u00bb rt_bg_effect=\u00bbclassic\u00bb rt_bg_image_repeat=\u00bbrepeat\u00bb rt_bg_size=\u00bbcover\u00bb rt_bg_position=\u00bbright top\u00bb rt_bg_attachment=\u00bbscroll\u00bb rt_bg_video_format=\u00bbself-hosted\u00bb][vc_column rt_wrp_col_paddings=\u00bbfalse\u00bb rt_border_top=\u00bb\u00bb rt_border_bottom=\u00bb\u00bb rt_border_left=\u00bb\u00bb rt_border_right=\u00bb\u00bb rt_border_top_mobile=\u00bb\u00bb rt_border_bottom_mobile=\u00bb\u00bb rt_border_left_mobile=\u00bb\u00bb rt_border_right_mobile=\u00bb\u00bb rt_bg_image_repeat=\u00bbrepeat\u00bb rt_bg_size=\u00bbauto auto\u00bb rt_bg_position=\u00bbright top\u00bb rt_bg_attachment=\u00bbscroll\u00bb]<div class=\"rt_heading_wrapper \">\n\t\t\t\t\t\t<h2 class=\"rt_heading  \" >Adaptaci\u00f3n y validaci\u00f3n de la escala de ira en la conducci\u00f3n: estudio realizado en conductores del sur del Per\u00fa<\/h2>\n\t\t\t\t\t<\/div>[\/vc_column][\/vc_row][vc_row rt_row_background_width=\u00bbdefault\u00bb rt_row_style=\u00bbdefault-style\u00bb rt_row_borders=\u00bb\u00bb rt_row_paddings=\u00bbtrue\u00bb rt_bg_effect=\u00bbclassic\u00bb rt_bg_image_repeat=\u00bbrepeat\u00bb rt_bg_size=\u00bbcover\u00bb rt_bg_position=\u00bbright top\u00bb rt_bg_attachment=\u00bbscroll\u00bb rt_bg_video_format=\u00bbself-hosted\u00bb][vc_column rt_wrp_col_paddings=\u00bbfalse\u00bb rt_border_top=\u00bb\u00bb rt_border_bottom=\u00bb\u00bb rt_border_left=\u00bb\u00bb rt_border_right=\u00bb\u00bb rt_border_top_mobile=\u00bb\u00bb rt_border_bottom_mobile=\u00bb\u00bb rt_border_left_mobile=\u00bb\u00bb rt_border_right_mobile=\u00bb\u00bb rt_bg_image_repeat=\u00bbrepeat\u00bb rt_bg_size=\u00bbauto auto\u00bb rt_bg_position=\u00bbright top\u00bb rt_bg_attachment=\u00bbscroll\u00bb][vc_column_text css=\u00bb\u00bb]<\/p>\n<p style=\"text-align: justify;\"><img loading=\"lazy\" decoding=\"async\" class=\" wp-image-70359 aligncenter\" src=\"https:\/\/www.aeemt.org\/web\/wp-content\/uploads\/2024\/09\/Revista_AEEMT_Cabecero-300x97.png\" alt=\"\" width=\"927\" height=\"300\" srcset=\"https:\/\/www.aeemt.org\/web\/wp-content\/uploads\/2024\/09\/Revista_AEEMT_Cabecero-300x97.png 300w, https:\/\/www.aeemt.org\/web\/wp-content\/uploads\/2024\/09\/Revista_AEEMT_Cabecero-768x248.png 768w, https:\/\/www.aeemt.org\/web\/wp-content\/uploads\/2024\/09\/Revista_AEEMT_Cabecero-600x193.png 600w, https:\/\/www.aeemt.org\/web\/wp-content\/uploads\/2024\/09\/Revista_AEEMT_Cabecero.png 934w\" sizes=\"(max-width: 927px) 100vw, 927px\" \/><\/p>\n<p style=\"text-align: justify;\">N\u00famero de la Revista: Vol. 33 &#8211; n\u00ba 04- Diciembre 2024<\/p>\n<p><strong>Secci\u00f3n:<\/strong>\u00a0Original<br \/>\n<strong>T\u00edtulo:<\/strong> Adaptaci\u00f3n y validaci\u00f3n de la escala de ira en la conducci\u00f3n: estudio realizado en conductores del sur del Per\u00fa<\/p>\n<p style=\"text-align: justify;\"><strong>Autores:<\/strong><\/p>\n<p><strong><em>Yhonny Alejo-Chavez<\/em><\/strong><strong><em><sup>(1)<\/sup><\/em><\/strong><strong><em>, Rosa Oviedo-Soto<\/em><\/strong><strong><em><sup>(2)<\/sup><\/em><\/strong><strong><em>, Ruth Camargo-Flores<\/em><\/strong><strong><em><sup>(3)<\/sup><\/em><\/strong><strong><em>, Josu\u00e9 Edison Turpo-Chaparro<\/em><\/strong><strong><em><sup>(4)<\/sup><\/em><\/strong><strong><em>,<\/em><\/strong> <strong><em>Oscar Mamani-Benito<\/em><\/strong><strong><em><sup>(5)<\/sup><\/em><\/strong><\/p>\n<p><em><sup>1 <\/sup><\/em><em>Escuela Profesional de Psicolog\u00eda. Universidad Peruana Uni\u00f3n. Juliaca, Per\u00fa. <\/em><em><sup>2<\/sup><\/em><em>Escuela Profesional de Psicolog\u00eda. Universidad Peruana Uni\u00f3n. Juliaca, Per\u00fa. <\/em><em><sup>\u00a0<\/sup><\/em><br \/>\n<em><sup>3<\/sup><\/em><em>Escuela Profesional de Psicolog\u00eda. Universidad Peruana Uni\u00f3n. Juliaca, Per\u00fa<\/em><br \/>\n<em><sup>4<\/sup><\/em><em>Escuela de Posgrado. Universidad Peruana Uni\u00f3n. Lima, Per\u00fa <\/em><em><sup>\u00a0<\/sup><\/em><br \/>\n<em><sup>5<\/sup><\/em><em>Facultad de Ciencias de la Salud. Universidad Se\u00f1or de Sip\u00e1n. Chiclayo, Per\u00fa. <\/em><em><sup>\u00a0<\/sup><\/em><\/p>\n<p><strong>Correspondencia:<\/strong><\/p>\n<p><strong><em>Oscar Mamani Benito <\/em><\/strong><\/p>\n<p>Direcci\u00f3n: Carretera a Pimentel km 05, Chiclayo.<br \/>\nCorreo electr\u00f3nico: <a href=\"mailto:mamanibe@uss.edu.pe\" target=\"_blank\" rel=\"noopener\">mamanibe@uss.edu.pe<\/a><\/p>\n<p><strong>Palabras Clave<\/strong>: Ira al volante; Salud laboral; Conductores; Accidentes de tr\u00e1fico; Per\u00fa<\/p>\n<p><strong>Keywords<\/strong>: Driving anger; Occupational health; Drivers; Traffic accidents; Peru<\/p>\n<p style=\"text-align: justify;\"><strong>Cita Art\u00edculo<\/strong>: Yhonny Alejo-Chavez et al. Adaptaci\u00f3n y validaci\u00f3n de la escala de ira en la conducci\u00f3n: estudio realizado en conductores del sur del Per\u00fa . Rev Asoc Esp Espec Med Trab 2024; 33(4):405-414<\/p>\n<p style=\"text-align: justify;\">Acceso al PDF: <div class=\"button_wrapper \"><a  href=\"https:\/\/www.aeemt.org\/Revista_AEEMT\/VOL_33_N04_2024_DIC\/405-414%20Original_4.pdf\" target=\"_blank\" title=\"Adaptaci\u00f3n y validaci\u00f3n de la escala de ira en la conducci\u00f3n: estudio realizado en conductores del sur del Per\u00fa.\" class=\"button_  default medium\"><strong>PDF del Art\u00edculo<\/strong><\/a><\/div>\n<p><strong>RESUMEN.<\/strong><\/p>\n<p style=\"text-align: justify;\"><strong>Objetivos:<\/strong> El control de la ira tiene implicaciones importantes en los accidentes de tr\u00e1nsito. Por ello, se tuvo como objetivo validar una escala para evaluar la ira que experimentan los conductores en diversas situaciones de tr\u00e1fico en el sur del Per\u00fa (EIC-Per).<\/p>\n<p style=\"text-align: justify;\"><strong>Material y M\u00e9todos:<\/strong> estudio instrumental donde participaron voluntariamente 320 conductores de ambos sexos, de entre 26 a 35 a\u00f1os de edad, del departamento de Puno. Los participantes fueron reclutados en empresas que brindan el servicio de transporte de pasajeros interprovincial. El instrumento objeto de validaci\u00f3n fue la escala de ira en la conducci\u00f3n. Se analiz\u00f3 la estructura interna mediante el an\u00e1lisis factorial confirmatorio y la consistencia interna con el coeficiente Alpha de Cronbach.<\/p>\n<p style=\"text-align: justify;\"><strong>Resultados:<\/strong> el an\u00e1lisis factorial confirmatorio report\u00f3 un ajuste inadecuado para la estructura original de 3 factores. Frente a este hecho se procedi\u00f3 a re especificar el modelo, para ello se tuvo que eliminar los \u00edtems 4 y 5 debido a que sus cargas factoriales eran inferiores al .40. Como resultado final se obtuvo un ajuste adecuado de modelo: (x2= 133,439 p &lt; 0,000, gl= 50, CFI = 0,930, RMSEA = 0,072 y SRMR = 0,050). Las cargas factoriales resultantes se encuentran entre 0,51 y 0,75 y la consistencia interna de las dimensiones resulta entre los valores de Alpha de Cronbach 0,72 y 0,95.<\/p>\n<p style=\"text-align: justify;\"><strong>Conclusiones:<\/strong> la escala EIC-Per demuestra validez basada en el contenido, validez basada en la estructura interna y fiabilidad, por tanto, puede ser aplicada como herramienta de gesti\u00f3n en la salud ocupacional de conductores peruanos.<\/p>\n<p style=\"text-align: justify;\"><strong>Title: ADAPTATION AND VALIDATION OF THE DRIVING ANGER SCALE: A STUDY CONDUCTED IN DRIVERS IN SOUTHERN PERU<br \/>\n<\/strong><\/p>\n<p style=\"text-align: justify;\"><strong style=\"text-align: justify;\">Abstract:<\/strong><\/p>\n<p style=\"text-align: justify;\"><strong>Objectives:<\/strong> Anger control has important implications in traffic accidents. Therefore, the aim was to validate a scale to assess the anger experienced by drivers in various traffic situations in southern Peru (EIC-Per).<\/p>\n<p style=\"text-align: justify;\"><strong>Material and Methods:<\/strong> Instrumental study in which 320 drivers of both sexes, between 26 and 35 years of age, from the department of Puno participated voluntarily. The participants were recruited from companies that provide interprovincial passenger transportation services. The instrument to be validated was the driving anger scale. The internal structure was analyzed by confirmatory factor analysis and the internal consistency with Cronbach\u2019s Alpha coefficient.<\/p>\n<p style=\"text-align: justify;\"><strong>Results:<\/strong> the confirmatory factor analysis reported an inadequate adjustment for the original 3-factor structure. In view of this fact, the model was re-specified by eliminating items 4 and 5 because their factor loadings were lower than .40. As a final result, an adequate model fit was obtained: (x2= 133.439 p &lt; 0.000, gl= 50, CFI = 0.930, RMSEA = 0.072 and SRMR = 0.050). The resulting factor loadings are between 0.51 and 0.75 and the internal consistency of the dimensions is between Cronbach\u2019s Alpha values 0.72 and 0.95.<\/p>\n<p style=\"text-align: justify;\"><strong>Conclusions:<\/strong> The EIC-Per scale demonstrates content-based validity, internal structure-based validity and reliability, therefore, it can be applied as a management tool in the occupational health of Peruvian drivers.<\/p>\n<p>[\/vc_column_text][\/vc_column][\/vc_row]<\/p>\n","protected":false},"excerpt":{"rendered":"<p>[vc_row rt_row_background_width=\u00bbdefault\u00bb rt_row_style=\u00bbdefault-style\u00bb rt_row_borders=\u00bb\u00bb rt_row_paddings=\u00bbtrue\u00bb rt_bg_effect=\u00bbclassic\u00bb rt_bg_image_repeat=\u00bbrepeat\u00bb rt_bg_size=\u00bbcover\u00bb rt_bg_position=\u00bbright top\u00bb rt_bg_attachment=\u00bbscroll\u00bb rt_bg_video_format=\u00bbself-hosted\u00bb][vc_column rt_wrp_col_paddings=\u00bbfalse\u00bb rt_border_top=\u00bb\u00bb rt_border_bottom=\u00bb\u00bb rt_border_left=\u00bb\u00bb rt_border_right=\u00bb\u00bb rt_border_top_mobile=\u00bb\u00bb rt_border_bottom_mobile=\u00bb\u00bb rt_border_left_mobile=\u00bb\u00bb rt_border_right_mobile=\u00bb\u00bb rt_bg_image_repeat=\u00bbrepeat\u00bb rt_bg_size=\u00bbauto auto\u00bb rt_bg_position=\u00bbright top\u00bb rt_bg_attachment=\u00bbscroll\u00bb][\/vc_column][\/vc_row][vc_row rt_row_background_width=\u00bbdefault\u00bb rt_row_style=\u00bbdefault-style\u00bb rt_row_borders=\u00bb\u00bb [&hellip;]<\/p>\n","protected":false},"author":1,"featured_media":0,"parent":0,"menu_order":0,"comment_status":"closed","ping_status":"closed","template":"","meta":{"footnotes":""},"class_list":["post-70891","page","type-page","status-publish","hentry"],"_links":{"self":[{"href":"https:\/\/www.aeemt.org\/web\/wp-json\/wp\/v2\/pages\/70891"}],"collection":[{"href":"https:\/\/www.aeemt.org\/web\/wp-json\/wp\/v2\/pages"}],"about":[{"href":"https:\/\/www.aeemt.org\/web\/wp-json\/wp\/v2\/types\/page"}],"author":[{"embeddable":true,"href":"https:\/\/www.aeemt.org\/web\/wp-json\/wp\/v2\/users\/1"}],"replies":[{"embeddable":true,"href":"https:\/\/www.aeemt.org\/web\/wp-json\/wp\/v2\/comments?post=70891"}],"version-history":[{"count":3,"href":"https:\/\/www.aeemt.org\/web\/wp-json\/wp\/v2\/pages\/70891\/revisions"}],"predecessor-version":[{"id":70898,"href":"https:\/\/www.aeemt.org\/web\/wp-json\/wp\/v2\/pages\/70891\/revisions\/70898"}],"wp:attachment":[{"href":"https:\/\/www.aeemt.org\/web\/wp-json\/wp\/v2\/media?parent=70891"}],"curies":[{"name":"wp","href":"https:\/\/api.w.org\/{rel}","templated":true}]}}

<p>[vc_row rt_row_background_width=»default» rt_row_style=»default-style» rt_row_borders=»» rt_row_paddings=»true» rt_bg_effect=»classic» rt_bg_image_repeat=»repeat» rt_bg_size=»cover» rt_bg_position=»right top» rt_bg_attachment=»scroll» rt_bg_video_format=»self-hosted»][vc_column rt_wrp_col_paddings=»false» rt_border_top=»» rt_border_bottom=»» rt_border_left=»» rt_border_right=»» rt_border_top_mobile=»» rt_border_bottom_mobile=»» rt_border_left_mobile=»» rt_border_right_mobile=»» rt_bg_image_repeat=»repeat» rt_bg_size=»auto auto» rt_bg_position=»right top» rt_bg_attachment=»scroll»]<div class="rt_heading_wrapper ">
						<h2 class="rt_heading  " >Adaptación y validación de la escala de ira en la conducción: estudio realizado en conductores del sur del Perú</h2>
					</div>[/vc_column][/vc_row][vc_row rt_row_background_width=»default» rt_row_style=»default-style» rt_row_borders=»» rt_row_paddings=»true» rt_bg_effect=»classic» rt_bg_image_repeat=»repeat» rt_bg_size=»cover» rt_bg_position=»right top» rt_bg_attachment=»scroll» rt_bg_video_format=»self-hosted»][vc_column rt_wrp_col_paddings=»false» rt_border_top=»» rt_border_bottom=»» rt_border_left=»» rt_border_right=»» rt_border_top_mobile=»» rt_border_bottom_mobile=»» rt_border_left_mobile=»» rt_border_right_mobile=»» rt_bg_image_repeat=»repeat» rt_bg_size=»auto auto» rt_bg_position=»right top» rt_bg_attachment=»scroll»][vc_column_text css=»»]</p>
<p style="text-align: justify;"><img loading="lazy" decoding="async" class=" wp-image-70359 aligncenter" src="https://www.aeemt.org/web/wp-content/uploads/2024/09/Revista_AEEMT_Cabecero-300x97.png" alt="" width="927" height="300" srcset="https://www.aeemt.org/web/wp-content/uploads/2024/09/Revista_AEEMT_Cabecero-300x97.png 300w, https://www.aeemt.org/web/wp-content/uploads/2024/09/Revista_AEEMT_Cabecero-768x248.png 768w, https://www.aeemt.org/web/wp-content/uploads/2024/09/Revista_AEEMT_Cabecero-600x193.png 600w, https://www.aeemt.org/web/wp-content/uploads/2024/09/Revista_AEEMT_Cabecero.png 934w" sizes="(max-width: 927px) 100vw, 927px" /></p>
<p style="text-align: justify;">Número de la Revista: Vol. 33 &#8211; nº 04- Diciembre 2024</p>
<p><strong>Sección:</strong> Original<br />
<strong>Título:</strong> Adaptación y validación de la escala de ira en la conducción: estudio realizado en conductores del sur del Perú</p>
<p style="text-align: justify;"><strong>Autores:</strong></p>
<p><strong><em>Yhonny Alejo-Chavez</em></strong><strong><em><sup>(1)</sup></em></strong><strong><em>, Rosa Oviedo-Soto</em></strong><strong><em><sup>(2)</sup></em></strong><strong><em>, Ruth Camargo-Flores</em></strong><strong><em><sup>(3)</sup></em></strong><strong><em>, Josué Edison Turpo-Chaparro</em></strong><strong><em><sup>(4)</sup></em></strong><strong><em>,</em></strong> <strong><em>Oscar Mamani-Benito</em></strong><strong><em><sup>(5)</sup></em></strong></p>
<p><em><sup>1 </sup></em><em>Escuela Profesional de Psicología. Universidad Peruana Unión. Juliaca, Perú. </em><em><sup>2</sup></em><em>Escuela Profesional de Psicología. Universidad Peruana Unión. Juliaca, Perú. </em><em><sup> </sup></em><br />
<em><sup>3</sup></em><em>Escuela Profesional de Psicología. Universidad Peruana Unión. Juliaca, Perú</em><br />
<em><sup>4</sup></em><em>Escuela de Posgrado. Universidad Peruana Unión. Lima, Perú </em><em><sup> </sup></em><br />
<em><sup>5</sup></em><em>Facultad de Ciencias de la Salud. Universidad Señor de Sipán. Chiclayo, Perú. </em><em><sup> </sup></em></p>
<p><strong>Correspondencia:</strong></p>
<p><strong><em>Oscar Mamani Benito </em></strong></p>
<p>Dirección: Carretera a Pimentel km 05, Chiclayo.<br />
Correo electrónico: <a href="mailto:mamanibe@uss.edu.pe" target="_blank" rel="noopener">mamanibe@uss.edu.pe</a></p>
<p><strong>Palabras Clave</strong>: Ira al volante; Salud laboral; Conductores; Accidentes de tráfico; Perú</p>
<p><strong>Keywords</strong>: Driving anger; Occupational health; Drivers; Traffic accidents; Peru</p>
<p style="text-align: justify;"><strong>Cita Artículo</strong>: Yhonny Alejo-Chavez et al. Adaptación y validación de la escala de ira en la conducción: estudio realizado en conductores del sur del Perú . Rev Asoc Esp Espec Med Trab 2024; 33(4):405-414</p>
<p style="text-align: justify;">Acceso al PDF: <div class="button_wrapper "><a  href="https://www.aeemt.org/Revista_AEEMT/VOL_33_N04_2024_DIC/405-414%20Original_4.pdf" target="_blank" title="Adaptación y validación de la escala de ira en la conducción: estudio realizado en conductores del sur del Perú." class="button_  default medium"><strong>PDF del Artículo</strong></a></div>
<p><strong>RESUMEN.</strong></p>
<p style="text-align: justify;"><strong>Objetivos:</strong> El control de la ira tiene implicaciones importantes en los accidentes de tránsito. Por ello, se tuvo como objetivo validar una escala para evaluar la ira que experimentan los conductores en diversas situaciones de tráfico en el sur del Perú (EIC-Per).</p>
<p style="text-align: justify;"><strong>Material y Métodos:</strong> estudio instrumental donde participaron voluntariamente 320 conductores de ambos sexos, de entre 26 a 35 años de edad, del departamento de Puno. Los participantes fueron reclutados en empresas que brindan el servicio de transporte de pasajeros interprovincial. El instrumento objeto de validación fue la escala de ira en la conducción. Se analizó la estructura interna mediante el análisis factorial confirmatorio y la consistencia interna con el coeficiente Alpha de Cronbach.</p>
<p style="text-align: justify;"><strong>Resultados:</strong> el análisis factorial confirmatorio reportó un ajuste inadecuado para la estructura original de 3 factores. Frente a este hecho se procedió a re especificar el modelo, para ello se tuvo que eliminar los ítems 4 y 5 debido a que sus cargas factoriales eran inferiores al .40. Como resultado final se obtuvo un ajuste adecuado de modelo: (x2= 133,439 p &lt; 0,000, gl= 50, CFI = 0,930, RMSEA = 0,072 y SRMR = 0,050). Las cargas factoriales resultantes se encuentran entre 0,51 y 0,75 y la consistencia interna de las dimensiones resulta entre los valores de Alpha de Cronbach 0,72 y 0,95.</p>
<p style="text-align: justify;"><strong>Conclusiones:</strong> la escala EIC-Per demuestra validez basada en el contenido, validez basada en la estructura interna y fiabilidad, por tanto, puede ser aplicada como herramienta de gestión en la salud ocupacional de conductores peruanos.</p>
<p style="text-align: justify;"><strong>Title: ADAPTATION AND VALIDATION OF THE DRIVING ANGER SCALE: A STUDY CONDUCTED IN DRIVERS IN SOUTHERN PERU<br />
</strong></p>
<p style="text-align: justify;"><strong style="text-align: justify;">Abstract:</strong></p>
<p style="text-align: justify;"><strong>Objectives:</strong> Anger control has important implications in traffic accidents. Therefore, the aim was to validate a scale to assess the anger experienced by drivers in various traffic situations in southern Peru (EIC-Per).</p>
<p style="text-align: justify;"><strong>Material and Methods:</strong> Instrumental study in which 320 drivers of both sexes, between 26 and 35 years of age, from the department of Puno participated voluntarily. The participants were recruited from companies that provide interprovincial passenger transportation services. The instrument to be validated was the driving anger scale. The internal structure was analyzed by confirmatory factor analysis and the internal consistency with Cronbach’s Alpha coefficient.</p>
<p style="text-align: justify;"><strong>Results:</strong> the confirmatory factor analysis reported an inadequate adjustment for the original 3-factor structure. In view of this fact, the model was re-specified by eliminating items 4 and 5 because their factor loadings were lower than .40. As a final result, an adequate model fit was obtained: (x2= 133.439 p &lt; 0.000, gl= 50, CFI = 0.930, RMSEA = 0.072 and SRMR = 0.050). The resulting factor loadings are between 0.51 and 0.75 and the internal consistency of the dimensions is between Cronbach’s Alpha values 0.72 and 0.95.</p>
<p style="text-align: justify;"><strong>Conclusions:</strong> The EIC-Per scale demonstrates content-based validity, internal structure-based validity and reliability, therefore, it can be applied as a management tool in the occupational health of Peruvian drivers.</p>
<p>[/vc_column_text][/vc_column][/vc_row]</p>
