{"id":70878,"date":"2025-01-22T16:58:20","date_gmt":"2025-01-22T15:58:20","guid":{"rendered":"https:\/\/www.aeemt.org\/web\/?page_id=70878"},"modified":"2025-01-22T17:29:41","modified_gmt":"2025-01-22T16:29:41","slug":"original-2-mdt-vol33-n4-diciembre-2024","status":"publish","type":"page","link":"https:\/\/www.aeemt.org\/web\/original-2-mdt-vol33-n4-diciembre-2024\/","title":{"rendered":"Original 2 MDT VOL33 N4 Diciembre 2024"},"content":{"rendered":"<p>[vc_row rt_row_background_width=\u00bbdefault\u00bb rt_row_style=\u00bbdefault-style\u00bb rt_row_borders=\u00bb\u00bb rt_row_paddings=\u00bbtrue\u00bb rt_bg_effect=\u00bbclassic\u00bb rt_bg_image_repeat=\u00bbrepeat\u00bb rt_bg_size=\u00bbcover\u00bb rt_bg_position=\u00bbright top\u00bb rt_bg_attachment=\u00bbscroll\u00bb rt_bg_video_format=\u00bbself-hosted\u00bb][vc_column rt_wrp_col_paddings=\u00bbfalse\u00bb rt_border_top=\u00bb\u00bb rt_border_bottom=\u00bb\u00bb rt_border_left=\u00bb\u00bb rt_border_right=\u00bb\u00bb rt_border_top_mobile=\u00bb\u00bb rt_border_bottom_mobile=\u00bb\u00bb rt_border_left_mobile=\u00bb\u00bb rt_border_right_mobile=\u00bb\u00bb rt_bg_image_repeat=\u00bbrepeat\u00bb rt_bg_size=\u00bbauto auto\u00bb rt_bg_position=\u00bbright top\u00bb rt_bg_attachment=\u00bbscroll\u00bb]<div class=\"rt_heading_wrapper \">\n\t\t\t\t\t\t<h2 class=\"rt_heading  \" >Factores ocupacionales y su relaci\u00f3n con estilos de vida en trabajadores peruanos: un estudio estratificado por sexo<\/h2>\n\t\t\t\t\t<\/div>[\/vc_column][\/vc_row][vc_row rt_row_background_width=\u00bbdefault\u00bb rt_row_style=\u00bbdefault-style\u00bb rt_row_borders=\u00bb\u00bb rt_row_paddings=\u00bbtrue\u00bb rt_bg_effect=\u00bbclassic\u00bb rt_bg_image_repeat=\u00bbrepeat\u00bb rt_bg_size=\u00bbcover\u00bb rt_bg_position=\u00bbright top\u00bb rt_bg_attachment=\u00bbscroll\u00bb rt_bg_video_format=\u00bbself-hosted\u00bb][vc_column rt_wrp_col_paddings=\u00bbfalse\u00bb rt_border_top=\u00bb\u00bb rt_border_bottom=\u00bb\u00bb rt_border_left=\u00bb\u00bb rt_border_right=\u00bb\u00bb rt_border_top_mobile=\u00bb\u00bb rt_border_bottom_mobile=\u00bb\u00bb rt_border_left_mobile=\u00bb\u00bb rt_border_right_mobile=\u00bb\u00bb rt_bg_image_repeat=\u00bbrepeat\u00bb rt_bg_size=\u00bbauto auto\u00bb rt_bg_position=\u00bbright top\u00bb rt_bg_attachment=\u00bbscroll\u00bb][vc_column_text css=\u00bb\u00bb]<\/p>\n<p style=\"text-align: justify;\"><img loading=\"lazy\" decoding=\"async\" class=\" wp-image-70359 aligncenter\" src=\"https:\/\/www.aeemt.org\/web\/wp-content\/uploads\/2024\/09\/Revista_AEEMT_Cabecero-300x97.png\" alt=\"\" width=\"927\" height=\"300\" srcset=\"https:\/\/www.aeemt.org\/web\/wp-content\/uploads\/2024\/09\/Revista_AEEMT_Cabecero-300x97.png 300w, https:\/\/www.aeemt.org\/web\/wp-content\/uploads\/2024\/09\/Revista_AEEMT_Cabecero-768x248.png 768w, https:\/\/www.aeemt.org\/web\/wp-content\/uploads\/2024\/09\/Revista_AEEMT_Cabecero-600x193.png 600w, https:\/\/www.aeemt.org\/web\/wp-content\/uploads\/2024\/09\/Revista_AEEMT_Cabecero.png 934w\" sizes=\"(max-width: 927px) 100vw, 927px\" \/><\/p>\n<p style=\"text-align: justify;\">N\u00famero de la Revista: Vol. 33 &#8211; n\u00ba 04- Diciembre 2024<\/p>\n<p><strong>Secci\u00f3n:<\/strong>\u00a0Original<br \/>\n<strong>T\u00edtulo:<\/strong> Factores ocupacionales y su relaci\u00f3n con estilos de vida en trabajadores peruanos: un estudio estratificado por sexo<\/p>\n<p style=\"text-align: justify;\"><strong>Autores:<\/strong><\/p>\n<p><strong><em>Lupita Ana Maria Valladolid-Sandoval<\/em><\/strong><strong><em><sup>(1)<\/sup><\/em><\/strong><strong><em>, Nataly Mayely Sanchez-Tamay<\/em><\/strong><strong><em><sup>(2)<\/sup><\/em><\/strong><strong><em>, Angie Chuquimbalqui Coronel<\/em><\/strong><strong><em><sup>(3)<\/sup><\/em><\/strong><strong><em>,\u00a0 Fiorella E. Zuzunaga-Montoya<\/em><\/strong><strong><em><sup>(4)<\/sup><\/em><\/strong><strong><em>, Carmen In\u00e9s Gutierrez De Carrillo<\/em><\/strong><strong><em><sup>(5)<\/sup><\/em><\/strong><strong><em>, V\u00edctor Juan Vera-Ponce<\/em><\/strong><strong><em><sup>(6)<\/sup><\/em><\/strong><\/p>\n<p><em><sup>1 <\/sup><\/em><em>Instituto de Investigaci\u00f3n de Enfermedades Tropicales, Universidad Nacional Toribio Rodr\u00edguez de Mendoza de Amazonas (UNTRM), Amazonas, Per\u00fa. Facultad de Medicina (FAMED), Universidad Nacional Toribio Rodr\u00edguez de Mendoza de Amazonas (UNTRM), Amazonas, Per\u00fa<\/em><br \/>\n<em><sup>2 <\/sup><\/em><em>Instituto de Investigaci\u00f3n de Enfermedades Tropicales, Universidad Nacional Toribio Rodr\u00edguez de Mendoza de Ama<\/em><em>zonas (UNTRM), Amazonas, Per\u00fa. Facultad de Medicina (FAMED), Universidad Nacional Toribio Rodr\u00edguez de Mendoza de Amazonas (UNTRM), Amazonas, Per\u00fa<\/em><br \/>\n<em><sup>3<\/sup><\/em><em>Instituto de Investigaci\u00f3n de Enfermedades Tropicales, Universidad Nacional Toribio Rodr\u00edguez de Mendoza de Ama<\/em><em>zonas (UNTRM), Amazonas, Per\u00fa. Facultad de Medicina (FAMED), Universidad Nacional Toribio Rodr\u00edguez de Mendoza de Amazonas (UNTRM), Amazonas, Per\u00fa<\/em><br \/>\n<em><sup>4<\/sup><\/em><em>Universidad Continental Lima, Per\u00fa <\/em><em><sup>\u00a0<\/sup><\/em><br \/>\n<em><sup>5<\/sup><\/em><em>Instituto de Investigaci\u00f3n de Enfermedades Tropicales, Universidad Nacional Toribio Rodr\u00edguez de Mendoza de Ama<\/em><em>zonas (UNTRM), Amazonas, Per\u00fa. Facultad de Medicina (FAMED), Universidad Nacional Toribio Rodr\u00edguez de Mendoza de Amazonas (UNTRM), Amazonas, Per\u00fa<\/em><br \/>\n<em><sup>6<\/sup><\/em><em>Instituto de Investigaci\u00f3n de Enfermedades Tropicales, Universidad Nacional Toribio Rodr\u00edguez de Mendoza de Ama<\/em><em>zonas (UNTRM), Amazonas, Per\u00fa. Facultad de Medicina (FAMED), Universidad Nacional Toribio Rodr\u00edguez de Mendoza de Amazonas (UNTRM), Amazonas, Per\u00fa<\/em><\/p>\n<p><strong>Correspondencia:<\/strong><\/p>\n<p><strong><em>V\u00edctor Juan Vera-Ponce <\/em><\/strong><\/p>\n<p>Correo electr\u00f3nico: <a href=\"mailto:vicvepo@gmail.com\" target=\"_blank\" rel=\"noopener\">vicvepo@gmail.com<\/a><\/p>\n<p><strong>Palabras Clave<\/strong>: salud laboral, conductas relacionadas con la salud, factores sexuales, grupos ocupacionales, estilo de vida sedentario, consumo de bebidas alcoh\u00f3licas, tabaquismo (fuente: DeCS)<\/p>\n<p><strong>Keywords<\/strong>: occupational health, health-related behaviors, gender factors, occupational groups, sedentary lifestyle, alcohol consumption, smoking (source: MeSH NLM)<\/p>\n<p style=\"text-align: justify;\"><strong>Cita Art\u00edculo<\/strong>: Lupita Ana Maria Valladolid-val et al. Factores ocupacionales y su relaci\u00f3n con estilos de vida en trabajadores peruanos: un estudio estratificado por sexo. Rev Asoc Esp Espec Med Trab 2024; 33(4):379-394<\/p>\n<p style=\"text-align: justify;\">Acceso al PDF: <div class=\"button_wrapper \"><a  href=\"https:\/\/www.aeemt.org\/Revista_AEEMT\/VOL_33_N04_2024_DIC\/379-394%20Original_2.pdf\" target=\"_blank\" title=\"Factores ocupacionales y su relaci\u00f3n con estilos de vida en trabajadores peruanos: un estudio estratificado por sexo\" class=\"button_  default medium\"><strong>PDF del Art\u00edculo<\/strong><\/a><\/div>\n<p><strong>RESUMEN.<\/strong><\/p>\n<p style=\"text-align: justify;\"><strong>Introducci\u00f3n:<\/strong> los estilos de vida de los trabajadores tienen un impacto en la salud ocupacional. Sin embargo, la relaci\u00f3n entre estos comportamientos y las caracter\u00edsticas laborales en Per\u00fa no ha sido completamente elucidada.<\/p>\n<p style=\"text-align: justify;\"><strong>Objetivo:<\/strong> Determinar la asociaci\u00f3n entre variables ocupacionales y estilos de vida en trabajadores peruanos.<\/p>\n<p style=\"text-align: justify;\"><strong>Material y M\u00e9todos:<\/strong> Estudio transversal anal\u00edtico de 79,660 trabajadores de una cl\u00ednica ocupacional. Se evaluaron tabaquismo, consumo de alcohol y sedentarismo, en relaci\u00f3n con trabajo nocturno, tipo de ocupaci\u00f3n y antig\u00fcedad laboral, utilizando regresi\u00f3n de Poisson.<\/p>\n<p style=\"text-align: justify;\"><strong>Resultados:<\/strong> Las mujeres del sector salud mostraron menor prevalencia de tabaquismo (RP: 0.74) pero mayor consumo de alcohol (RP: 1.29) que las administrativas. Los hombres en atenci\u00f3n al cliente tuvieron mayor probabilidad de fumar (RP: 1.18). El sedentarismo predomin\u00f3 en mujeres en trabajos f\u00edsicos (RP: 1.16) y hombres con trabajo nocturno (RP: 1.41).<\/p>\n<p style=\"text-align: justify;\"><strong>Conclusi\u00f3n:<\/strong> Los comportamientos de salud var\u00edan seg\u00fan sexo y ocupaci\u00f3n, sugiriendo la necesidad de intervenciones ocupacionales espec\u00edficas.<\/p>\n<p style=\"text-align: justify;\"><strong>Title: OCCUPATIONAL FACTORS AND THEIR RELATIONSHIP WITH LIFESTYLE PATTERNS AMONG PERUVIAN WORKERS: A SEX-STRATIFIED STUDY<\/strong><\/p>\n<p style=\"text-align: justify;\"><strong style=\"text-align: justify;\">Abstract:<\/strong><\/p>\n<p style=\"text-align: justify;\"><strong>Introduction:<\/strong> Workers\u2019 lifestyles have a significant impact on occupational health. However, the relationship between these behavioral patterns and occupational characteristics in Peru has not been fully elucidated.<\/p>\n<p style=\"text-align: justify;\"><strong>Objective:<\/strong> To determine the association between occupational variables and lifestyle patterns among Peruvian workers.<\/p>\n<p style=\"text-align: justify;\"><strong>Methodology:<\/strong> A cross-sectional analytical study was conducted among 79,660 workers from an occupational health clinic. Smoking status, alcohol consumption, and physical inactivity were evaluated in relation to night shift work, occupation type, and job tenure using Poisson regression analysis.<\/p>\n<p style=\"text-align: justify;\"><strong>Results:<\/strong> Female healthcare workers showed lower smoking prevalence (PR: 0.74) but higher alcohol consumption (PR: 1.29) compared to administrative staff. Male customer service workers demonstrated higher smoking probability (PR: 1.18). Physical inactivity was more prevalent among women in manual labor positions (PR: 1.16) and men working night shifts (PR: 1.41).<\/p>\n<p style=\"text-align: justify;\"><strong>Conclusion:<\/strong> Health behaviors vary significantly by gender and occupation, suggesting the need for targeted occupational health interventions.<\/p>\n<p>[\/vc_column_text][\/vc_column][\/vc_row]<\/p>\n","protected":false},"excerpt":{"rendered":"<p>[vc_row rt_row_background_width=\u00bbdefault\u00bb rt_row_style=\u00bbdefault-style\u00bb rt_row_borders=\u00bb\u00bb rt_row_paddings=\u00bbtrue\u00bb rt_bg_effect=\u00bbclassic\u00bb rt_bg_image_repeat=\u00bbrepeat\u00bb rt_bg_size=\u00bbcover\u00bb rt_bg_position=\u00bbright top\u00bb rt_bg_attachment=\u00bbscroll\u00bb rt_bg_video_format=\u00bbself-hosted\u00bb][vc_column rt_wrp_col_paddings=\u00bbfalse\u00bb rt_border_top=\u00bb\u00bb rt_border_bottom=\u00bb\u00bb rt_border_left=\u00bb\u00bb rt_border_right=\u00bb\u00bb rt_border_top_mobile=\u00bb\u00bb rt_border_bottom_mobile=\u00bb\u00bb rt_border_left_mobile=\u00bb\u00bb rt_border_right_mobile=\u00bb\u00bb rt_bg_image_repeat=\u00bbrepeat\u00bb rt_bg_size=\u00bbauto auto\u00bb rt_bg_position=\u00bbright top\u00bb rt_bg_attachment=\u00bbscroll\u00bb][\/vc_column][\/vc_row][vc_row rt_row_background_width=\u00bbdefault\u00bb rt_row_style=\u00bbdefault-style\u00bb rt_row_borders=\u00bb\u00bb [&hellip;]<\/p>\n","protected":false},"author":1,"featured_media":0,"parent":0,"menu_order":0,"comment_status":"closed","ping_status":"closed","template":"","meta":{"footnotes":""},"class_list":["post-70878","page","type-page","status-publish","hentry"],"_links":{"self":[{"href":"https:\/\/www.aeemt.org\/web\/wp-json\/wp\/v2\/pages\/70878"}],"collection":[{"href":"https:\/\/www.aeemt.org\/web\/wp-json\/wp\/v2\/pages"}],"about":[{"href":"https:\/\/www.aeemt.org\/web\/wp-json\/wp\/v2\/types\/page"}],"author":[{"embeddable":true,"href":"https:\/\/www.aeemt.org\/web\/wp-json\/wp\/v2\/users\/1"}],"replies":[{"embeddable":true,"href":"https:\/\/www.aeemt.org\/web\/wp-json\/wp\/v2\/comments?post=70878"}],"version-history":[{"count":3,"href":"https:\/\/www.aeemt.org\/web\/wp-json\/wp\/v2\/pages\/70878\/revisions"}],"predecessor-version":[{"id":70887,"href":"https:\/\/www.aeemt.org\/web\/wp-json\/wp\/v2\/pages\/70878\/revisions\/70887"}],"wp:attachment":[{"href":"https:\/\/www.aeemt.org\/web\/wp-json\/wp\/v2\/media?parent=70878"}],"curies":[{"name":"wp","href":"https:\/\/api.w.org\/{rel}","templated":true}]}}

<p>[vc_row rt_row_background_width=»default» rt_row_style=»default-style» rt_row_borders=»» rt_row_paddings=»true» rt_bg_effect=»classic» rt_bg_image_repeat=»repeat» rt_bg_size=»cover» rt_bg_position=»right top» rt_bg_attachment=»scroll» rt_bg_video_format=»self-hosted»][vc_column rt_wrp_col_paddings=»false» rt_border_top=»» rt_border_bottom=»» rt_border_left=»» rt_border_right=»» rt_border_top_mobile=»» rt_border_bottom_mobile=»» rt_border_left_mobile=»» rt_border_right_mobile=»» rt_bg_image_repeat=»repeat» rt_bg_size=»auto auto» rt_bg_position=»right top» rt_bg_attachment=»scroll»]<div class="rt_heading_wrapper ">
						<h2 class="rt_heading  " >Factores ocupacionales y su relación con estilos de vida en trabajadores peruanos: un estudio estratificado por sexo</h2>
					</div>[/vc_column][/vc_row][vc_row rt_row_background_width=»default» rt_row_style=»default-style» rt_row_borders=»» rt_row_paddings=»true» rt_bg_effect=»classic» rt_bg_image_repeat=»repeat» rt_bg_size=»cover» rt_bg_position=»right top» rt_bg_attachment=»scroll» rt_bg_video_format=»self-hosted»][vc_column rt_wrp_col_paddings=»false» rt_border_top=»» rt_border_bottom=»» rt_border_left=»» rt_border_right=»» rt_border_top_mobile=»» rt_border_bottom_mobile=»» rt_border_left_mobile=»» rt_border_right_mobile=»» rt_bg_image_repeat=»repeat» rt_bg_size=»auto auto» rt_bg_position=»right top» rt_bg_attachment=»scroll»][vc_column_text css=»»]</p>
<p style="text-align: justify;"><img loading="lazy" decoding="async" class=" wp-image-70359 aligncenter" src="https://www.aeemt.org/web/wp-content/uploads/2024/09/Revista_AEEMT_Cabecero-300x97.png" alt="" width="927" height="300" srcset="https://www.aeemt.org/web/wp-content/uploads/2024/09/Revista_AEEMT_Cabecero-300x97.png 300w, https://www.aeemt.org/web/wp-content/uploads/2024/09/Revista_AEEMT_Cabecero-768x248.png 768w, https://www.aeemt.org/web/wp-content/uploads/2024/09/Revista_AEEMT_Cabecero-600x193.png 600w, https://www.aeemt.org/web/wp-content/uploads/2024/09/Revista_AEEMT_Cabecero.png 934w" sizes="(max-width: 927px) 100vw, 927px" /></p>
<p style="text-align: justify;">Número de la Revista: Vol. 33 &#8211; nº 04- Diciembre 2024</p>
<p><strong>Sección:</strong> Original<br />
<strong>Título:</strong> Factores ocupacionales y su relación con estilos de vida en trabajadores peruanos: un estudio estratificado por sexo</p>
<p style="text-align: justify;"><strong>Autores:</strong></p>
<p><strong><em>Lupita Ana Maria Valladolid-Sandoval</em></strong><strong><em><sup>(1)</sup></em></strong><strong><em>, Nataly Mayely Sanchez-Tamay</em></strong><strong><em><sup>(2)</sup></em></strong><strong><em>, Angie Chuquimbalqui Coronel</em></strong><strong><em><sup>(3)</sup></em></strong><strong><em>,  Fiorella E. Zuzunaga-Montoya</em></strong><strong><em><sup>(4)</sup></em></strong><strong><em>, Carmen Inés Gutierrez De Carrillo</em></strong><strong><em><sup>(5)</sup></em></strong><strong><em>, Víctor Juan Vera-Ponce</em></strong><strong><em><sup>(6)</sup></em></strong></p>
<p><em><sup>1 </sup></em><em>Instituto de Investigación de Enfermedades Tropicales, Universidad Nacional Toribio Rodríguez de Mendoza de Amazonas (UNTRM), Amazonas, Perú. Facultad de Medicina (FAMED), Universidad Nacional Toribio Rodríguez de Mendoza de Amazonas (UNTRM), Amazonas, Perú</em><br />
<em><sup>2 </sup></em><em>Instituto de Investigación de Enfermedades Tropicales, Universidad Nacional Toribio Rodríguez de Mendoza de Ama</em><em>zonas (UNTRM), Amazonas, Perú. Facultad de Medicina (FAMED), Universidad Nacional Toribio Rodríguez de Mendoza de Amazonas (UNTRM), Amazonas, Perú</em><br />
<em><sup>3</sup></em><em>Instituto de Investigación de Enfermedades Tropicales, Universidad Nacional Toribio Rodríguez de Mendoza de Ama</em><em>zonas (UNTRM), Amazonas, Perú. Facultad de Medicina (FAMED), Universidad Nacional Toribio Rodríguez de Mendoza de Amazonas (UNTRM), Amazonas, Perú</em><br />
<em><sup>4</sup></em><em>Universidad Continental Lima, Perú </em><em><sup> </sup></em><br />
<em><sup>5</sup></em><em>Instituto de Investigación de Enfermedades Tropicales, Universidad Nacional Toribio Rodríguez de Mendoza de Ama</em><em>zonas (UNTRM), Amazonas, Perú. Facultad de Medicina (FAMED), Universidad Nacional Toribio Rodríguez de Mendoza de Amazonas (UNTRM), Amazonas, Perú</em><br />
<em><sup>6</sup></em><em>Instituto de Investigación de Enfermedades Tropicales, Universidad Nacional Toribio Rodríguez de Mendoza de Ama</em><em>zonas (UNTRM), Amazonas, Perú. Facultad de Medicina (FAMED), Universidad Nacional Toribio Rodríguez de Mendoza de Amazonas (UNTRM), Amazonas, Perú</em></p>
<p><strong>Correspondencia:</strong></p>
<p><strong><em>Víctor Juan Vera-Ponce </em></strong></p>
<p>Correo electrónico: <a href="mailto:vicvepo@gmail.com" target="_blank" rel="noopener">vicvepo@gmail.com</a></p>
<p><strong>Palabras Clave</strong>: salud laboral, conductas relacionadas con la salud, factores sexuales, grupos ocupacionales, estilo de vida sedentario, consumo de bebidas alcohólicas, tabaquismo (fuente: DeCS)</p>
<p><strong>Keywords</strong>: occupational health, health-related behaviors, gender factors, occupational groups, sedentary lifestyle, alcohol consumption, smoking (source: MeSH NLM)</p>
<p style="text-align: justify;"><strong>Cita Artículo</strong>: Lupita Ana Maria Valladolid-val et al. Factores ocupacionales y su relación con estilos de vida en trabajadores peruanos: un estudio estratificado por sexo. Rev Asoc Esp Espec Med Trab 2024; 33(4):379-394</p>
<p style="text-align: justify;">Acceso al PDF: <div class="button_wrapper "><a  href="https://www.aeemt.org/Revista_AEEMT/VOL_33_N04_2024_DIC/379-394%20Original_2.pdf" target="_blank" title="Factores ocupacionales y su relación con estilos de vida en trabajadores peruanos: un estudio estratificado por sexo" class="button_  default medium"><strong>PDF del Artículo</strong></a></div>
<p><strong>RESUMEN.</strong></p>
<p style="text-align: justify;"><strong>Introducción:</strong> los estilos de vida de los trabajadores tienen un impacto en la salud ocupacional. Sin embargo, la relación entre estos comportamientos y las características laborales en Perú no ha sido completamente elucidada.</p>
<p style="text-align: justify;"><strong>Objetivo:</strong> Determinar la asociación entre variables ocupacionales y estilos de vida en trabajadores peruanos.</p>
<p style="text-align: justify;"><strong>Material y Métodos:</strong> Estudio transversal analítico de 79,660 trabajadores de una clínica ocupacional. Se evaluaron tabaquismo, consumo de alcohol y sedentarismo, en relación con trabajo nocturno, tipo de ocupación y antigüedad laboral, utilizando regresión de Poisson.</p>
<p style="text-align: justify;"><strong>Resultados:</strong> Las mujeres del sector salud mostraron menor prevalencia de tabaquismo (RP: 0.74) pero mayor consumo de alcohol (RP: 1.29) que las administrativas. Los hombres en atención al cliente tuvieron mayor probabilidad de fumar (RP: 1.18). El sedentarismo predominó en mujeres en trabajos físicos (RP: 1.16) y hombres con trabajo nocturno (RP: 1.41).</p>
<p style="text-align: justify;"><strong>Conclusión:</strong> Los comportamientos de salud varían según sexo y ocupación, sugiriendo la necesidad de intervenciones ocupacionales específicas.</p>
<p style="text-align: justify;"><strong>Title: OCCUPATIONAL FACTORS AND THEIR RELATIONSHIP WITH LIFESTYLE PATTERNS AMONG PERUVIAN WORKERS: A SEX-STRATIFIED STUDY</strong></p>
<p style="text-align: justify;"><strong style="text-align: justify;">Abstract:</strong></p>
<p style="text-align: justify;"><strong>Introduction:</strong> Workers’ lifestyles have a significant impact on occupational health. However, the relationship between these behavioral patterns and occupational characteristics in Peru has not been fully elucidated.</p>
<p style="text-align: justify;"><strong>Objective:</strong> To determine the association between occupational variables and lifestyle patterns among Peruvian workers.</p>
<p style="text-align: justify;"><strong>Methodology:</strong> A cross-sectional analytical study was conducted among 79,660 workers from an occupational health clinic. Smoking status, alcohol consumption, and physical inactivity were evaluated in relation to night shift work, occupation type, and job tenure using Poisson regression analysis.</p>
<p style="text-align: justify;"><strong>Results:</strong> Female healthcare workers showed lower smoking prevalence (PR: 0.74) but higher alcohol consumption (PR: 1.29) compared to administrative staff. Male customer service workers demonstrated higher smoking probability (PR: 1.18). Physical inactivity was more prevalent among women in manual labor positions (PR: 1.16) and men working night shifts (PR: 1.41).</p>
<p style="text-align: justify;"><strong>Conclusion:</strong> Health behaviors vary significantly by gender and occupation, suggesting the need for targeted occupational health interventions.</p>
<p>[/vc_column_text][/vc_column][/vc_row]</p>
