{"id":69536,"date":"2017-10-01T12:44:10","date_gmt":"2017-10-01T12:44:10","guid":{"rendered":"http:\/\/www.aeemt.com\/web\/?page_id=4110"},"modified":"2017-10-01T12:44:10","modified_gmt":"2017-10-01T12:44:10","slug":"informe-de-repercusion-en-medios-cemetx-2","status":"publish","type":"page","link":"https:\/\/www.aeemt.org\/web\/informe-de-repercusion-en-medios-cemetx-2\/","title":{"rendered":"Informe de repercusi\u00f3n en medios. CemetX"},"content":{"rendered":"<p>En el enlace que ponemos a su disposici\u00f3n podr\u00e1n consultar\u00a0el informe de repercusi\u00f3n en medios del X Congreso Espa\u00f1ol de Medicina y Enfermer\u00eda del Trabajo, que tuvo lugar en Madrid entre el 25 y el 27 de mayo de 2017 y que est\u00e1 Asociaci\u00f3n tuvo el placer de organizar.<\/p>\n<p>&nbsp;<\/p>\n<div class=\"button_wrapper  aligncenter\"><a  href=\"http:\/\/www.aeemt.com\/web\/wp-content\/uploads\/2017\/11\/INFORME-REPERCUSION-X-CEMET.pdf\" target=\"_blank\" title=\"Repercusi\u00f3n en medios. CemetX\" class=\"button_  default medium\"><b>Repercusi\u00f3n en medios. CemetX<\/b><\/a><\/div>\n","protected":false},"excerpt":{"rendered":"<p>En el enlace que ponemos a su disposici\u00f3n podr\u00e1n consultar\u00a0el informe de repercusi\u00f3n en medios del X Congreso Espa\u00f1ol de Medicina y Enfermer\u00eda del Trabajo, que tuvo lugar en Madrid [&hellip;]<\/p>\n","protected":false},"author":1,"featured_media":0,"parent":0,"menu_order":0,"comment_status":"closed","ping_status":"closed","template":"","meta":{"footnotes":""},"class_list":["post-69536","page","type-page","status-publish","hentry"],"_links":{"self":[{"href":"https:\/\/www.aeemt.org\/web\/wp-json\/wp\/v2\/pages\/69536"}],"collection":[{"href":"https:\/\/www.aeemt.org\/web\/wp-json\/wp\/v2\/pages"}],"about":[{"href":"https:\/\/www.aeemt.org\/web\/wp-json\/wp\/v2\/types\/page"}],"author":[{"embeddable":true,"href":"https:\/\/www.aeemt.org\/web\/wp-json\/wp\/v2\/users\/1"}],"replies":[{"embeddable":true,"href":"https:\/\/www.aeemt.org\/web\/wp-json\/wp\/v2\/comments?post=69536"}],"version-history":[{"count":0,"href":"https:\/\/www.aeemt.org\/web\/wp-json\/wp\/v2\/pages\/69536\/revisions"}],"wp:attachment":[{"href":"https:\/\/www.aeemt.org\/web\/wp-json\/wp\/v2\/media?parent=69536"}],"curies":[{"name":"wp","href":"https:\/\/api.w.org\/{rel}","templated":true}]}}