{"id":69526,"date":"2017-05-19T07:39:46","date_gmt":"2017-05-19T07:39:46","guid":{"rendered":"http:\/\/www.aeemt.com\/web\/?page_id=3334"},"modified":"2017-05-19T07:39:46","modified_gmt":"2017-05-19T07:39:46","slug":"cemet-x-2","status":"publish","type":"page","link":"https:\/\/www.aeemt.org\/web\/cemet-x-2\/","title":{"rendered":"CEMET X"},"content":{"rendered":"<p>[vc_row rt_row_background_width=\u00bbdefault\u00bb rt_row_style=\u00bbdefault-style\u00bb rt_row_borders=\u00bb\u00bb rt_row_paddings=\u00bbtrue\u00bb rt_bg_effect=\u00bbclassic\u00bb rt_bg_image_repeat=\u00bbrepeat\u00bb rt_bg_size=\u00bbcover\u00bb rt_bg_position=\u00bbright top\u00bb rt_bg_attachment=\u00bbscroll\u00bb rt_bg_video_format=\u00bbself-hosted\u00bb][vc_column rt_wrp_col_paddings=\u00bbfalse\u00bb rt_border_top=\u00bb\u00bb rt_border_bottom=\u00bb\u00bb rt_border_left=\u00bb\u00bb rt_border_right=\u00bb\u00bb rt_border_top_mobile=\u00bb\u00bb rt_border_bottom_mobile=\u00bb\u00bb rt_border_left_mobile=\u00bb\u00bb rt_border_right_mobile=\u00bb\u00bb rt_bg_image_repeat=\u00bbrepeat\u00bb rt_bg_size=\u00bbauto auto\u00bb rt_bg_position=\u00bbright top\u00bb rt_bg_attachment=\u00bbscroll\u00bb][vc_column_text]<\/p>\n<h2>X CEMET Actualizando la pr\u00e1ctica diaria de la Medicina<\/h2>\n<p>&nbsp;<\/p>\n<p style=\"text-align: justify;\"><img loading=\"lazy\" decoding=\"async\" class=\" wp-image-3913 alignleft\" src=\"http:\/\/www.aeemt.com\/web\/wp-content\/uploads\/2017\/07\/Cartel-X-CEMET-05.2017-Rec.jpg\" alt=\"\" width=\"421\" height=\"207\" srcset=\"https:\/\/www.aeemt.org\/web\/wp-content\/uploads\/2017\/07\/Cartel-X-CEMET-05.2017-Rec.jpg 737w, https:\/\/www.aeemt.org\/web\/wp-content\/uploads\/2017\/07\/Cartel-X-CEMET-05.2017-Rec-600x295.jpg 600w, https:\/\/www.aeemt.org\/web\/wp-content\/uploads\/2017\/07\/Cartel-X-CEMET-05.2017-Rec-300x147.jpg 300w\" sizes=\"(max-width: 421px) 100vw, 421px\" \/>Estimado compa\u00f1ero:<\/p>\n<p style=\"text-align: justify;\">Te queremos invitar a participar activamente en el <em><strong>X Congreso Espa\u00f1ol de Medicina y Enfermer\u00eda del Trabajo<\/strong><\/em> que celebraremos del 25 al 27 de mayo de 2017 en Madrid.<\/p>\n<p style=\"text-align: justify;\">Los estatutos de la AEEMT nos comprometen a celebrar un CEMET bienalmente (los ya tradicionales a\u00f1os impares), que a partir de ahora se compatibilizar\u00e1 con el congreso conjunto con las otras asociaciones cient\u00edficas nacionales (los a\u00f1os pares).<\/p>\n<p style=\"text-align: justify;\">El lema \u201c<strong>Actualizando la pr\u00e1ctica diaria de la Medicina del Trabajo<\/strong>\u201d muestra que el principal objetivo del X CEMET es refrescar conocimientos y herramientas disponibles para la pr\u00e1ctica real de los especialistas en Medicina del Trabajo, en sus cinco \u00e1reas de influencia: preventiva, asistencial, pericial, gestora, y docente e investigadora.<\/p>\n<p style=\"text-align: justify;\">Los temas de las mesas los han elegido los propios miembros de la AEEMT, a trav\u00e9s de una encuesta online que tuvo gran acogida en tiempo y forma (m\u00e1s de un centenar de socios respondieron en solo un par de d\u00edas). Lo que vuelve a constatar la gran vitalidad que tiene la AEEMT y el gran inter\u00e9s que suscita nuestro CEMET en la especialidad.<\/p>\n<p style=\"text-align: justify;\">Como ponentes y docentes contamos con representantes del m\u00e1s alto prestigio de distintas organizaciones nacionales e internacionales. Nos enriquecer\u00e1n con talleres eminentemente pr\u00e1cticos de no m\u00e1s de 45 minutos. Las mesas incluir\u00e1n talleres con aspectos pr\u00e1cticos o foros de discusi\u00f3n, y en todas participar\u00e1 como ponente un m\u00e9dico del trabajo.<\/p>\n<p style=\"text-align: justify;\">Una vez que supimos los contenidos de las diferentes mesas, solo nos quedaba seleccionar la ubicaci\u00f3n f\u00edsica. Nos honra decir que finalmente hemos optado por Ilunion Suites, un centro especial de empleo de personal con discapacidad, vinculado a la Fundaci\u00f3n Once, muy bien comunicado y con los requerimientos de instalaciones y medios digitales precisos.<\/p>\n<p style=\"text-align: justify;\">Como ventajas a\u00f1adidas, debemos destacar que en esta edici\u00f3n se ha conseguido reducir el precio de inscripci\u00f3n a la mitad que en ocasiones previas y que se ha solicitado que el X CEMET sea considerado de inter\u00e9s cient\u00edfico y su acreditaci\u00f3n como Formaci\u00f3n Continuada de Profesiones Sanitarias.<\/p>\n<p style=\"text-align: justify;\">Queremos haceros participes de la ilusi\u00f3n que impregna a este X CEMET e invitaros a ser part\u00edcipes de este Congreso Nacional para especialistas y residentes en Medicina y Enfermer\u00eda del Trabajo.<\/p>\n<p style=\"text-align: justify;\">Queremos agradecer el esfuerzo de los asistentes, participantes, ponentes, docentes, Delegados Territoriales, responsables de los Grupos Funcionales, Junta Directiva y especialmente a los miembros de los Comit\u00e9s Cient\u00edfico y Organizador por la labor ingente que sabemos que requiere todo congreso cient\u00edfico de esta magnitud.<\/p>\n<p style=\"text-align: justify;\">Como viene siendo habitual en las \u00faltimas ediciones, este a\u00f1o pod\u00e9is contar con la informaci\u00f3n online del X CEMET en nuestra p\u00e1gina web <a href=\"http:\/\/www.aeemt.com\/web\"><strong>www.aeemt.com<\/strong><\/a> en la que dispondr\u00e9is de toda la informaci\u00f3n relativa al Congreso y desde la que podr\u00e9is formalizar vuestra inscripci\u00f3n y enviar vuestros res\u00famenes de trabajos cient\u00edficos.<\/p>\n<p style=\"text-align: justify;\">Recibid un afectuoso saludo.<\/p>\n<p>[\/vc_column_text][\/vc_column][\/vc_row][vc_row rt_row_background_width=\u00bbdefault\u00bb rt_row_style=\u00bbdefault-style\u00bb rt_row_borders=\u00bb\u00bb rt_row_paddings=\u00bbtrue\u00bb rt_bg_effect=\u00bbclassic\u00bb rt_bg_image_repeat=\u00bbrepeat\u00bb rt_bg_size=\u00bbcover\u00bb rt_bg_position=\u00bbright top\u00bb rt_bg_attachment=\u00bbscroll\u00bb rt_bg_video_format=\u00bbself-hosted\u00bb][vc_column width=\u00bb1\/4&#8243; rt_wrp_col_paddings=\u00bbfalse\u00bb rt_border_top=\u00bb\u00bb rt_border_bottom=\u00bb\u00bb rt_border_left=\u00bb\u00bb rt_border_right=\u00bb\u00bb rt_border_top_mobile=\u00bb\u00bb rt_border_bottom_mobile=\u00bb\u00bb rt_border_left_mobile=\u00bb\u00bb rt_border_right_mobile=\u00bb\u00bb rt_bg_image_repeat=\u00bbrepeat\u00bb rt_bg_size=\u00bbauto auto\u00bb rt_bg_position=\u00bbright top\u00bb rt_bg_attachment=\u00bbscroll\u00bb][vc_column_text]<\/p>\n<p style=\"text-align: center;\"><strong>Luis Reinoso-Barbero<\/strong><br \/>\n<em>Pte. X CEMET<\/em><\/p>\n<p>[\/vc_column_text][\/vc_column][vc_column width=\u00bb1\/4&#8243; rt_wrp_col_paddings=\u00bbfalse\u00bb rt_border_top=\u00bb\u00bb rt_border_bottom=\u00bb\u00bb rt_border_left=\u00bb\u00bb rt_border_right=\u00bb\u00bb rt_border_top_mobile=\u00bb\u00bb rt_border_bottom_mobile=\u00bb\u00bb rt_border_left_mobile=\u00bb\u00bb rt_border_right_mobile=\u00bb\u00bb rt_bg_image_repeat=\u00bbrepeat\u00bb rt_bg_size=\u00bbauto auto\u00bb rt_bg_position=\u00bbright top\u00bb rt_bg_attachment=\u00bbscroll\u00bb][vc_column_text]<\/p>\n<p style=\"text-align: center;\"><strong>Dra. Carmen Serrano<\/strong><br \/>\n<em>Vicepta. AEEMT<\/em><\/p>\n<p>[\/vc_column_text][\/vc_column][vc_column width=\u00bb1\/4&#8243; rt_wrp_col_paddings=\u00bbfalse\u00bb rt_border_top=\u00bb\u00bb rt_border_bottom=\u00bb\u00bb rt_border_left=\u00bb\u00bb rt_border_right=\u00bb\u00bb rt_border_top_mobile=\u00bb\u00bb rt_border_bottom_mobile=\u00bb\u00bb rt_border_left_mobile=\u00bb\u00bb rt_border_right_mobile=\u00bb\u00bb rt_bg_image_repeat=\u00bbrepeat\u00bb rt_bg_size=\u00bbauto auto\u00bb rt_bg_position=\u00bbright top\u00bb rt_bg_attachment=\u00bbscroll\u00bb][vc_column_text]<\/p>\n<p style=\"text-align: center;\"><strong>Dra. Teresa del Campo<\/strong><br \/>\n<em>Pta. Comit\u00e9 Cient\u00edfico X CEMET<\/em><\/p>\n<p>[\/vc_column_text][\/vc_column][vc_column width=\u00bb1\/4&#8243; rt_wrp_col_paddings=\u00bbfalse\u00bb rt_border_top=\u00bb\u00bb rt_border_bottom=\u00bb\u00bb rt_border_left=\u00bb\u00bb rt_border_right=\u00bb\u00bb rt_border_top_mobile=\u00bb\u00bb rt_border_bottom_mobile=\u00bb\u00bb rt_border_left_mobile=\u00bb\u00bb rt_border_right_mobile=\u00bb\u00bb rt_bg_image_repeat=\u00bbrepeat\u00bb rt_bg_size=\u00bbauto auto\u00bb rt_bg_position=\u00bbright top\u00bb rt_bg_attachment=\u00bbscroll\u00bb][vc_column_text]<\/p>\n<p style=\"text-align: center;\"><strong>Dr. Rafael Ce\u00f1a<\/strong><br \/>\n<em>Pte. Comit\u00e9 Organizador X CEMET<\/em><\/p>\n<p>[\/vc_column_text][\/vc_column][\/vc_row]<\/p>\n","protected":false},"excerpt":{"rendered":"<p>[vc_row rt_row_background_width=\u00bbdefault\u00bb rt_row_style=\u00bbdefault-style\u00bb rt_row_borders=\u00bb\u00bb rt_row_paddings=\u00bbtrue\u00bb rt_bg_effect=\u00bbclassic\u00bb rt_bg_image_repeat=\u00bbrepeat\u00bb rt_bg_size=\u00bbcover\u00bb rt_bg_position=\u00bbright top\u00bb rt_bg_attachment=\u00bbscroll\u00bb rt_bg_video_format=\u00bbself-hosted\u00bb][vc_column rt_wrp_col_paddings=\u00bbfalse\u00bb rt_border_top=\u00bb\u00bb rt_border_bottom=\u00bb\u00bb rt_border_left=\u00bb\u00bb rt_border_right=\u00bb\u00bb rt_border_top_mobile=\u00bb\u00bb rt_border_bottom_mobile=\u00bb\u00bb rt_border_left_mobile=\u00bb\u00bb rt_border_right_mobile=\u00bb\u00bb rt_bg_image_repeat=\u00bbrepeat\u00bb rt_bg_size=\u00bbauto auto\u00bb rt_bg_position=\u00bbright top\u00bb rt_bg_attachment=\u00bbscroll\u00bb][vc_column_text] X CEMET Actualizando [&hellip;]<\/p>\n","protected":false},"author":1,"featured_media":0,"parent":0,"menu_order":0,"comment_status":"closed","ping_status":"closed","template":"","meta":{"footnotes":""},"class_list":["post-69526","page","type-page","status-publish","hentry"],"_links":{"self":[{"href":"https:\/\/www.aeemt.org\/web\/wp-json\/wp\/v2\/pages\/69526"}],"collection":[{"href":"https:\/\/www.aeemt.org\/web\/wp-json\/wp\/v2\/pages"}],"about":[{"href":"https:\/\/www.aeemt.org\/web\/wp-json\/wp\/v2\/types\/page"}],"author":[{"embeddable":true,"href":"https:\/\/www.aeemt.org\/web\/wp-json\/wp\/v2\/users\/1"}],"replies":[{"embeddable":true,"href":"https:\/\/www.aeemt.org\/web\/wp-json\/wp\/v2\/comments?post=69526"}],"version-history":[{"count":0,"href":"https:\/\/www.aeemt.org\/web\/wp-json\/wp\/v2\/pages\/69526\/revisions"}],"wp:attachment":[{"href":"https:\/\/www.aeemt.org\/web\/wp-json\/wp\/v2\/media?parent=69526"}],"curies":[{"name":"wp","href":"https:\/\/api.w.org\/{rel}","templated":true}]}}

<p>[vc_row rt_row_background_width=»default» rt_row_style=»default-style» rt_row_borders=»» rt_row_paddings=»true» rt_bg_effect=»classic» rt_bg_image_repeat=»repeat» rt_bg_size=»cover» rt_bg_position=»right top» rt_bg_attachment=»scroll» rt_bg_video_format=»self-hosted»][vc_column rt_wrp_col_paddings=»false» rt_border_top=»» rt_border_bottom=»» rt_border_left=»» rt_border_right=»» rt_border_top_mobile=»» rt_border_bottom_mobile=»» rt_border_left_mobile=»» rt_border_right_mobile=»» rt_bg_image_repeat=»repeat» rt_bg_size=»auto auto» rt_bg_position=»right top» rt_bg_attachment=»scroll»][vc_column_text]</p>
<h2>X CEMET Actualizando la práctica diaria de la Medicina</h2>
<p>&nbsp;</p>
<p style="text-align: justify;"><img loading="lazy" decoding="async" class=" wp-image-3913 alignleft" src="http://www.aeemt.com/web/wp-content/uploads/2017/07/Cartel-X-CEMET-05.2017-Rec.jpg" alt="" width="421" height="207" srcset="https://www.aeemt.org/web/wp-content/uploads/2017/07/Cartel-X-CEMET-05.2017-Rec.jpg 737w, https://www.aeemt.org/web/wp-content/uploads/2017/07/Cartel-X-CEMET-05.2017-Rec-600x295.jpg 600w, https://www.aeemt.org/web/wp-content/uploads/2017/07/Cartel-X-CEMET-05.2017-Rec-300x147.jpg 300w" sizes="(max-width: 421px) 100vw, 421px" />Estimado compañero:</p>
<p style="text-align: justify;">Te queremos invitar a participar activamente en el <em><strong>X Congreso Español de Medicina y Enfermería del Trabajo</strong></em> que celebraremos del 25 al 27 de mayo de 2017 en Madrid.</p>
<p style="text-align: justify;">Los estatutos de la AEEMT nos comprometen a celebrar un CEMET bienalmente (los ya tradicionales años impares), que a partir de ahora se compatibilizará con el congreso conjunto con las otras asociaciones científicas nacionales (los años pares).</p>
<p style="text-align: justify;">El lema “<strong>Actualizando la práctica diaria de la Medicina del Trabajo</strong>” muestra que el principal objetivo del X CEMET es refrescar conocimientos y herramientas disponibles para la práctica real de los especialistas en Medicina del Trabajo, en sus cinco áreas de influencia: preventiva, asistencial, pericial, gestora, y docente e investigadora.</p>
<p style="text-align: justify;">Los temas de las mesas los han elegido los propios miembros de la AEEMT, a través de una encuesta online que tuvo gran acogida en tiempo y forma (más de un centenar de socios respondieron en solo un par de días). Lo que vuelve a constatar la gran vitalidad que tiene la AEEMT y el gran interés que suscita nuestro CEMET en la especialidad.</p>
<p style="text-align: justify;">Como ponentes y docentes contamos con representantes del más alto prestigio de distintas organizaciones nacionales e internacionales. Nos enriquecerán con talleres eminentemente prácticos de no más de 45 minutos. Las mesas incluirán talleres con aspectos prácticos o foros de discusión, y en todas participará como ponente un médico del trabajo.</p>
<p style="text-align: justify;">Una vez que supimos los contenidos de las diferentes mesas, solo nos quedaba seleccionar la ubicación física. Nos honra decir que finalmente hemos optado por Ilunion Suites, un centro especial de empleo de personal con discapacidad, vinculado a la Fundación Once, muy bien comunicado y con los requerimientos de instalaciones y medios digitales precisos.</p>
<p style="text-align: justify;">Como ventajas añadidas, debemos destacar que en esta edición se ha conseguido reducir el precio de inscripción a la mitad que en ocasiones previas y que se ha solicitado que el X CEMET sea considerado de interés científico y su acreditación como Formación Continuada de Profesiones Sanitarias.</p>
<p style="text-align: justify;">Queremos haceros participes de la ilusión que impregna a este X CEMET e invitaros a ser partícipes de este Congreso Nacional para especialistas y residentes en Medicina y Enfermería del Trabajo.</p>
<p style="text-align: justify;">Queremos agradecer el esfuerzo de los asistentes, participantes, ponentes, docentes, Delegados Territoriales, responsables de los Grupos Funcionales, Junta Directiva y especialmente a los miembros de los Comités Científico y Organizador por la labor ingente que sabemos que requiere todo congreso científico de esta magnitud.</p>
<p style="text-align: justify;">Como viene siendo habitual en las últimas ediciones, este año podéis contar con la información online del X CEMET en nuestra página web <a href="http://www.aeemt.com/web"><strong>www.aeemt.com</strong></a> en la que dispondréis de toda la información relativa al Congreso y desde la que podréis formalizar vuestra inscripción y enviar vuestros resúmenes de trabajos científicos.</p>
<p style="text-align: justify;">Recibid un afectuoso saludo.</p>
<p>[/vc_column_text][/vc_column][/vc_row][vc_row rt_row_background_width=»default» rt_row_style=»default-style» rt_row_borders=»» rt_row_paddings=»true» rt_bg_effect=»classic» rt_bg_image_repeat=»repeat» rt_bg_size=»cover» rt_bg_position=»right top» rt_bg_attachment=»scroll» rt_bg_video_format=»self-hosted»][vc_column width=»1/4&#8243; rt_wrp_col_paddings=»false» rt_border_top=»» rt_border_bottom=»» rt_border_left=»» rt_border_right=»» rt_border_top_mobile=»» rt_border_bottom_mobile=»» rt_border_left_mobile=»» rt_border_right_mobile=»» rt_bg_image_repeat=»repeat» rt_bg_size=»auto auto» rt_bg_position=»right top» rt_bg_attachment=»scroll»][vc_column_text]</p>
<p style="text-align: center;"><strong>Luis Reinoso-Barbero</strong><br />
<em>Pte. X CEMET</em></p>
<p>[/vc_column_text][/vc_column][vc_column width=»1/4&#8243; rt_wrp_col_paddings=»false» rt_border_top=»» rt_border_bottom=»» rt_border_left=»» rt_border_right=»» rt_border_top_mobile=»» rt_border_bottom_mobile=»» rt_border_left_mobile=»» rt_border_right_mobile=»» rt_bg_image_repeat=»repeat» rt_bg_size=»auto auto» rt_bg_position=»right top» rt_bg_attachment=»scroll»][vc_column_text]</p>
<p style="text-align: center;"><strong>Dra. Carmen Serrano</strong><br />
<em>Vicepta. AEEMT</em></p>
<p>[/vc_column_text][/vc_column][vc_column width=»1/4&#8243; rt_wrp_col_paddings=»false» rt_border_top=»» rt_border_bottom=»» rt_border_left=»» rt_border_right=»» rt_border_top_mobile=»» rt_border_bottom_mobile=»» rt_border_left_mobile=»» rt_border_right_mobile=»» rt_bg_image_repeat=»repeat» rt_bg_size=»auto auto» rt_bg_position=»right top» rt_bg_attachment=»scroll»][vc_column_text]</p>
<p style="text-align: center;"><strong>Dra. Teresa del Campo</strong><br />
<em>Pta. Comité Científico X CEMET</em></p>
<p>[/vc_column_text][/vc_column][vc_column width=»1/4&#8243; rt_wrp_col_paddings=»false» rt_border_top=»» rt_border_bottom=»» rt_border_left=»» rt_border_right=»» rt_border_top_mobile=»» rt_border_bottom_mobile=»» rt_border_left_mobile=»» rt_border_right_mobile=»» rt_bg_image_repeat=»repeat» rt_bg_size=»auto auto» rt_bg_position=»right top» rt_bg_attachment=»scroll»][vc_column_text]</p>
<p style="text-align: center;"><strong>Dr. Rafael Ceña</strong><br />
<em>Pte. Comité Organizador X CEMET</em></p>
<p>[/vc_column_text][/vc_column][/vc_row]</p>
