{"id":68072,"date":"2023-07-06T18:01:15","date_gmt":"2023-07-06T18:01:15","guid":{"rendered":"http:\/\/www.aeemt.com\/web\/?page_id=68072"},"modified":"2023-07-06T18:01:15","modified_gmt":"2023-07-06T18:01:15","slug":"sesion-7-sesiones-clinicas-en-medicina-del-trabajo-aeemt-mir-video-grabado","status":"publish","type":"page","link":"https:\/\/www.aeemt.org\/web\/sesion-7-sesiones-clinicas-en-medicina-del-trabajo-aeemt-mir-video-grabado\/","title":{"rendered":"Sesi\u00f3n 7. Sesiones Cl\u00ednicas en Medicina del Trabajo. AEEMT-MIR. V\u00eddeo Grabado"},"content":{"rendered":"Debes estar conectado para ver este contenido.","protected":false},"excerpt":{"rendered":"Debes estar conectado para ver este contenido.","protected":false},"author":1,"featured_media":0,"parent":0,"menu_order":0,"comment_status":"closed","ping_status":"closed","template":"","meta":{"footnotes":""},"class_list":["post-68072","page","type-page","status-publish","hentry"],"_links":{"self":[{"href":"https:\/\/www.aeemt.org\/web\/wp-json\/wp\/v2\/pages\/68072"}],"collection":[{"href":"https:\/\/www.aeemt.org\/web\/wp-json\/wp\/v2\/pages"}],"about":[{"href":"https:\/\/www.aeemt.org\/web\/wp-json\/wp\/v2\/types\/page"}],"author":[{"embeddable":true,"href":"https:\/\/www.aeemt.org\/web\/wp-json\/wp\/v2\/users\/1"}],"replies":[{"embeddable":true,"href":"https:\/\/www.aeemt.org\/web\/wp-json\/wp\/v2\/comments?post=68072"}],"version-history":[{"count":0,"href":"https:\/\/www.aeemt.org\/web\/wp-json\/wp\/v2\/pages\/68072\/revisions"}],"wp:attachment":[{"href":"https:\/\/www.aeemt.org\/web\/wp-json\/wp\/v2\/media?parent=68072"}],"curies":[{"name":"wp","href":"https:\/\/api.w.org\/{rel}","templated":true}]}}

Sesión 7. Sesiones Clínicas en Medicina del Trabajo. AEEMT-MIR. Vídeo Grabado
