{"id":59480,"date":"2021-12-02T12:42:15","date_gmt":"2021-12-02T12:42:15","guid":{"rendered":"http:\/\/www.aeemt.com\/web\/?page_id=59480"},"modified":"2021-12-02T12:42:15","modified_gmt":"2021-12-02T12:42:15","slug":"conferencias-web-riesgo-quimico-en-la-empresa-14-y-15-de-diciembre-2021-informacion-y-registro","status":"publish","type":"page","link":"https:\/\/www.aeemt.org\/web\/conferencias-web-riesgo-quimico-en-la-empresa-14-y-15-de-diciembre-2021-informacion-y-registro\/","title":{"rendered":"Conferencias Web. Riesgo qu\u00edmico en la empresa. 14 y 15 de Diciembre 2021. Informaci\u00f3n y registro."},"content":{"rendered":"<p>[vc_row rt_row_background_width=\u00bbdefault\u00bb rt_row_style=\u00bbdefault-style\u00bb rt_row_borders=\u00bb\u00bb rt_row_paddings=\u00bbtrue\u00bb rt_bg_effect=\u00bbclassic\u00bb rt_bg_image_repeat=\u00bbrepeat\u00bb rt_bg_size=\u00bbcover\u00bb rt_bg_position=\u00bbright top\u00bb rt_bg_attachment=\u00bbscroll\u00bb rt_bg_video_format=\u00bbself-hosted\u00bb][vc_column width=\u00bb1\/2&#8243; rt_wrp_col_paddings=\u00bbfalse\u00bb rt_border_top=\u00bb\u00bb rt_border_bottom=\u00bb\u00bb rt_border_left=\u00bb\u00bb rt_border_right=\u00bb\u00bb rt_border_top_mobile=\u00bb\u00bb rt_border_bottom_mobile=\u00bb\u00bb rt_border_left_mobile=\u00bb\u00bb rt_border_right_mobile=\u00bb\u00bb rt_bg_image_repeat=\u00bbrepeat\u00bb rt_bg_size=\u00bbauto auto\u00bb rt_bg_position=\u00bbright top\u00bb rt_bg_attachment=\u00bbscroll\u00bb][vc_column_text]<\/p>\n<h3 style=\"text-align: center;\">Organiza<\/h3>\n<h3 style=\"text-align: center;\"><a href=\"http:\/\/www.aeemt.com\/web\/\" target=\"_blank\" rel=\"noopener noreferrer\"><img loading=\"lazy\" decoding=\"async\" class=\"wp-image-3534 aligncenter\" src=\"http:\/\/www.aeemt.com\/web\/wp-content\/uploads\/2017\/05\/logoDibujado.png\" alt=\"\" width=\"133\" height=\"135\" srcset=\"https:\/\/www.aeemt.org\/web\/wp-content\/uploads\/2017\/05\/logoDibujado.png 402w, https:\/\/www.aeemt.org\/web\/wp-content\/uploads\/2017\/05\/logoDibujado-296x300.png 296w\" sizes=\"(max-width: 133px) 100vw, 133px\" \/><\/a><\/h3>\n<p>[\/vc_column_text][\/vc_column][vc_column width=\u00bb1\/2&#8243; rt_wrp_col_paddings=\u00bbfalse\u00bb rt_border_top=\u00bb\u00bb rt_border_bottom=\u00bb\u00bb rt_border_left=\u00bb\u00bb rt_border_right=\u00bb\u00bb rt_border_top_mobile=\u00bb\u00bb rt_border_bottom_mobile=\u00bb\u00bb rt_border_left_mobile=\u00bb\u00bb rt_border_right_mobile=\u00bb\u00bb rt_bg_image_repeat=\u00bbrepeat\u00bb rt_bg_size=\u00bbauto auto\u00bb rt_bg_position=\u00bbright top\u00bb rt_bg_attachment=\u00bbscroll\u00bb][vc_column_text][\/vc_column_text][vc_column_text]<\/p>\n<p style=\"text-align: center;\"><a href=\"https:\/\/www.prevor.com\/es\/\" target=\"_blank\" rel=\"noopener noreferrer\"><img loading=\"lazy\" decoding=\"async\" class=\"wp-image-26163 size-full aligncenter\" src=\"https:\/\/www.aeemt.org\/pruebaweb\/wp-content\/uploads\/2021\/03\/logoprevor.png\" alt=\"\" width=\"573\" height=\"88\" srcset=\"https:\/\/www.aeemt.org\/web\/wp-content\/uploads\/2021\/03\/logoprevor.png 573w, https:\/\/www.aeemt.org\/web\/wp-content\/uploads\/2021\/03\/logoprevor-300x46.png 300w\" sizes=\"(max-width: 573px) 100vw, 573px\" \/><\/a><\/p>\n<p>[\/vc_column_text][\/vc_column][\/vc_row][vc_row rt_row_background_width=\u00bbdefault\u00bb rt_row_style=\u00bbdefault-style\u00bb rt_row_borders=\u00bb\u00bb rt_row_paddings=\u00bbtrue\u00bb rt_bg_effect=\u00bbclassic\u00bb rt_bg_image_repeat=\u00bbrepeat\u00bb rt_bg_size=\u00bbcover\u00bb rt_bg_position=\u00bbright top\u00bb rt_bg_attachment=\u00bbscroll\u00bb rt_bg_video_format=\u00bbself-hosted\u00bb][vc_column rt_wrp_col_paddings=\u00bbfalse\u00bb rt_border_top=\u00bb\u00bb rt_border_bottom=\u00bb\u00bb rt_border_left=\u00bb\u00bb rt_border_right=\u00bb\u00bb rt_border_top_mobile=\u00bb\u00bb rt_border_bottom_mobile=\u00bb\u00bb rt_border_left_mobile=\u00bb\u00bb rt_border_right_mobile=\u00bb\u00bb rt_bg_image_repeat=\u00bbrepeat\u00bb rt_bg_size=\u00bbauto auto\u00bb rt_bg_position=\u00bbright top\u00bb rt_bg_attachment=\u00bbscroll\u00bb][vc_column_text]<\/p>\n<p style=\"text-align: center;\"><strong>Conferencias Web. Riesgo qu\u00edmico en la empresa. 14 y 15 de diciembre de 2021<\/strong>\u00a0organizado por\u00a0<strong>Prevor<\/strong>\u00a0y la\u00a0<strong>AEEMT<\/strong>.<\/p>\n<p style=\"text-align: center;\"><strong>Martes\u00a014 y Mi\u00e9rcoles 15 de\u00a0diciembre de 2021 desde las 16.00 hasta las 17:00 horas.<\/strong><\/p>\n<p>[\/vc_column_text][\/vc_column][\/vc_row][vc_row rt_row_background_width=\u00bbdefault\u00bb rt_row_style=\u00bbdefault-style\u00bb rt_row_borders=\u00bb\u00bb rt_row_paddings=\u00bbtrue\u00bb rt_bg_effect=\u00bbclassic\u00bb rt_bg_image_repeat=\u00bbrepeat\u00bb rt_bg_size=\u00bbcover\u00bb rt_bg_position=\u00bbright top\u00bb rt_bg_attachment=\u00bbscroll\u00bb rt_bg_video_format=\u00bbself-hosted\u00bb][vc_column width=\u00bb1\/2&#8243; rt_wrp_col_paddings=\u00bbfalse\u00bb rt_border_top=\u00bb\u00bb rt_border_bottom=\u00bb\u00bb rt_border_left=\u00bb\u00bb rt_border_right=\u00bb\u00bb rt_border_top_mobile=\u00bb\u00bb rt_border_bottom_mobile=\u00bb\u00bb rt_border_left_mobile=\u00bb\u00bb rt_border_right_mobile=\u00bb\u00bb rt_bg_image_repeat=\u00bbrepeat\u00bb rt_bg_size=\u00bbauto auto\u00bb rt_bg_position=\u00bbright top\u00bb rt_bg_attachment=\u00bbscroll\u00bb][vc_column_text]<strong>\u00a0<\/strong><span style=\"text-decoration: underline;\"><strong>Programa\u00a0Martes\u00a014\u00a0de\u00a0diciembre de 2021 desde las 16.00 hasta las 17:00 horas.<\/strong><\/span><\/p>\n<p><strong>MECANISMO DE ACCI\u00d3N DE LA QUEMADURA QU\u00cdMICA<\/strong><br \/>\n\u00bfQu\u00e9 hace diferente a la quemadura qu\u00edmica? \u00bfQu\u00e9 sustancias pueden provocar<br \/>\nuna quemadura qu\u00edmica?<br \/>\n\u00bfQu\u00e9 factores influyen en la gravedad de la quemadura qu\u00edmica?<\/p>\n<p><strong>SENSIBILIZACI\u00d3N Y PRIMEROS AUXILIOS<\/strong><br \/>\n\u00bfPor qu\u00e9 se dice que hay que lavar inmediata y abundantemente tras un<br \/>\ncontacto con producto qu\u00edmico?<br \/>\n\u00bfCu\u00e1l es la diferencia entre un lavado pasivo y un lavado activo?<\/p>\n<p><strong>LA EXPERIENCIA EN MEDICINA DEL TRABAJO<\/strong>\u00a0=&gt;<br \/>\n<em><strong>Dr. Juan Carlos Rueda Garrido<\/strong><\/em>\u00a0(Especialista en Medicina del trabajo<br \/>\n\u00bfQu\u00e9 hacer ante una quemadura qu\u00edmica? \u00bfCu\u00e1l es el protocolo de actuaci\u00f3n<br \/>\nante un contacto qu\u00edmico de un trabajador?<\/p>\n<p>[\/vc_column_text][\/vc_column][vc_column width=\u00bb1\/2&#8243; rt_wrp_col_paddings=\u00bbfalse\u00bb rt_border_top=\u00bb\u00bb rt_border_bottom=\u00bb\u00bb rt_border_left=\u00bb\u00bb rt_border_right=\u00bb\u00bb rt_border_top_mobile=\u00bb\u00bb rt_border_bottom_mobile=\u00bb\u00bb rt_border_left_mobile=\u00bb\u00bb rt_border_right_mobile=\u00bb\u00bb rt_bg_image_repeat=\u00bbrepeat\u00bb rt_bg_size=\u00bbauto auto\u00bb rt_bg_position=\u00bbright top\u00bb rt_bg_attachment=\u00bbscroll\u00bb][vc_column_text]<\/p>\n<p><span style=\"text-decoration: underline;\"><strong>Programa\u00a0Mi\u00e9rcoles 15 de\u00a0diciembre de 2021 desde las 16.00 hasta las 17:00 horas.<\/strong><\/span><\/p>\n<p><strong>MARCO NORMATIVO<\/strong><br \/>\nSeg\u00fan la reglamentaci\u00f3n de referencia, \u00bfqu\u00e9 es una ducha de seguridad?<br \/>\n\u00bfEs f\u00e1cil cumplir con las exigencias normativas?<\/p>\n<p><strong>DESCONTAMINACI\u00d3N QU\u00cdMICA<\/strong><br \/>\n\u00bfQu\u00e9es la Soluci\u00f3n Diphot\u00e8rine \u00ae? \u00bfCu\u00e1l es su funcionamiento? \u00bf Qu\u00e9 beneficios puede aportar?<\/p>\n<p><strong>MEJORANDO LAS MEDIDAS PREVENTIVAS =&gt;<\/strong><br \/>\n<em><strong>Dr. Javier L\u00f3pez\u00a0P\u00e9rez<\/strong><\/em>\u00a0(Servicio M\u00e9dico Bridgestone Hispania Manufacturing)<br \/>\n\u00bfPor qu\u00e9 escoger un lavado activo? \u00bfEs sencilla la implantaci\u00f3n? \u00bfQu\u00e9 ventajas aporta?<\/p>\n<p><strong>RONDA DE PREGUNTAS<\/strong><br \/>\n\u00bfDudas? Turno\u00a0de los asistentes para plantear sus preguntas.<\/p>\n<p>[\/vc_column_text][\/vc_column][\/vc_row][vc_row rt_row_background_width=\u00bbdefault\u00bb rt_row_style=\u00bbdefault-style\u00bb rt_row_borders=\u00bb\u00bb rt_row_paddings=\u00bbtrue\u00bb rt_bg_effect=\u00bbclassic\u00bb rt_bg_image_repeat=\u00bbrepeat\u00bb rt_bg_size=\u00bbcover\u00bb rt_bg_position=\u00bbright top\u00bb rt_bg_attachment=\u00bbscroll\u00bb rt_bg_video_format=\u00bbself-hosted\u00bb][vc_column rt_wrp_col_paddings=\u00bbfalse\u00bb rt_border_top=\u00bb\u00bb rt_border_bottom=\u00bb\u00bb rt_border_left=\u00bb\u00bb rt_border_right=\u00bb\u00bb rt_border_top_mobile=\u00bb\u00bb rt_border_bottom_mobile=\u00bb\u00bb rt_border_left_mobile=\u00bb\u00bb rt_border_right_mobile=\u00bb\u00bb rt_bg_image_repeat=\u00bbrepeat\u00bb rt_bg_size=\u00bbauto auto\u00bb rt_bg_position=\u00bbright top\u00bb rt_bg_attachment=\u00bbscroll\u00bb][vc_column_text]<\/p>\n<ul>\n<li>Puedes descargar el documento en\u00a0<strong>PDF<\/strong>\u00a0con la presentaci\u00f3n de dicha conferencia en el siguiente enlace:<\/li>\n<\/ul>\n<p style=\"text-align: center;\"><div class=\"button_wrapper  aligncenter\"><a  href=\"https:\/\/www.aeemt.org\/pruebaweb\/wp-content\/uploads\/2021\/12\/AEEMT_ProgramaDiciembre.pdf\" target=\"_blank\" title=\"Presentaci\u00f3n en PDF\" class=\"button_  default medium\"><strong>Presentaci\u00f3n en PDF<\/strong><\/a><\/div>\n<p>Este evento estar\u00e1 accesible el\u00a0<strong>Martes 14 y el Mi\u00e9rcoles 15 de Diciembre<\/strong><strong>\u00a0desde las 16.00 hasta las 17:00 horas.<\/strong><\/p>\n<ul>\n<li>Este\u00a0presentaci\u00f3n tendr\u00e1 lugar\u00a0bajo la herramienta\u00a0<strong>Zoom<\/strong>.<\/li>\n<li>Est\u00e1 herramienta se descargar\u00e1 autom\u00e1ticamente al acceder al enlace.<\/li>\n<\/ul>\n<p style=\"text-align: center;\"><div class=\"button_wrapper  aligncenter\"><a  href=\"https:\/\/us06web.zoom.us\/meeting\/register\/tZIode6hqj0jGNfHVWm_bEFbUooa7w4PO_4p\" target=\"_blank\" title=\"Inscripci\u00f3n\" class=\"button_  default medium\"><strong>Inscripci\u00f3n a la conferencia<\/strong><\/a><\/div>\n<ul>\n<li style=\"text-align: left;\">Plazas limitadas.\u00a0<strong>Tras la inscripci\u00f3n, recibir\u00e1 un correo electr\u00f3nico de confirmaci\u00f3n con informaci\u00f3n para unirse a la conferencia.<\/strong><\/li>\n<li>Para cualquier informaci\u00f3n, contacte con\u00a0<strong>Prevor<\/strong>\u00a0al 915 515 767 o en el mail\u00a0<a href=\"mailto:contacto@prevor.com\" target=\"_blank\" rel=\"noopener noreferrer\">contacto@prevor.com<\/a><\/li>\n<\/ul>\n<p>Esperamos que esta nueva actividad les resulte de inter\u00e9s.<\/p>\n<p>Gracias a todos.<\/p>\n<p>[\/vc_column_text][\/vc_column][\/vc_row][vc_row rt_row_background_width=\u00bbdefault\u00bb rt_row_style=\u00bbdefault-style\u00bb rt_row_borders=\u00bb\u00bb rt_row_paddings=\u00bbtrue\u00bb rt_bg_effect=\u00bbclassic\u00bb rt_bg_image_repeat=\u00bbrepeat\u00bb rt_bg_size=\u00bbcover\u00bb rt_bg_position=\u00bbright top\u00bb rt_bg_attachment=\u00bbscroll\u00bb rt_bg_video_format=\u00bbself-hosted\u00bb][vc_column rt_wrp_col_paddings=\u00bbfalse\u00bb rt_border_top=\u00bb\u00bb rt_border_bottom=\u00bb\u00bb rt_border_left=\u00bb\u00bb rt_border_right=\u00bb\u00bb rt_border_top_mobile=\u00bb\u00bb rt_border_bottom_mobile=\u00bb\u00bb rt_border_left_mobile=\u00bb\u00bb rt_border_right_mobile=\u00bb\u00bb rt_bg_image_repeat=\u00bbrepeat\u00bb rt_bg_size=\u00bbauto auto\u00bb rt_bg_position=\u00bbright top\u00bb rt_bg_attachment=\u00bbscroll\u00bb][vc_column_text]<\/p>\n<p><img loading=\"lazy\" decoding=\"async\" class=\"wp-image-59482 aligncenter\" src=\"https:\/\/www.aeemt.org\/pruebaweb\/wp-content\/uploads\/2021\/12\/AEEMT_ProgramaDiciembre.jpg\" alt=\"\" width=\"874\" height=\"655\" srcset=\"https:\/\/www.aeemt.org\/web\/wp-content\/uploads\/2021\/12\/AEEMT_ProgramaDiciembre.jpg 2000w, https:\/\/www.aeemt.org\/web\/wp-content\/uploads\/2021\/12\/AEEMT_ProgramaDiciembre-600x450.jpg 600w, https:\/\/www.aeemt.org\/web\/wp-content\/uploads\/2021\/12\/AEEMT_ProgramaDiciembre-300x225.jpg 300w, https:\/\/www.aeemt.org\/web\/wp-content\/uploads\/2021\/12\/AEEMT_ProgramaDiciembre-1024x768.jpg 1024w, https:\/\/www.aeemt.org\/web\/wp-content\/uploads\/2021\/12\/AEEMT_ProgramaDiciembre-768x576.jpg 768w, https:\/\/www.aeemt.org\/web\/wp-content\/uploads\/2021\/12\/AEEMT_ProgramaDiciembre-1536x1152.jpg 1536w\" sizes=\"(max-width: 874px) 100vw, 874px\" \/><\/p>\n<p>[\/vc_column_text][\/vc_column][\/vc_row][vc_row rt_row_background_width=\u00bbdefault\u00bb rt_row_style=\u00bbdefault-style\u00bb rt_row_borders=\u00bb\u00bb rt_row_paddings=\u00bbtrue\u00bb rt_bg_effect=\u00bbclassic\u00bb rt_bg_image_repeat=\u00bbrepeat\u00bb rt_bg_size=\u00bbcover\u00bb rt_bg_position=\u00bbright top\u00bb rt_bg_attachment=\u00bbscroll\u00bb rt_bg_video_format=\u00bbself-hosted\u00bb][vc_column width=\u00bb1\/3&#8243; rt_wrp_col_paddings=\u00bbfalse\u00bb rt_border_top=\u00bb\u00bb rt_border_bottom=\u00bb\u00bb rt_border_left=\u00bb\u00bb rt_border_right=\u00bb\u00bb rt_border_top_mobile=\u00bb\u00bb rt_border_bottom_mobile=\u00bb\u00bb rt_border_left_mobile=\u00bb\u00bb rt_border_right_mobile=\u00bb\u00bb rt_bg_image_repeat=\u00bbrepeat\u00bb rt_bg_size=\u00bbauto auto\u00bb rt_bg_position=\u00bbright top\u00bb rt_bg_attachment=\u00bbscroll\u00bb][vc_column_text]<\/p>\n<p style=\"text-align: center;\"><strong>Luis Reinoso-Barbero<\/strong><br \/>\n<em>Presidente AEEMT<\/em><\/p>\n<p>[\/vc_column_text][\/vc_column][vc_column width=\u00bb1\/3&#8243; rt_wrp_col_paddings=\u00bbfalse\u00bb rt_border_top=\u00bb\u00bb rt_border_bottom=\u00bb\u00bb rt_border_left=\u00bb\u00bb rt_border_right=\u00bb\u00bb rt_border_top_mobile=\u00bb\u00bb rt_border_bottom_mobile=\u00bb\u00bb rt_border_left_mobile=\u00bb\u00bb rt_border_right_mobile=\u00bb\u00bb rt_bg_image_repeat=\u00bbrepeat\u00bb rt_bg_size=\u00bbauto auto\u00bb rt_bg_position=\u00bbright top\u00bb rt_bg_attachment=\u00bbscroll\u00bb][vc_column_text]<\/p>\n<p style=\"text-align: center;\"><strong>Dra. Carmen Serrano<\/strong><br \/>\n<em>Vicepta. AEEMT<\/em><\/p>\n<p>[\/vc_column_text][\/vc_column][\/vc_row]<\/p>\n","protected":false},"excerpt":{"rendered":"<p>[vc_row rt_row_background_width=\u00bbdefault\u00bb rt_row_style=\u00bbdefault-style\u00bb rt_row_borders=\u00bb\u00bb rt_row_paddings=\u00bbtrue\u00bb rt_bg_effect=\u00bbclassic\u00bb rt_bg_image_repeat=\u00bbrepeat\u00bb rt_bg_size=\u00bbcover\u00bb rt_bg_position=\u00bbright top\u00bb rt_bg_attachment=\u00bbscroll\u00bb rt_bg_video_format=\u00bbself-hosted\u00bb][vc_column width=\u00bb1\/2&#8243; rt_wrp_col_paddings=\u00bbfalse\u00bb rt_border_top=\u00bb\u00bb rt_border_bottom=\u00bb\u00bb rt_border_left=\u00bb\u00bb rt_border_right=\u00bb\u00bb rt_border_top_mobile=\u00bb\u00bb rt_border_bottom_mobile=\u00bb\u00bb rt_border_left_mobile=\u00bb\u00bb rt_border_right_mobile=\u00bb\u00bb rt_bg_image_repeat=\u00bbrepeat\u00bb rt_bg_size=\u00bbauto auto\u00bb rt_bg_position=\u00bbright top\u00bb rt_bg_attachment=\u00bbscroll\u00bb][vc_column_text] Organiza [\/vc_column_text][\/vc_column][vc_column [&hellip;]<\/p>\n","protected":false},"author":1,"featured_media":0,"parent":0,"menu_order":0,"comment_status":"closed","ping_status":"closed","template":"","meta":{"footnotes":""},"class_list":["post-59480","page","type-page","status-publish","hentry"],"_links":{"self":[{"href":"https:\/\/www.aeemt.org\/web\/wp-json\/wp\/v2\/pages\/59480"}],"collection":[{"href":"https:\/\/www.aeemt.org\/web\/wp-json\/wp\/v2\/pages"}],"about":[{"href":"https:\/\/www.aeemt.org\/web\/wp-json\/wp\/v2\/types\/page"}],"author":[{"embeddable":true,"href":"https:\/\/www.aeemt.org\/web\/wp-json\/wp\/v2\/users\/1"}],"replies":[{"embeddable":true,"href":"https:\/\/www.aeemt.org\/web\/wp-json\/wp\/v2\/comments?post=59480"}],"version-history":[{"count":0,"href":"https:\/\/www.aeemt.org\/web\/wp-json\/wp\/v2\/pages\/59480\/revisions"}],"wp:attachment":[{"href":"https:\/\/www.aeemt.org\/web\/wp-json\/wp\/v2\/media?parent=59480"}],"curies":[{"name":"wp","href":"https:\/\/api.w.org\/{rel}","templated":true}]}}