{"id":3537,"date":"2017-05-23T22:50:48","date_gmt":"2017-05-23T22:50:48","guid":{"rendered":"http:\/\/www.aeemt.com\/web\/?page_id=3537"},"modified":"2017-05-23T22:50:48","modified_gmt":"2017-05-23T22:50:48","slug":"actividades","status":"publish","type":"page","link":"https:\/\/www.aeemt.org\/web\/actividades\/","title":{"rendered":"Actividades"},"content":{"rendered":"<p>En esta secci\u00f3n podr\u00e1n acceder a todas las actividades de \u00edndole acad\u00e9mico y profesional que desarrolla, promueve o con los que colabora, la Asociaci\u00f3n Espa\u00f1ola de Especialistas en medicina del Trabajo.<\/p>\n<p>En este apartado se encuentran tres l\u00edneas b\u00e1sicas de actuaci\u00f3n.<\/p>\n<ul>\n<li>Los grupos funcionales.<\/li>\n<li>Congresos, jornadas y reuniones, siendo de especial importancia en nuestro \u00e1mbito, el <strong>Congreso Espa\u00f1ol de Medicina y Enfermer\u00eda del Trabajo,\u00a0<\/strong>que alcanza en este a\u00f1o su d\u00e9cima edici\u00f3n ( <a href=\"http:\/\/www.xcemet.es\" target=\"_blank\" rel=\"noopener noreferrer\">CEMETX<\/a> ) y que organiza y promueve nuestra Asociaci\u00f3n.<\/li>\n<li>La Comisi\u00f3n Nacional de la Especialidad.<\/li>\n<\/ul>\n","protected":false},"excerpt":{"rendered":"<p>En esta secci\u00f3n podr\u00e1n acceder a todas las actividades de \u00edndole acad\u00e9mico y profesional que desarrolla, promueve o con los que colabora, la Asociaci\u00f3n Espa\u00f1ola de Especialistas en medicina del [&hellip;]<\/p>\n","protected":false},"author":1,"featured_media":0,"parent":0,"menu_order":0,"comment_status":"closed","ping_status":"closed","template":"","meta":{"footnotes":""},"class_list":["post-3537","page","type-page","status-publish","hentry"],"_links":{"self":[{"href":"https:\/\/www.aeemt.org\/web\/wp-json\/wp\/v2\/pages\/3537"}],"collection":[{"href":"https:\/\/www.aeemt.org\/web\/wp-json\/wp\/v2\/pages"}],"about":[{"href":"https:\/\/www.aeemt.org\/web\/wp-json\/wp\/v2\/types\/page"}],"author":[{"embeddable":true,"href":"https:\/\/www.aeemt.org\/web\/wp-json\/wp\/v2\/users\/1"}],"replies":[{"embeddable":true,"href":"https:\/\/www.aeemt.org\/web\/wp-json\/wp\/v2\/comments?post=3537"}],"version-history":[{"count":0,"href":"https:\/\/www.aeemt.org\/web\/wp-json\/wp\/v2\/pages\/3537\/revisions"}],"wp:attachment":[{"href":"https:\/\/www.aeemt.org\/web\/wp-json\/wp\/v2\/media?parent=3537"}],"curies":[{"name":"wp","href":"https:\/\/api.w.org\/{rel}","templated":true}]}}