{"id":3341,"date":"2017-05-19T10:09:39","date_gmt":"2017-05-19T10:09:39","guid":{"rendered":"http:\/\/www.aeemt.com\/web\/?page_id=3341"},"modified":"2017-05-19T10:09:39","modified_gmt":"2017-05-19T10:09:39","slug":"comunicados-del-presidente","status":"publish","type":"page","link":"https:\/\/www.aeemt.org\/web\/comunicados-del-presidente\/","title":{"rendered":"Comunicados del Presidente"},"content":{"rendered":"<p>[vc_row rt_row_background_width=\u00bbdefault\u00bb rt_row_style=\u00bbdefault-style\u00bb rt_row_borders=\u00bb\u00bb rt_row_paddings=\u00bbtrue\u00bb rt_bg_effect=\u00bbclassic\u00bb rt_bg_image_repeat=\u00bbrepeat\u00bb rt_bg_size=\u00bbcover\u00bb rt_bg_position=\u00bbright top\u00bb rt_bg_attachment=\u00bbscroll\u00bb rt_bg_video_format=\u00bbself-hosted\u00bb][vc_column rt_wrp_col_paddings=\u00bbfalse\u00bb rt_border_top=\u00bb\u00bb rt_border_bottom=\u00bb\u00bb rt_border_left=\u00bb\u00bb rt_border_right=\u00bb\u00bb rt_border_top_mobile=\u00bb\u00bb rt_border_bottom_mobile=\u00bb\u00bb rt_border_left_mobile=\u00bb\u00bb rt_border_right_mobile=\u00bb\u00bb rt_bg_image_repeat=\u00bbrepeat\u00bb rt_bg_size=\u00bbauto auto\u00bb rt_bg_position=\u00bbright top\u00bb rt_bg_attachment=\u00bbscroll\u00bb]\n<div id=\"blog-dynamicID-878695\" class=\"blog_list clearfix border_grid fixed_heights\" data-column-width=\"4\">\n<div class=\"row clearfix\">\n<div class=\"col col-sm-3\">\n \n\n<!-- blog box-->\n<article class=\"loop post-73652 post type-post status-publish format-standard has-post-thumbnail hentry category-comunicados-de-la-aeemt category-comunicados-para-asociados category-grupo-funcional-cancer-y-trabajo\" id=\"post-73652\">\n\t\t\n\t\n\t\n\t<figure class=\"featured_image featured_media\">\n\n\t\t\n\t\t\t\t<a id=\"lightbox-794674\" class=\"imgeffect zoom lightbox_ featured_image\" data-group=\"image_73654\" title=\"Enlarge Image\" data-title=\"Documento Cient\u00edfico AEEMT Neoplasias Hematol\u00f3gicas por exposici\u00f3n laboral a agentes qu\u00edmicos\" data-sub-html=\"#lightbox-794674-description\" data-thumbnail=\"https:\/\/www.aeemt.org\/web\/wp-content\/uploads\/2026\/03\/Banner-Documento-GF-Cancer-Neoplasias-Hematologicas-2025-75x50.png\" data-thumbTooltip=\"\" data-scaleUp=\"\" data-href=\"\" data-width=\"\" data-height=\"\" data-flashHasPriority=\"\" data-poster=\"\" data-autoplay=\"\" data-audiotitle=\"\" data-html=\"\" href=\"https:\/\/www.aeemt.org\/web\/wp-content\/uploads\/2026\/03\/Banner-Documento-GF-Cancer-Neoplasias-Hematologicas-2025.png\" ><img decoding=\"async\" src=\"https:\/\/www.aeemt.org\/web\/wp-content\/uploads\/2026\/03\/Banner-Documento-GF-Cancer-Neoplasias-Hematologicas-2025.png\" alt=\"\" class=\"\" \/><\/a>\r\n\t\t\t<div class=\"lighbox-description hidden\" id=\"lightbox-794674-description\">\r\n\t\t\t\t<strong>Documento Cient\u00edfico AEEMT Neoplasias Hematol\u00f3gicas por exposici\u00f3n laboral a agentes qu\u00edmicos<\/strong><br>\r\n\t\t\t\t\r\n\t\t\t<\/div>\t\t\t\t<span class=\"format-icon icon-pencil\"><\/span>\n\n\t\t\t\n\t<\/figure> \n\t\n\n\t<div class=\"date\"><a href=\"https:\/\/www.aeemt.org\/web\/2025\/12\/20\/documento-cientifico-aeemt-neoplasias-hematologicas-por-exposicion-laboral-a-agentes-quimicos\/\">20 de diciembre de 2025<\/a><\/div> \n\t<div class=\"text entry-content\">\n\n\t\t<!-- blog headline-->\n\t\t<h2 class=\"entry-title\"><a href=\"https:\/\/www.aeemt.org\/web\/2025\/12\/20\/documento-cientifico-aeemt-neoplasias-hematologicas-por-exposicion-laboral-a-agentes-quimicos\/\" rel=\"bookmark\">Documento Cient\u00edfico AEEMT Neoplasias Hematol\u00f3gicas por exposici\u00f3n laboral a agentes qu\u00edmicos<\/a><\/h2> \n\t\t\t\n\n\t\t<p>[vc_row rt_row_background_width=\u00bbdefault\u00bb rt_row_style=\u00bbdefault-style\u00bb rt_row_borders=\u00bb\u00bb rt_row_paddings=\u00bbtrue\u00bb rt_bg_effect=\u00bbclassic\u00bb rt_bg_image_repeat=\u00bbrepeat\u00bb rt_bg_size=\u00bbcover\u00bb rt_bg_position=\u00bbright top\u00bb rt_bg_attachment=\u00bbscroll\u00bb rt_bg_video_format=\u00bbself-hosted\u00bb][vc_column width=\u00bb1\/2&#8243; rt_wrp_col_paddings=\u00bbfalse\u00bb rt_border_top=\u00bb\u00bb rt_border_bottom=\u00bb\u00bb rt_border_left=\u00bb\u00bb rt_border_right=\u00bb\u00bb rt_border_top_mobile=\u00bb\u00bb rt_border_bottom_mobile=\u00bb\u00bb rt_border_left_mobile=\u00bb\u00bb rt_border_right_mobile=\u00bb\u00bb rt_bg_image_repeat=\u00bbrepeat\u00bb rt_bg_size=\u00bbauto auto\u00bb rt_bg_position=\u00bbright top\u00bb rt_bg_attachment=\u00bbscroll\u00bb][vc_column_text css=\u00bb\u00bb] Ponemos [&hellip;]<\/p>\n\n\t\t\t\t<!-- meta data -->\r\n\t\t<div class=\"post_data\">\r\n\r\n\t\t\t\r\n\t\t\t\t\t\t<!-- categories -->\r\n\t\t\t<span class=\"icon-flow-cascade categories\"><a href=\"https:\/\/www.aeemt.org\/web\/category\/comunicados-de-la-aeemt\/\" rel=\"category tag\">Comunicados de la AEEMT<\/a>, <a href=\"https:\/\/www.aeemt.org\/web\/category\/comunicados-para-asociados\/\" rel=\"category tag\">Comunicados para asociados<\/a>, <a href=\"https:\/\/www.aeemt.org\/web\/category\/grupo-funcional-cancer-y-trabajo\/\" rel=\"category tag\">Grupo Funcional. C\u00e1ncer y Trabajo<\/a><\/span>\r\n\t\t\t\r\n\t\t\t\r\n\t\t\t\r\n\t\t<\/div><!-- \/ end div  .post_data -->\r\n\t\n\t<\/div> \n\n<\/article> \n<!-- \/ blog box-->\n<\/div>\n<div class=\"col col-sm-3\">\n \n\n<!-- blog box-->\n<article class=\"loop post-73348 post type-post status-publish format-standard has-post-thumbnail hentry category-comunicados-de-la-aeemt category-grupo-funcional-cancer-y-trabajo category-noticias-de-medicina\" id=\"post-73348\">\n\t\t\n\t\n\t\n\t<figure class=\"featured_image featured_media\">\n\n\t\t\n\t\t\t\t<a id=\"lightbox-894854\" class=\"imgeffect zoom lightbox_ featured_image\" data-group=\"image_73350\" title=\"Enlarge Image\" data-title=\"C\u00e1ncer de Piel Ocupacional Una Visi\u00f3n Preventiva desde Salud Laboral\" data-sub-html=\"#lightbox-894854-description\" data-thumbnail=\"https:\/\/www.aeemt.org\/web\/wp-content\/uploads\/2025\/12\/Imagen-Destacada-Cancer-piel-Ocupacional-75x50.png\" data-thumbTooltip=\"\" data-scaleUp=\"\" data-href=\"\" data-width=\"\" data-height=\"\" data-flashHasPriority=\"\" data-poster=\"\" data-autoplay=\"\" data-audiotitle=\"\" data-html=\"\" href=\"https:\/\/www.aeemt.org\/web\/wp-content\/uploads\/2025\/12\/Imagen-Destacada-Cancer-piel-Ocupacional.png\" ><img decoding=\"async\" src=\"https:\/\/www.aeemt.org\/web\/wp-content\/uploads\/2025\/12\/Imagen-Destacada-Cancer-piel-Ocupacional.png\" alt=\"\" class=\"\" \/><\/a>\r\n\t\t\t<div class=\"lighbox-description hidden\" id=\"lightbox-894854-description\">\r\n\t\t\t\t<strong>C\u00e1ncer de Piel Ocupacional Una Visi\u00f3n Preventiva desde Salud Laboral<\/strong><br>\r\n\t\t\t\t\r\n\t\t\t<\/div>\t\t\t\t<span class=\"format-icon icon-pencil\"><\/span>\n\n\t\t\t\n\t<\/figure> \n\t\n\n\t<div class=\"date\"><a href=\"https:\/\/www.aeemt.org\/web\/2025\/12\/19\/cancer-de-piel-ocupacional-una-vision-preventiva-desde-salud-laboral\/\">19 de diciembre de 2025<\/a><\/div> \n\t<div class=\"text entry-content\">\n\n\t\t<!-- blog headline-->\n\t\t<h2 class=\"entry-title\"><a href=\"https:\/\/www.aeemt.org\/web\/2025\/12\/19\/cancer-de-piel-ocupacional-una-vision-preventiva-desde-salud-laboral\/\" rel=\"bookmark\">C\u00e1ncer de Piel Ocupacional Una Visi\u00f3n Preventiva desde Salud Laboral<\/a><\/h2> \n\t\t\t\n\n\t\t<p>[vc_row rt_row_background_width=\u00bbdefault\u00bb rt_row_style=\u00bbdefault-style\u00bb rt_row_borders=\u00bb\u00bb rt_row_paddings=\u00bbtrue\u00bb rt_bg_effect=\u00bbclassic\u00bb rt_bg_image_repeat=\u00bbrepeat\u00bb rt_bg_size=\u00bbcover\u00bb rt_bg_position=\u00bbright top\u00bb rt_bg_attachment=\u00bbscroll\u00bb rt_bg_video_format=\u00bbself-hosted\u00bb][vc_column width=\u00bb1\/2&#8243; rt_wrp_col_paddings=\u00bbfalse\u00bb rt_border_top=\u00bb\u00bb rt_border_bottom=\u00bb\u00bb rt_border_left=\u00bb\u00bb rt_border_right=\u00bb\u00bb rt_border_top_mobile=\u00bb\u00bb rt_border_bottom_mobile=\u00bb\u00bb rt_border_left_mobile=\u00bb\u00bb rt_border_right_mobile=\u00bb\u00bb rt_bg_image_repeat=\u00bbrepeat\u00bb rt_bg_size=\u00bbauto auto\u00bb rt_bg_position=\u00bbright top\u00bb rt_bg_attachment=\u00bbscroll\u00bb][vc_column_text css=\u00bb\u00bb] Introducci\u00f3n [&hellip;]<\/p>\n\n\t\t\t\t<!-- meta data -->\r\n\t\t<div class=\"post_data\">\r\n\r\n\t\t\t\r\n\t\t\t\t\t\t<!-- categories -->\r\n\t\t\t<span class=\"icon-flow-cascade categories\"><a href=\"https:\/\/www.aeemt.org\/web\/category\/comunicados-de-la-aeemt\/\" rel=\"category tag\">Comunicados de la AEEMT<\/a>, <a href=\"https:\/\/www.aeemt.org\/web\/category\/grupo-funcional-cancer-y-trabajo\/\" rel=\"category tag\">Grupo Funcional. C\u00e1ncer y Trabajo<\/a>, <a href=\"https:\/\/www.aeemt.org\/web\/category\/noticias-de-medicina\/\" rel=\"category tag\">Noticias de Medicina<\/a><\/span>\r\n\t\t\t\r\n\t\t\t\r\n\t\t\t\r\n\t\t<\/div><!-- \/ end div  .post_data -->\r\n\t\n\t<\/div> \n\n<\/article> \n<!-- \/ blog box-->\n<\/div>\n<div class=\"col col-sm-3\">\n \n\n<!-- blog box-->\n<article class=\"loop post-72445 post type-post status-publish format-standard has-post-thumbnail hentry category-comunicados-de-la-aeemt category-grupo-funcional-cancer-y-trabajo\" id=\"post-72445\">\n\t\t\n\t\n\t\n\t<figure class=\"featured_image featured_media\">\n\n\t\t\n\t\t\t\t<a id=\"lightbox-324840\" class=\"imgeffect zoom lightbox_ featured_image\" data-group=\"image_72458\" title=\"Enlarge Image\" data-title=\"Consenso SEOM-AEEMT sobre c\u00e1ncer de origen laboral\" data-sub-html=\"#lightbox-324840-description\" data-thumbnail=\"https:\/\/www.aeemt.org\/web\/wp-content\/uploads\/2025\/09\/Banner1-2-75x50.jpg\" data-thumbTooltip=\"\" data-scaleUp=\"\" data-href=\"\" data-width=\"\" data-height=\"\" data-flashHasPriority=\"\" data-poster=\"\" data-autoplay=\"\" data-audiotitle=\"\" data-html=\"\" href=\"https:\/\/www.aeemt.org\/web\/wp-content\/uploads\/2025\/09\/Banner1-2.jpg\" ><img decoding=\"async\" src=\"https:\/\/www.aeemt.org\/web\/wp-content\/uploads\/2025\/09\/Banner1-2-640x360.jpg\" alt=\"\" class=\"\" \/><\/a>\r\n\t\t\t<div class=\"lighbox-description hidden\" id=\"lightbox-324840-description\">\r\n\t\t\t\t<strong>Consenso SEOM-AEEMT sobre c\u00e1ncer de origen laboral<\/strong><br>\r\n\t\t\t\t\r\n\t\t\t<\/div>\t\t\t\t<span class=\"format-icon icon-pencil\"><\/span>\n\n\t\t\t\n\t<\/figure> \n\t\n\n\t<div class=\"date\"><a href=\"https:\/\/www.aeemt.org\/web\/2025\/09\/29\/consenso-seom-aeemt-sobre-cancer-de-origen-laboral\/\">29 de septiembre de 2025<\/a><\/div> \n\t<div class=\"text entry-content\">\n\n\t\t<!-- blog headline-->\n\t\t<h2 class=\"entry-title\"><a href=\"https:\/\/www.aeemt.org\/web\/2025\/09\/29\/consenso-seom-aeemt-sobre-cancer-de-origen-laboral\/\" rel=\"bookmark\">Consenso SEOM-AEEMT sobre c\u00e1ncer de origen laboral<\/a><\/h2> \n\t\t\t\n\n\t\t<p>Este contenido est\u00e1 restringido a los miembros del sitio. Si eres un usuario existente, por favor, accede. Los nuevos usuarios pueden registrarse a continuaci\u00f3n.Acceso de usuarios existentesNombre de usuario o [&hellip;]<\/p>\n\n\t\t\t\t<!-- meta data -->\r\n\t\t<div class=\"post_data\">\r\n\r\n\t\t\t\r\n\t\t\t\t\t\t<!-- categories -->\r\n\t\t\t<span class=\"icon-flow-cascade categories\"><a href=\"https:\/\/www.aeemt.org\/web\/category\/comunicados-de-la-aeemt\/\" rel=\"category tag\">Comunicados de la AEEMT<\/a>, <a href=\"https:\/\/www.aeemt.org\/web\/category\/grupo-funcional-cancer-y-trabajo\/\" rel=\"category tag\">Grupo Funcional. C\u00e1ncer y Trabajo<\/a><\/span>\r\n\t\t\t\r\n\t\t\t\r\n\t\t\t\r\n\t\t<\/div><!-- \/ end div  .post_data -->\r\n\t\n\t<\/div> \n\n<\/article> \n<!-- \/ blog box-->\n<\/div>\n<div class=\"col col-sm-3\">\n \n\n<!-- blog box-->\n<article class=\"loop post-67298 post type-post status-publish format-standard has-post-thumbnail hentry category-comunicados-para-asociados category-grupo-funcional-cancer-y-trabajo category-noticias-de-medicina\" id=\"post-67298\">\n\t\t\n\t\n\t\n\t<figure class=\"featured_image featured_media\">\n\n\t\t\n\t\t\t\t<a id=\"lightbox-259250\" class=\"imgeffect zoom lightbox_ featured_image\" data-group=\"image_67310\" title=\"Enlarge Image\" data-title=\"Reportaje. Declaraci\u00f3n de enfermedad profesional revista SEOM 141\" data-sub-html=\"#lightbox-259250-description\" data-thumbnail=\"https:\/\/www.aeemt.org\/web\/wp-content\/uploads\/2022\/10\/Documento-conjunto-seom-y-aeemt-cancer-y-trabajo-75x50.jpg\" data-thumbTooltip=\"\" data-scaleUp=\"\" data-href=\"\" data-width=\"\" data-height=\"\" data-flashHasPriority=\"\" data-poster=\"\" data-autoplay=\"\" data-audiotitle=\"\" data-html=\"\" href=\"https:\/\/www.aeemt.org\/web\/wp-content\/uploads\/2022\/10\/Documento-conjunto-seom-y-aeemt-cancer-y-trabajo.jpg\" ><img decoding=\"async\" src=\"https:\/\/www.aeemt.org\/web\/wp-content\/uploads\/2022\/10\/Documento-conjunto-seom-y-aeemt-cancer-y-trabajo.jpg\" alt=\"\" class=\"\" \/><\/a>\r\n\t\t\t<div class=\"lighbox-description hidden\" id=\"lightbox-259250-description\">\r\n\t\t\t\t<strong>Reportaje. Declaraci\u00f3n de enfermedad profesional revista SEOM 141<\/strong><br>\r\n\t\t\t\t\r\n\t\t\t<\/div>\t\t\t\t<span class=\"format-icon icon-pencil\"><\/span>\n\n\t\t\t\n\t<\/figure> \n\t\n\n\t<div class=\"date\"><a href=\"https:\/\/www.aeemt.org\/web\/2022\/10\/28\/reportaje-declaracion-de-enfermedad-profesional-revista-seom-141\/\">28 de octubre de 2022<\/a><\/div> \n\t<div class=\"text entry-content\">\n\n\t\t<!-- blog headline-->\n\t\t<h2 class=\"entry-title\"><a href=\"https:\/\/www.aeemt.org\/web\/2022\/10\/28\/reportaje-declaracion-de-enfermedad-profesional-revista-seom-141\/\" rel=\"bookmark\">Reportaje. Declaraci\u00f3n de enfermedad profesional revista SEOM 141<\/a><\/h2> \n\t\t\t\n\n\t\t<p>Os facilitamos\u00a0el enlace correspondientes al reportaje publicado en la revista SEOM, N.\u00ba 141, elaborado conjuntamente por los grupos de trabajo\u00a0C\u00e1ncer, Trabajo y Medioambiente,\u00a0perteneciente a la Sociedad Espa\u00f1ola de Oncolog\u00eda M\u00e9dica [&hellip;]<\/p>\n\n\t\t\t\t<!-- meta data -->\r\n\t\t<div class=\"post_data\">\r\n\r\n\t\t\t\r\n\t\t\t\t\t\t<!-- categories -->\r\n\t\t\t<span class=\"icon-flow-cascade categories\"><a href=\"https:\/\/www.aeemt.org\/web\/category\/comunicados-para-asociados\/\" rel=\"category tag\">Comunicados para asociados<\/a>, <a href=\"https:\/\/www.aeemt.org\/web\/category\/grupo-funcional-cancer-y-trabajo\/\" rel=\"category tag\">Grupo Funcional. C\u00e1ncer y Trabajo<\/a>, <a href=\"https:\/\/www.aeemt.org\/web\/category\/noticias-de-medicina\/\" rel=\"category tag\">Noticias de Medicina<\/a><\/span>\r\n\t\t\t\r\n\t\t\t\r\n\t\t\t\r\n\t\t<\/div><!-- \/ end div  .post_data -->\r\n\t\n\t<\/div> \n\n<\/article> \n<!-- \/ blog box-->\n<\/div>\n<\/div>\n<div class=\"row clearfix\">\n<div class=\"col col-sm-3\">\n \n\n<!-- blog box-->\n<article class=\"loop post-49257 post type-post status-publish format-standard has-post-thumbnail hentry category-comunicados-para-asociados category-grupo-funcional-cancer-y-trabajo category-noticias-de-medicina\" id=\"post-49257\">\n\t\t\n\t\n\t\n\t<figure class=\"featured_image featured_media\">\n\n\t\t\n\t\t\t\t<a id=\"lightbox-317905\" class=\"imgeffect zoom lightbox_ featured_image\" data-group=\"image_49258\" title=\"Enlarge Image\" data-title=\"DOCUMENTO C\u00c1NCER Y TRABAJO\" data-sub-html=\"#lightbox-317905-description\" data-thumbnail=\"https:\/\/www.aeemt.org\/web\/wp-content\/uploads\/2021\/09\/Portada-Documento-Cancer-y-Trabajo-75x50.jpg\" data-thumbTooltip=\"\" data-scaleUp=\"\" data-href=\"\" data-width=\"\" data-height=\"\" data-flashHasPriority=\"\" data-poster=\"\" data-autoplay=\"\" data-audiotitle=\"\" data-html=\"\" href=\"https:\/\/www.aeemt.org\/web\/wp-content\/uploads\/2021\/09\/Portada-Documento-Cancer-y-Trabajo.jpg\" ><img decoding=\"async\" src=\"https:\/\/www.aeemt.org\/web\/wp-content\/uploads\/2021\/09\/Portada-Documento-Cancer-y-Trabajo.jpg\" alt=\"\" class=\"\" \/><\/a>\r\n\t\t\t<div class=\"lighbox-description hidden\" id=\"lightbox-317905-description\">\r\n\t\t\t\t<strong>DOCUMENTO C\u00c1NCER Y TRABAJO<\/strong><br>\r\n\t\t\t\t\r\n\t\t\t<\/div>\t\t\t\t<span class=\"format-icon icon-pencil\"><\/span>\n\n\t\t\t\n\t<\/figure> \n\t\n\n\t<div class=\"date\"><a href=\"https:\/\/www.aeemt.org\/web\/2021\/09\/12\/documento-cancer-y-trabajo\/\">12 de septiembre de 2021<\/a><\/div> \n\t<div class=\"text entry-content\">\n\n\t\t<!-- blog headline-->\n\t\t<h2 class=\"entry-title\"><a href=\"https:\/\/www.aeemt.org\/web\/2021\/09\/12\/documento-cancer-y-trabajo\/\" rel=\"bookmark\">DOCUMENTO C\u00c1NCER Y TRABAJO<\/a><\/h2> \n\t\t\t\n\n\t\t<p>DOCUMENTO C\u00c1NCER Y TRABAJO Documento\u00a0elaborado por el grupo de trabajo\u00a0AEEMT(Asociaci\u00f3n Espa\u00f1ola de Especialistas en Medicina del Trabajo) Introducci\u00f3n En el momento actual el c\u00e1ncer es una de las principales causas [&hellip;]<\/p>\n\n\t\t\t\t<!-- meta data -->\r\n\t\t<div class=\"post_data\">\r\n\r\n\t\t\t\r\n\t\t\t\t\t\t<!-- categories -->\r\n\t\t\t<span class=\"icon-flow-cascade categories\"><a href=\"https:\/\/www.aeemt.org\/web\/category\/comunicados-para-asociados\/\" rel=\"category tag\">Comunicados para asociados<\/a>, <a href=\"https:\/\/www.aeemt.org\/web\/category\/grupo-funcional-cancer-y-trabajo\/\" rel=\"category tag\">Grupo Funcional. C\u00e1ncer y Trabajo<\/a>, <a href=\"https:\/\/www.aeemt.org\/web\/category\/noticias-de-medicina\/\" rel=\"category tag\">Noticias de Medicina<\/a><\/span>\r\n\t\t\t\r\n\t\t\t\r\n\t\t\t\r\n\t\t<\/div><!-- \/ end div  .post_data -->\r\n\t\n\t<\/div> \n\n<\/article> \n<!-- \/ blog box-->\n<\/div>\n<\/div>\n<\/div>\n<div class=\"paging_wrapper margin-t30 margin-b30\"><\/div>[\/vc_column][\/vc_row]<\/p>\n","protected":false},"excerpt":{"rendered":"<p>[vc_row rt_row_background_width=\u00bbdefault\u00bb rt_row_style=\u00bbdefault-style\u00bb rt_row_borders=\u00bb\u00bb rt_row_paddings=\u00bbtrue\u00bb rt_bg_effect=\u00bbclassic\u00bb rt_bg_image_repeat=\u00bbrepeat\u00bb rt_bg_size=\u00bbcover\u00bb rt_bg_position=\u00bbright top\u00bb rt_bg_attachment=\u00bbscroll\u00bb rt_bg_video_format=\u00bbself-hosted\u00bb][vc_column rt_wrp_col_paddings=\u00bbfalse\u00bb rt_border_top=\u00bb\u00bb rt_border_bottom=\u00bb\u00bb rt_border_left=\u00bb\u00bb rt_border_right=\u00bb\u00bb rt_border_top_mobile=\u00bb\u00bb rt_border_bottom_mobile=\u00bb\u00bb rt_border_left_mobile=\u00bb\u00bb rt_border_right_mobile=\u00bb\u00bb rt_bg_image_repeat=\u00bbrepeat\u00bb rt_bg_size=\u00bbauto auto\u00bb rt_bg_position=\u00bbright top\u00bb rt_bg_attachment=\u00bbscroll\u00bb][\/vc_column][\/vc_row]<\/p>\n","protected":false},"author":1,"featured_media":0,"parent":0,"menu_order":0,"comment_status":"closed","ping_status":"closed","template":"","meta":{"footnotes":""},"class_list":["post-3341","page","type-page","status-publish","hentry"],"_links":{"self":[{"href":"https:\/\/www.aeemt.org\/web\/wp-json\/wp\/v2\/pages\/3341"}],"collection":[{"href":"https:\/\/www.aeemt.org\/web\/wp-json\/wp\/v2\/pages"}],"about":[{"href":"https:\/\/www.aeemt.org\/web\/wp-json\/wp\/v2\/types\/page"}],"author":[{"embeddable":true,"href":"https:\/\/www.aeemt.org\/web\/wp-json\/wp\/v2\/users\/1"}],"replies":[{"embeddable":true,"href":"https:\/\/www.aeemt.org\/web\/wp-json\/wp\/v2\/comments?post=3341"}],"version-history":[{"count":0,"href":"https:\/\/www.aeemt.org\/web\/wp-json\/wp\/v2\/pages\/3341\/revisions"}],"wp:attachment":[{"href":"https:\/\/www.aeemt.org\/web\/wp-json\/wp\/v2\/media?parent=3341"}],"curies":[{"name":"wp","href":"https:\/\/api.w.org\/{rel}","templated":true}]}}