{"id":26162,"date":"2021-03-05T21:31:24","date_gmt":"2021-03-05T21:31:24","guid":{"rendered":"http:\/\/www.aeemt.com\/web\/?page_id=26162"},"modified":"2021-03-05T21:31:24","modified_gmt":"2021-03-05T21:31:24","slug":"conferencia-web-riesgo-quimico-en-la-empresa","status":"publish","type":"page","link":"https:\/\/www.aeemt.org\/web\/conferencia-web-riesgo-quimico-en-la-empresa\/","title":{"rendered":"Conferencia Web. Riesgo qu\u00edmico en la empresa. Informaci\u00f3n y registro."},"content":{"rendered":"<p>[vc_row rt_row_background_width=\u00bbdefault\u00bb rt_row_style=\u00bbdefault-style\u00bb rt_row_borders=\u00bb\u00bb rt_row_paddings=\u00bbtrue\u00bb rt_bg_effect=\u00bbclassic\u00bb rt_bg_image_repeat=\u00bbrepeat\u00bb rt_bg_size=\u00bbcover\u00bb rt_bg_position=\u00bbright top\u00bb rt_bg_attachment=\u00bbscroll\u00bb rt_bg_video_format=\u00bbself-hosted\u00bb][vc_column width=\u00bb1\/2&#8243; rt_wrp_col_paddings=\u00bbfalse\u00bb rt_border_top=\u00bb\u00bb rt_border_bottom=\u00bb\u00bb rt_border_left=\u00bb\u00bb rt_border_right=\u00bb\u00bb rt_border_top_mobile=\u00bb\u00bb rt_border_bottom_mobile=\u00bb\u00bb rt_border_left_mobile=\u00bb\u00bb rt_border_right_mobile=\u00bb\u00bb rt_bg_image_repeat=\u00bbrepeat\u00bb rt_bg_size=\u00bbauto auto\u00bb rt_bg_position=\u00bbright top\u00bb rt_bg_attachment=\u00bbscroll\u00bb][vc_column_text]<\/p>\n<h3 style=\"text-align: center;\">Organiza<\/h3>\n<h3 style=\"text-align: center;\"><a href=\"http:\/\/www.aeemt.com\/web\/\" target=\"_blank\" rel=\"noopener noreferrer\"><img loading=\"lazy\" decoding=\"async\" class=\"wp-image-3534 aligncenter\" src=\"http:\/\/www.aeemt.com\/web\/wp-content\/uploads\/2017\/05\/logoDibujado.png\" alt=\"\" width=\"133\" height=\"135\" srcset=\"https:\/\/www.aeemt.org\/web\/wp-content\/uploads\/2017\/05\/logoDibujado.png 402w, https:\/\/www.aeemt.org\/web\/wp-content\/uploads\/2017\/05\/logoDibujado-296x300.png 296w\" sizes=\"(max-width: 133px) 100vw, 133px\" \/><\/a><\/h3>\n<p>[\/vc_column_text][\/vc_column][vc_column width=\u00bb1\/2&#8243; rt_wrp_col_paddings=\u00bbfalse\u00bb rt_border_top=\u00bb\u00bb rt_border_bottom=\u00bb\u00bb rt_border_left=\u00bb\u00bb rt_border_right=\u00bb\u00bb rt_border_top_mobile=\u00bb\u00bb rt_border_bottom_mobile=\u00bb\u00bb rt_border_left_mobile=\u00bb\u00bb rt_border_right_mobile=\u00bb\u00bb rt_bg_image_repeat=\u00bbrepeat\u00bb rt_bg_size=\u00bbauto auto\u00bb rt_bg_position=\u00bbright top\u00bb rt_bg_attachment=\u00bbscroll\u00bb][vc_column_text][\/vc_column_text][vc_column_text]<\/p>\n<p style=\"text-align: center;\"><a href=\"https:\/\/www.prevor.com\/es\/\" target=\"_blank\" rel=\"noopener noreferrer\"><img loading=\"lazy\" decoding=\"async\" class=\"wp-image-26163 size-full aligncenter\" src=\"https:\/\/www.aeemt.org\/pruebaweb\/wp-content\/uploads\/2021\/03\/logoprevor.png\" alt=\"\" width=\"573\" height=\"88\" srcset=\"https:\/\/www.aeemt.org\/web\/wp-content\/uploads\/2021\/03\/logoprevor.png 573w, https:\/\/www.aeemt.org\/web\/wp-content\/uploads\/2021\/03\/logoprevor-300x46.png 300w\" sizes=\"(max-width: 573px) 100vw, 573px\" \/><\/a><\/p>\n<p>[\/vc_column_text][\/vc_column][\/vc_row][vc_row rt_row_background_width=\u00bbdefault\u00bb rt_row_style=\u00bbdefault-style\u00bb rt_row_borders=\u00bb\u00bb rt_row_paddings=\u00bbtrue\u00bb rt_bg_effect=\u00bbclassic\u00bb rt_bg_image_repeat=\u00bbrepeat\u00bb rt_bg_size=\u00bbcover\u00bb rt_bg_position=\u00bbright top\u00bb rt_bg_attachment=\u00bbscroll\u00bb rt_bg_video_format=\u00bbself-hosted\u00bb][vc_column width=\u00bb1\/2&#8243; rt_wrp_col_paddings=\u00bbfalse\u00bb rt_border_top=\u00bb\u00bb rt_border_bottom=\u00bb\u00bb rt_border_left=\u00bb\u00bb rt_border_right=\u00bb\u00bb rt_border_top_mobile=\u00bb\u00bb rt_border_bottom_mobile=\u00bb\u00bb rt_border_left_mobile=\u00bb\u00bb rt_border_right_mobile=\u00bb\u00bb rt_bg_image_repeat=\u00bbrepeat\u00bb rt_bg_size=\u00bbauto auto\u00bb rt_bg_position=\u00bbright top\u00bb rt_bg_attachment=\u00bbscroll\u00bb][vc_column_text]<strong>\u00a0Conferencia Web. Riesgo qu\u00edmico en la empresa<\/strong>\u00a0organizado por\u00a0Prevor y la AEEMT.<\/p>\n<p><strong>Jueves, 11 de\u00a0marzo de 2021 &#8211;\u00a016:00 a 18:00 horas<\/strong><\/p>\n<p><strong>Programa<\/strong><\/p>\n<p><strong>16:00 \u2013 16:30 MARCO NORMATIVO<\/strong><br \/>\n<em><strong>Lysiane Penvern<\/strong><\/em> \u2013 Directora \u2013 PREVOR Espa\u00f1a<br \/>\nSeg\u00fan la reglamentaci\u00f3n de referencia, \u00bfqu\u00e9 es una ducha de seguridad?<br \/>\n\u00bfEs f\u00e1cil cumplir con las exigencias normativas?<\/p>\n<p><strong>16:30 \u2013 17:20 ACCIDENTES QU\u00cdMICOS EN EL \u00c1MBITO LABORAL: ATENCI\u00d3N A LA V\u00cdCTIMA<\/strong><br \/>\n<em><strong>Jean-Luc Fortin<\/strong><\/em> \u2013 M\u00e9dico del trabajo, de urgencias, reanimador de grandes quemados y toxic\u00f3logo.<br \/>\n\u00bfQu\u00e9 supone el manejo de un paciente quemado por producto qu\u00edmico?<\/p>\n<p><em><strong>17:20 \u2013 17:40 SENSIBILIZACI\u00d3N Y PRIMEROS AUXILIOS<\/strong><\/em><br \/>\n<em><strong>Andr\u00e9s Ortega Fosch<\/strong><\/em> \u2013 T\u00e9cnico PRL y Medio Ambiente \u2013 PREVOR Espa\u00f1a<br \/>\nAnte una salpicadura con producto qu\u00edmico \u00bfCu\u00e1l es la diferencia entre un lavado pasivo y un lavado activo?<\/p>\n<p><strong>17:40 \u2013 18:00 DISCUSI\u00d3N \/ PREGUNTAS<\/strong><\/p>\n<p>&nbsp;<\/p>\n<p>Este evento estar\u00e1 accesible el\u00a0<strong>jueves\u00a011 de\u00a0marzo desde las 16.00 hasta las 18:00 horas.<\/strong><\/p>\n<ul>\n<li>Este\u00a0presentaci\u00f3n tendr\u00e1 lugar\u00a0bajo la herramienta\u00a0<strong>Zoom<\/strong>.<\/li>\n<li>Est\u00e1 herramienta se descargar\u00e1 autom\u00e1ticamente al acceder al enlace.<\/li>\n<\/ul>\n<p style=\"text-align: center;\"><div class=\"button_wrapper  aligncenter\"><a  href=\"https:\/\/zoom.us\/meeting\/register\/tJcrduigpj4vEtWFpgCj28FSkP22f8Mph54_\" target=\"_blank\" title=\"Inscripci\u00f3n\" class=\"button_  default medium\"><strong>Inscripci\u00f3n a la conferencia<\/strong><\/a><\/div>\n<ul>\n<li style=\"text-align: left;\">Plazas limitadas. <strong>Tras la inscripci\u00f3n, recibir\u00e1 un correo electr\u00f3nico de confirmaci\u00f3n con informaci\u00f3n para unirse a la conferencia.<\/strong><\/li>\n<li>Para cualquier informaci\u00f3n, contacte con\u00a0<strong>Prevor<\/strong> al 915 515 767 o en el mail <a href=\"mailto:contacto@prevor.com\" target=\"_blank\" rel=\"noopener noreferrer\">contacto@prevor.com<\/a><\/li>\n<\/ul>\n<p>Esperamos que esta nueva actividad les resulte de inter\u00e9s.<\/p>\n<p>Gracias a todos.[\/vc_column_text][\/vc_column][vc_column width=\u00bb1\/2&#8243; rt_wrp_col_paddings=\u00bbfalse\u00bb rt_border_top=\u00bb\u00bb rt_border_bottom=\u00bb\u00bb rt_border_left=\u00bb\u00bb rt_border_right=\u00bb\u00bb rt_border_top_mobile=\u00bb\u00bb rt_border_bottom_mobile=\u00bb\u00bb rt_border_left_mobile=\u00bb\u00bb rt_border_right_mobile=\u00bb\u00bb rt_bg_image_repeat=\u00bbrepeat\u00bb rt_bg_size=\u00bbauto auto\u00bb rt_bg_position=\u00bbright top\u00bb rt_bg_attachment=\u00bbscroll\u00bb][vc_column_text]<\/p>\n<h2><span style=\"font-size: 14pt;\"><strong>Inscripci\u00f3n al evento<\/strong><\/span><\/h2>\n<p>Este evento estar\u00e1 accesible el\u00a0<strong>jueves\u00a011 de\u00a0marzo desde las 16.00 hasta las 18:00 horas.<\/strong><\/p>\n<ul>\n<li>Este\u00a0presentaci\u00f3n tendr\u00e1 lugar\u00a0bajo la herramienta\u00a0<strong>Zoom<\/strong>.<\/li>\n<li>Est\u00e1 herramienta se descargar\u00e1 autom\u00e1ticamente al acceder al enlace.<\/li>\n<\/ul>\n<p style=\"text-align: center;\"><div class=\"button_wrapper  aligncenter\"><a  href=\"https:\/\/zoom.us\/meeting\/register\/tJcrduigpj4vEtWFpgCj28FSkP22f8Mph54_\" target=\"_blank\" title=\"Inscripci\u00f3n\" class=\"button_  default medium\"><strong>Inscripci\u00f3n a la conferencia<\/strong><\/a><\/div>\n<ul>\n<li style=\"text-align: left;\">Plazas limitadas.\u00a0<strong>Tras la inscripci\u00f3n, recibir\u00e1 un correo electr\u00f3nico de confirmaci\u00f3n con informaci\u00f3n para unirse a la conferencia.<\/strong><\/li>\n<li>Para cualquier informaci\u00f3n, contacte con\u00a0<strong>Prevor<\/strong>\u00a0al 915 515 767 o en el mail\u00a0<a href=\"mailto:contacto@prevor.com\" target=\"_blank\" rel=\"noopener noreferrer\">contacto@prevor.com<\/a><\/li>\n<\/ul>\n<p style=\"text-align: center;\"><img loading=\"lazy\" decoding=\"async\" class=\"alignnone wp-image-26197 size-full\" src=\"https:\/\/www.aeemt.org\/pruebaweb\/wp-content\/uploads\/2021\/03\/AEEMT_Programa-Conferencia-prevor-20210311.jpg\" alt=\"\" width=\"600\" height=\"800\" srcset=\"https:\/\/www.aeemt.org\/web\/wp-content\/uploads\/2021\/03\/AEEMT_Programa-Conferencia-prevor-20210311.jpg 600w, https:\/\/www.aeemt.org\/web\/wp-content\/uploads\/2021\/03\/AEEMT_Programa-Conferencia-prevor-20210311-225x300.jpg 225w\" sizes=\"(max-width: 600px) 100vw, 600px\" \/><\/p>\n<p>[\/vc_column_text][\/vc_column][\/vc_row][vc_row rt_row_background_width=\u00bbdefault\u00bb rt_row_style=\u00bbdefault-style\u00bb rt_row_borders=\u00bb\u00bb rt_row_paddings=\u00bbtrue\u00bb rt_bg_effect=\u00bbclassic\u00bb rt_bg_image_repeat=\u00bbrepeat\u00bb rt_bg_size=\u00bbcover\u00bb rt_bg_position=\u00bbright top\u00bb rt_bg_attachment=\u00bbscroll\u00bb rt_bg_video_format=\u00bbself-hosted\u00bb][vc_column width=\u00bb1\/3&#8243; rt_wrp_col_paddings=\u00bbfalse\u00bb rt_border_top=\u00bb\u00bb rt_border_bottom=\u00bb\u00bb rt_border_left=\u00bb\u00bb rt_border_right=\u00bb\u00bb rt_border_top_mobile=\u00bb\u00bb rt_border_bottom_mobile=\u00bb\u00bb rt_border_left_mobile=\u00bb\u00bb rt_border_right_mobile=\u00bb\u00bb rt_bg_image_repeat=\u00bbrepeat\u00bb rt_bg_size=\u00bbauto auto\u00bb rt_bg_position=\u00bbright top\u00bb rt_bg_attachment=\u00bbscroll\u00bb][vc_column_text]<\/p>\n<p style=\"text-align: center;\"><strong>Luis Reinoso-Barbero<\/strong><br \/>\n<em>Presidente AEEMT<\/em><\/p>\n<p>[\/vc_column_text][\/vc_column][vc_column width=\u00bb1\/3&#8243; rt_wrp_col_paddings=\u00bbfalse\u00bb rt_border_top=\u00bb\u00bb rt_border_bottom=\u00bb\u00bb rt_border_left=\u00bb\u00bb rt_border_right=\u00bb\u00bb rt_border_top_mobile=\u00bb\u00bb rt_border_bottom_mobile=\u00bb\u00bb rt_border_left_mobile=\u00bb\u00bb rt_border_right_mobile=\u00bb\u00bb rt_bg_image_repeat=\u00bbrepeat\u00bb rt_bg_size=\u00bbauto auto\u00bb rt_bg_position=\u00bbright top\u00bb rt_bg_attachment=\u00bbscroll\u00bb][vc_column_text]<\/p>\n<p style=\"text-align: center;\"><strong>Dra. Carmen Serrano<\/strong><br \/>\n<em>Vicepta. AEEMT<\/em><\/p>\n<p>[\/vc_column_text][\/vc_column][\/vc_row]<\/p>\n","protected":false},"excerpt":{"rendered":"<p>[vc_row rt_row_background_width=\u00bbdefault\u00bb rt_row_style=\u00bbdefault-style\u00bb rt_row_borders=\u00bb\u00bb rt_row_paddings=\u00bbtrue\u00bb rt_bg_effect=\u00bbclassic\u00bb rt_bg_image_repeat=\u00bbrepeat\u00bb rt_bg_size=\u00bbcover\u00bb rt_bg_position=\u00bbright top\u00bb rt_bg_attachment=\u00bbscroll\u00bb rt_bg_video_format=\u00bbself-hosted\u00bb][vc_column width=\u00bb1\/2&#8243; rt_wrp_col_paddings=\u00bbfalse\u00bb rt_border_top=\u00bb\u00bb rt_border_bottom=\u00bb\u00bb rt_border_left=\u00bb\u00bb rt_border_right=\u00bb\u00bb rt_border_top_mobile=\u00bb\u00bb rt_border_bottom_mobile=\u00bb\u00bb rt_border_left_mobile=\u00bb\u00bb rt_border_right_mobile=\u00bb\u00bb rt_bg_image_repeat=\u00bbrepeat\u00bb rt_bg_size=\u00bbauto auto\u00bb rt_bg_position=\u00bbright top\u00bb rt_bg_attachment=\u00bbscroll\u00bb][vc_column_text] Organiza [\/vc_column_text][\/vc_column][vc_column [&hellip;]<\/p>\n","protected":false},"author":1,"featured_media":0,"parent":0,"menu_order":0,"comment_status":"closed","ping_status":"closed","template":"","meta":{"footnotes":""},"class_list":["post-26162","page","type-page","status-publish","hentry"],"_links":{"self":[{"href":"https:\/\/www.aeemt.org\/web\/wp-json\/wp\/v2\/pages\/26162"}],"collection":[{"href":"https:\/\/www.aeemt.org\/web\/wp-json\/wp\/v2\/pages"}],"about":[{"href":"https:\/\/www.aeemt.org\/web\/wp-json\/wp\/v2\/types\/page"}],"author":[{"embeddable":true,"href":"https:\/\/www.aeemt.org\/web\/wp-json\/wp\/v2\/users\/1"}],"replies":[{"embeddable":true,"href":"https:\/\/www.aeemt.org\/web\/wp-json\/wp\/v2\/comments?post=26162"}],"version-history":[{"count":0,"href":"https:\/\/www.aeemt.org\/web\/wp-json\/wp\/v2\/pages\/26162\/revisions"}],"wp:attachment":[{"href":"https:\/\/www.aeemt.org\/web\/wp-json\/wp\/v2\/media?parent=26162"}],"curies":[{"name":"wp","href":"https:\/\/api.w.org\/{rel}","templated":true}]}}

Conferencia Web. Riesgo químico en la empresa. Información y registro.

<p>[vc_row rt_row_background_width=»default» rt_row_style=»default-style» rt_row_borders=»» rt_row_paddings=»true» rt_bg_effect=»classic» rt_bg_image_repeat=»repeat» rt_bg_size=»cover» rt_bg_position=»right top» rt_bg_attachment=»scroll» rt_bg_video_format=»self-hosted»][vc_column width=»1/2&#8243; rt_wrp_col_paddings=»false» rt_border_top=»» rt_border_bottom=»» rt_border_left=»» rt_border_right=»» rt_border_top_mobile=»» rt_border_bottom_mobile=»» rt_border_left_mobile=»» rt_border_right_mobile=»» rt_bg_image_repeat=»repeat» rt_bg_size=»auto auto» rt_bg_position=»right top» rt_bg_attachment=»scroll»][vc_column_text]</p>
<h3 style="text-align: center;">Organiza</h3>
<h3 style="text-align: center;"><a href="http://www.aeemt.com/web/" target="_blank" rel="noopener noreferrer"><img loading="lazy" decoding="async" class="wp-image-3534 aligncenter" src="http://www.aeemt.com/web/wp-content/uploads/2017/05/logoDibujado.png" alt="" width="133" height="135" srcset="https://www.aeemt.org/web/wp-content/uploads/2017/05/logoDibujado.png 402w, https://www.aeemt.org/web/wp-content/uploads/2017/05/logoDibujado-296x300.png 296w" sizes="(max-width: 133px) 100vw, 133px" /></a></h3>
<p>[/vc_column_text][/vc_column][vc_column width=»1/2&#8243; rt_wrp_col_paddings=»false» rt_border_top=»» rt_border_bottom=»» rt_border_left=»» rt_border_right=»» rt_border_top_mobile=»» rt_border_bottom_mobile=»» rt_border_left_mobile=»» rt_border_right_mobile=»» rt_bg_image_repeat=»repeat» rt_bg_size=»auto auto» rt_bg_position=»right top» rt_bg_attachment=»scroll»][vc_column_text][/vc_column_text][vc_column_text]</p>
<p style="text-align: center;"><a href="https://www.prevor.com/es/" target="_blank" rel="noopener noreferrer"><img loading="lazy" decoding="async" class="wp-image-26163 size-full aligncenter" src="https://www.aeemt.org/pruebaweb/wp-content/uploads/2021/03/logoprevor.png" alt="" width="573" height="88" srcset="https://www.aeemt.org/web/wp-content/uploads/2021/03/logoprevor.png 573w, https://www.aeemt.org/web/wp-content/uploads/2021/03/logoprevor-300x46.png 300w" sizes="(max-width: 573px) 100vw, 573px" /></a></p>
<p>[/vc_column_text][/vc_column][/vc_row][vc_row rt_row_background_width=»default» rt_row_style=»default-style» rt_row_borders=»» rt_row_paddings=»true» rt_bg_effect=»classic» rt_bg_image_repeat=»repeat» rt_bg_size=»cover» rt_bg_position=»right top» rt_bg_attachment=»scroll» rt_bg_video_format=»self-hosted»][vc_column width=»1/2&#8243; rt_wrp_col_paddings=»false» rt_border_top=»» rt_border_bottom=»» rt_border_left=»» rt_border_right=»» rt_border_top_mobile=»» rt_border_bottom_mobile=»» rt_border_left_mobile=»» rt_border_right_mobile=»» rt_bg_image_repeat=»repeat» rt_bg_size=»auto auto» rt_bg_position=»right top» rt_bg_attachment=»scroll»][vc_column_text]<strong> Conferencia Web. Riesgo químico en la empresa</strong> organizado por Prevor y la AEEMT.</p>
<p><strong>Jueves, 11 de marzo de 2021 &#8211; 16:00 a 18:00 horas</strong></p>
<p><strong>Programa</strong></p>
<p><strong>16:00 – 16:30 MARCO NORMATIVO</strong><br />
<em><strong>Lysiane Penvern</strong></em> – Directora – PREVOR España<br />
Según la reglamentación de referencia, ¿qué es una ducha de seguridad?<br />
¿Es fácil cumplir con las exigencias normativas?</p>
<p><strong>16:30 – 17:20 ACCIDENTES QUÍMICOS EN EL ÁMBITO LABORAL: ATENCIÓN A LA VÍCTIMA</strong><br />
<em><strong>Jean-Luc Fortin</strong></em> – Médico del trabajo, de urgencias, reanimador de grandes quemados y toxicólogo.<br />
¿Qué supone el manejo de un paciente quemado por producto químico?</p>
<p><em><strong>17:20 – 17:40 SENSIBILIZACIÓN Y PRIMEROS AUXILIOS</strong></em><br />
<em><strong>Andrés Ortega Fosch</strong></em> – Técnico PRL y Medio Ambiente – PREVOR España<br />
Ante una salpicadura con producto químico ¿Cuál es la diferencia entre un lavado pasivo y un lavado activo?</p>
<p><strong>17:40 – 18:00 DISCUSIÓN / PREGUNTAS</strong></p>
<p>&nbsp;</p>
<p>Este evento estará accesible el <strong>jueves 11 de marzo desde las 16.00 hasta las 18:00 horas.</strong></p>
<ul>
<li>Este presentación tendrá lugar bajo la herramienta <strong>Zoom</strong>.</li>
<li>Está herramienta se descargará automáticamente al acceder al enlace.</li>
</ul>
<p style="text-align: center;"><div class="button_wrapper  aligncenter"><a  href="https://zoom.us/meeting/register/tJcrduigpj4vEtWFpgCj28FSkP22f8Mph54_" target="_blank" title="Inscripción" class="button_  default medium"><strong>Inscripción a la conferencia</strong></a></div>
<ul>
<li style="text-align: left;">Plazas limitadas. <strong>Tras la inscripción, recibirá un correo electrónico de confirmación con información para unirse a la conferencia.</strong></li>
<li>Para cualquier información, contacte con <strong>Prevor</strong> al 915 515 767 o en el mail <a href="mailto:contacto@prevor.com" target="_blank" rel="noopener noreferrer">contacto@prevor.com</a></li>
</ul>
<p>Esperamos que esta nueva actividad les resulte de interés.</p>
<p>Gracias a todos.[/vc_column_text][/vc_column][vc_column width=»1/2&#8243; rt_wrp_col_paddings=»false» rt_border_top=»» rt_border_bottom=»» rt_border_left=»» rt_border_right=»» rt_border_top_mobile=»» rt_border_bottom_mobile=»» rt_border_left_mobile=»» rt_border_right_mobile=»» rt_bg_image_repeat=»repeat» rt_bg_size=»auto auto» rt_bg_position=»right top» rt_bg_attachment=»scroll»][vc_column_text]</p>
<h2><span style="font-size: 14pt;"><strong>Inscripción al evento</strong></span></h2>
<p>Este evento estará accesible el <strong>jueves 11 de marzo desde las 16.00 hasta las 18:00 horas.</strong></p>
<ul>
<li>Este presentación tendrá lugar bajo la herramienta <strong>Zoom</strong>.</li>
<li>Está herramienta se descargará automáticamente al acceder al enlace.</li>
</ul>
<p style="text-align: center;"><div class="button_wrapper  aligncenter"><a  href="https://zoom.us/meeting/register/tJcrduigpj4vEtWFpgCj28FSkP22f8Mph54_" target="_blank" title="Inscripción" class="button_  default medium"><strong>Inscripción a la conferencia</strong></a></div>
<ul>
<li style="text-align: left;">Plazas limitadas. <strong>Tras la inscripción, recibirá un correo electrónico de confirmación con información para unirse a la conferencia.</strong></li>
<li>Para cualquier información, contacte con <strong>Prevor</strong> al 915 515 767 o en el mail <a href="mailto:contacto@prevor.com" target="_blank" rel="noopener noreferrer">contacto@prevor.com</a></li>
</ul>
<p style="text-align: center;"><img loading="lazy" decoding="async" class="alignnone wp-image-26197 size-full" src="https://www.aeemt.org/pruebaweb/wp-content/uploads/2021/03/AEEMT_Programa-Conferencia-prevor-20210311.jpg" alt="" width="600" height="800" srcset="https://www.aeemt.org/web/wp-content/uploads/2021/03/AEEMT_Programa-Conferencia-prevor-20210311.jpg 600w, https://www.aeemt.org/web/wp-content/uploads/2021/03/AEEMT_Programa-Conferencia-prevor-20210311-225x300.jpg 225w" sizes="(max-width: 600px) 100vw, 600px" /></p>
<p>[/vc_column_text][/vc_column][/vc_row][vc_row rt_row_background_width=»default» rt_row_style=»default-style» rt_row_borders=»» rt_row_paddings=»true» rt_bg_effect=»classic» rt_bg_image_repeat=»repeat» rt_bg_size=»cover» rt_bg_position=»right top» rt_bg_attachment=»scroll» rt_bg_video_format=»self-hosted»][vc_column width=»1/3&#8243; rt_wrp_col_paddings=»false» rt_border_top=»» rt_border_bottom=»» rt_border_left=»» rt_border_right=»» rt_border_top_mobile=»» rt_border_bottom_mobile=»» rt_border_left_mobile=»» rt_border_right_mobile=»» rt_bg_image_repeat=»repeat» rt_bg_size=»auto auto» rt_bg_position=»right top» rt_bg_attachment=»scroll»][vc_column_text]</p>
<p style="text-align: center;"><strong>Luis Reinoso-Barbero</strong><br />
<em>Presidente AEEMT</em></p>
<p>[/vc_column_text][/vc_column][vc_column width=»1/3&#8243; rt_wrp_col_paddings=»false» rt_border_top=»» rt_border_bottom=»» rt_border_left=»» rt_border_right=»» rt_border_top_mobile=»» rt_border_bottom_mobile=»» rt_border_left_mobile=»» rt_border_right_mobile=»» rt_bg_image_repeat=»repeat» rt_bg_size=»auto auto» rt_bg_position=»right top» rt_bg_attachment=»scroll»][vc_column_text]</p>
<p style="text-align: center;"><strong>Dra. Carmen Serrano</strong><br />
<em>Vicepta. AEEMT</em></p>
<p>[/vc_column_text][/vc_column][/vc_row]</p>
